{"id":10035,"date":"2015-03-23T10:00:53","date_gmt":"2015-03-23T16:00:53","guid":{"rendered":"http:\/\/nofm-radio.com\/?p=10035"},"modified":"2015-03-23T10:00:53","modified_gmt":"2015-03-23T16:00:53","slug":"las-cintas-perdidas-de-can-irmin-schmidt-en-mexico","status":"publish","type":"archivo","link":"https:\/\/nofm-radio.com\/?archivo=las-cintas-perdidas-de-can-irmin-schmidt-en-mexico","title":{"rendered":"Las cintas perdidas de CAN: Irmin Schmidt en M\u00e9xico"},"content":{"rendered":"<p>Por Alan Prats (<a href=\"https:\/\/twitter.com\/al_prats\">@al_prats<\/a>)<br \/>\ny Efra\u00edn Navarro (<a href=\"https:\/\/twitter.com\/efrainnavarrog\">@efrainnavarrog<\/a>)<br \/>\n\u201cLas cintas perdidas de CAN no estaban perdidas, s\u00f3lo un poco olvidadas\u201d.<br \/>\n<strong>Irmin Schmidt<\/strong>, tecladista y co-fundador de la banda pionera del <strong>krautrock CAN<\/strong>, visit\u00f3 la <strong>Fonoteca Nacional<\/strong> para charlar sobre el \u00e1lbum compilatorio <em><strong>The Lost Tapes<\/strong><\/em> (2012).<br \/>\nEl set de tres discos al que estaba dedicado el evento fue resultado de una selecci\u00f3n realizada por Schmidt a partir de 50 horas de grabaci\u00f3n que CAN gener\u00f3 a trav\u00e9s de los a\u00f1os. Este material inclu\u00eda grabaciones de estudio y en vivo que nunca llegaron a los discos, cayendo en el olvido hasta hace unos a\u00f1os. Finalmente debido a la insistencia de <strong>Hildegard Schmidt<\/strong>, esposa de Irmin y manager de CAN, as\u00ed como del productor <strong>Daniel Miller<\/strong> \u2013qui\u00e9n cancel\u00f3 su asistencia al evento por motivos de salud\u2013 fue que el tecladista de la banda emprendi\u00f3 la ardua labor de escuchar, restaurar, digitalizar, seleccionar y editar el material.<br \/>\n<a class=\"no-eff img-link lightbox\" href=\"http:\/\/nofm-radio.com\/wp-content\/uploads\/2015\/03\/imagen-2.jpg\"><img loading=\"lazy\" decoding=\"async\" class=\"wp-image-10037 size-full aligncenter\" src=\"http:\/\/nofm-radio.com\/wp-content\/uploads\/2015\/03\/imagen-2.jpg\" alt=\"imagen 2\" width=\"764\" height=\"790\" \/><\/a><br \/>\nLas cintas formaban parte de una amplia colecci\u00f3n de grabaciones que la agrupaci\u00f3n fue acumulando con el paso de los a\u00f1os como parte de su proceso creativo. A diferencia de la mayor\u00eda de m\u00fasicos que piensan, estructuran, escriben y despu\u00e9s interpretan la m\u00fasica; CAN primero tocaba, grababa y finalmente compon\u00eda. Su m\u00fasica surg\u00eda a partir de largas sesiones de <strong>improvisaci\u00f3n<\/strong> con estructuras minimalistas, las cuales eran grabadas en todo momento. Asimismo realizaban constantes <strong>experimentos sonoros<\/strong> con sonidos de la calle y la vida cotidiana, eso que usualmente no se considera m\u00fasica. Una vez que ten\u00edan todo ese material comenzaban a trabajar en la estructura de su m\u00fasica, generando as\u00ed <strong>collages sonoros<\/strong> confeccionados en el estudio.<br \/>\nA lo largo de una charla que dur\u00f3 poco m\u00e1s de una hora, Schmidt habl\u00f3 del proceso creativo de la agrupaci\u00f3n y las diferentes influencias que la permearon. Entre algunos de los referentes que marcaron a los integrantes destacan compositores como <strong>Igor Stravinsky<\/strong>, <strong>Karlheinz Stockhausen<\/strong> y <strong>John Cage<\/strong>; pero tambi\u00e9n algunas figuras como <strong>Jimi Hendrix<\/strong>, los <strong>Velvet Underground<\/strong> y <strong>Frank Zappa<\/strong>. El tecladista mencion\u00f3 tambi\u00e9n algunas an\u00e9cdotas personales, como su relaci\u00f3n con <strong>Stockhausen<\/strong>, figura crucial en el desarrollo de la <strong>m\u00fasica electr\u00f3nica<\/strong> y maestro de dos de los miembros de CAN. En especial destac\u00f3 c\u00f3mo el m\u00fasico les permit\u00eda usar su estudio para hacer experimentos sonoros, adem\u00e1s de hacerse de la vista gorda cuando robaban las costosas cintas con los resultados.<br \/>\n<a class=\"no-eff img-link lightbox\" href=\"http:\/\/nofm-radio.com\/wp-content\/uploads\/2015\/03\/IMG_0993.jpg\"><img loading=\"lazy\" decoding=\"async\" class=\"size-full wp-image-10038 aligncenter\" src=\"http:\/\/nofm-radio.com\/wp-content\/uploads\/2015\/03\/IMG_0993.jpg\" alt=\"IMG_0993\" width=\"3264\" height=\"2448\" \/><\/a><br \/>\nDespu\u00e9s de la charla Irmin Schmidt, de 77 a\u00f1os de edad, nos deleit\u00f3 con un exquisito <strong>DJset<\/strong> a partir de la m\u00fasica que conforma <em>The Lost Tapes<\/em>, haciendo el papel de gu\u00eda a trav\u00e9s de las hipn\u00f3ticas cadencias que caracterizaron a la banda y los despliegues de virtuosismo de sus integrantes. El evento permiti\u00f3 asomarnos a <strong>CAN<\/strong> y su mundo a trav\u00e9s de la experiencia de Schmidt, y fue lo m\u00e1s cercano que el p\u00fablico mexicano ha estado de escuchar a CAN. Fue tambi\u00e9n un encuentro entre generaciones, pues j\u00f3venes y viejos nos reunimos en el mismo espacio para escuchar una m\u00fasica que nos ha marcado a todos, m\u00fasica grabada por un joven Schmidt y tra\u00edda a nosotros por el veterano del <strong>krautrock<\/strong>.<\/p>\n","protected":false},"template":"","meta":{"_id_youtube":"","_id_vimeo":"","_podcasts_duration":"","_podcasts_url":"","_podcasts_show":"","_prog_horario_dias":"","_prog_hora":"","_prog_duration":""},"class_list":["post-10035","archivo","type-archivo","status-publish","hentry"],"_links":{"self":[{"href":"https:\/\/nofm-radio.com\/index.php?rest_route=\/wp\/v2\/archivo\/10035","targetHints":{"allow":["GET"]}}],"collection":[{"href":"https:\/\/nofm-radio.com\/index.php?rest_route=\/wp\/v2\/archivo"}],"about":[{"href":"https:\/\/nofm-radio.com\/index.php?rest_route=\/wp\/v2\/types\/archivo"}],"wp:attachment":[{"href":"https:\/\/nofm-radio.com\/index.php?rest_route=%2Fwp%2Fv2%2Fmedia&parent=10035"}],"curies":[{"name":"wp","href":"https:\/\/api.w.org\/{rel}","templated":true}]}}

Las cintas perdidas de CAN: Irmin Schmidt en México

<p>Por Alan Prats (<a href="https://twitter.com/al_prats">@al_prats</a>)<br />
y Efraín Navarro (<a href="https://twitter.com/efrainnavarrog">@efrainnavarrog</a>)<br />
“Las cintas perdidas de CAN no estaban perdidas, sólo un poco olvidadas”.<br />
<strong>Irmin Schmidt</strong>, tecladista y co-fundador de la banda pionera del <strong>krautrock CAN</strong>, visitó la <strong>Fonoteca Nacional</strong> para charlar sobre el álbum compilatorio <em><strong>The Lost Tapes</strong></em> (2012).<br />
El set de tres discos al que estaba dedicado el evento fue resultado de una selección realizada por Schmidt a partir de 50 horas de grabación que CAN generó a través de los años. Este material incluía grabaciones de estudio y en vivo que nunca llegaron a los discos, cayendo en el olvido hasta hace unos años. Finalmente debido a la insistencia de <strong>Hildegard Schmidt</strong>, esposa de Irmin y manager de CAN, así como del productor <strong>Daniel Miller</strong> –quién canceló su asistencia al evento por motivos de salud– fue que el tecladista de la banda emprendió la ardua labor de escuchar, restaurar, digitalizar, seleccionar y editar el material.<br />
<a class="no-eff img-link lightbox" href="http://nofm-radio.com/wp-content/uploads/2015/03/imagen-2.jpg"><img loading="lazy" decoding="async" class="wp-image-10037 size-full aligncenter" src="http://nofm-radio.com/wp-content/uploads/2015/03/imagen-2.jpg" alt="imagen 2" width="764" height="790" /></a><br />
Las cintas formaban parte de una amplia colección de grabaciones que la agrupación fue acumulando con el paso de los años como parte de su proceso creativo. A diferencia de la mayoría de músicos que piensan, estructuran, escriben y después interpretan la música; CAN primero tocaba, grababa y finalmente componía. Su música surgía a partir de largas sesiones de <strong>improvisación</strong> con estructuras minimalistas, las cuales eran grabadas en todo momento. Asimismo realizaban constantes <strong>experimentos sonoros</strong> con sonidos de la calle y la vida cotidiana, eso que usualmente no se considera música. Una vez que tenían todo ese material comenzaban a trabajar en la estructura de su música, generando así <strong>collages sonoros</strong> confeccionados en el estudio.<br />
A lo largo de una charla que duró poco más de una hora, Schmidt habló del proceso creativo de la agrupación y las diferentes influencias que la permearon. Entre algunos de los referentes que marcaron a los integrantes destacan compositores como <strong>Igor Stravinsky</strong>, <strong>Karlheinz Stockhausen</strong> y <strong>John Cage</strong>; pero también algunas figuras como <strong>Jimi Hendrix</strong>, los <strong>Velvet Underground</strong> y <strong>Frank Zappa</strong>. El tecladista mencionó también algunas anécdotas personales, como su relación con <strong>Stockhausen</strong>, figura crucial en el desarrollo de la <strong>música electrónica</strong> y maestro de dos de los miembros de CAN. En especial destacó cómo el músico les permitía usar su estudio para hacer experimentos sonoros, además de hacerse de la vista gorda cuando robaban las costosas cintas con los resultados.<br />
<a class="no-eff img-link lightbox" href="http://nofm-radio.com/wp-content/uploads/2015/03/IMG_0993.jpg"><img loading="lazy" decoding="async" class="size-full wp-image-10038 aligncenter" src="http://nofm-radio.com/wp-content/uploads/2015/03/IMG_0993.jpg" alt="IMG_0993" width="3264" height="2448" /></a><br />
Después de la charla Irmin Schmidt, de 77 años de edad, nos deleitó con un exquisito <strong>DJset</strong> a partir de la música que conforma <em>The Lost Tapes</em>, haciendo el papel de guía a través de las hipnóticas cadencias que caracterizaron a la banda y los despliegues de virtuosismo de sus integrantes. El evento permitió asomarnos a <strong>CAN</strong> y su mundo a través de la experiencia de Schmidt, y fue lo más cercano que el público mexicano ha estado de escuchar a CAN. Fue también un encuentro entre generaciones, pues jóvenes y viejos nos reunimos en el mismo espacio para escuchar una música que nos ha marcado a todos, música grabada por un joven Schmidt y traída a nosotros por el veterano del <strong>krautrock</strong>.</p>
