{"id":10053,"date":"2015-03-23T15:14:11","date_gmt":"2015-03-23T21:14:11","guid":{"rendered":"http:\/\/nofm-radio.com\/?p=10053"},"modified":"2015-03-23T15:14:11","modified_gmt":"2015-03-23T21:14:11","slug":"casoclinico-presenta-marvin-gaye-sr","status":"publish","type":"archivo","link":"https:\/\/nofm-radio.com\/?archivo=casoclinico-presenta-marvin-gaye-sr","title":{"rendered":"#CasoCl\u00ednico presenta: Marvin Gaye Sr."},"content":{"rendered":"<p>Por Paulina Moreno<br \/>\n<a href=\"https:\/\/twitter.com\/wabisabe\">@wabisabe<\/a><br \/>\nPaciente masculino de 70 a\u00f1os que acude al servicio de psiquiatr\u00eda para ser diagnosticado ya que enfrenta actualmente un juicio por el asesinato de su hijo de 45 a\u00f1os.<br \/>\n<a class=\"no-eff img-link lightbox\" href=\"http:\/\/nofm-radio.com\/wp-content\/uploads\/2015\/03\/Marvin-Gaye.jpg\"><img loading=\"lazy\" decoding=\"async\" class=\"size-full wp-image-10054 aligncenter\" src=\"http:\/\/nofm-radio.com\/wp-content\/uploads\/2015\/03\/Marvin-Gaye.jpg\" alt=\"Marvin Gaye\" width=\"590\" height=\"350\" \/><\/a><br \/>\nEl paciente ha confesado ser culpable de la muerte, sin embargo se le realizar\u00e1 una bater\u00eda de pruebas psicol\u00f3gicas y psiqui\u00e1tricas para comprobar que se encuentre en plena conciencia de sus actos y pueda enfrentar el juicio, pues se le ha descubierto un tumor probablemente benigno alojado en el l\u00f3bulo temporal. Debido a lo anterior presento la historia cl\u00ednica del paciente que se pudo obtener mediante una serie de entrevistas realizadas entre los meses de mayo y agosto del a\u00f1o de 1984.<\/p>\n<p style=\"text-align: center;\"><strong>Historia Cl\u00ednica<\/strong><\/p>\n<p>El paciente es originario del estado de <strong>Kentucky<\/strong>, nace el 1 de octubre de 1914 en la granja familiar en la que vivi\u00f3 sus primeros a\u00f1os acompa\u00f1ado de sus padres y 14 hermanos. El abuelo y el padre del paciente fueron <strong>pastores evang\u00e9licos<\/strong>, el primero bautista y el segundo pentecostal. La religi\u00f3n formaba una parte esencial de la vida del paciente ya que su familia pertenec\u00eda a una peque\u00f1a secta conocida como la <strong>Casa de Dios<\/strong> que combinaba algunas pr\u00e1cticas de origen jud\u00edo como la <strong>Pascua<\/strong>, el culto en s\u00e1bado y la abstenci\u00f3n de alimentos animales como el cerdo y los mariscos. En esta secta los pastores no ten\u00edan una formaci\u00f3n espiritual especial tan s\u00f3lo bastaba una \u201cunci\u00f3n del esp\u00edritu\u201d.<br \/>\nLa educaci\u00f3n del paciente fue siempre muy estricta y cargada de violencia por parte del padre, el paciente desde muy joven fue testigo de abuso dom\u00e9stico y discusiones que terminaban en balazos. A la edad de 17 a\u00f1os comienza a trabajar en la iglesia evangelista recorriendo el pa\u00eds con otros pastores hasta finalmente establecerse en <strong>Washington<\/strong>. El paciente comenta que es ah\u00ed que conoce a su esposa A\u2014\u2014 que en ese momento se encontraba embarazada, este hijo ser\u00e1 entregado a su hermana para su cuidado y tres meses despu\u00e9s de dar a luz contraer\u00e1n matrimonio. El paciente comenta que esta historia le resulta vergonzosa y que en repetidas ocasiones la utiliz\u00f3 para humillar a su esposa.<br \/>\nSobre la educaci\u00f3n de sus 4 hijos el paciente recuerda que fue muy estricta, form\u00e1ndolos en los valores religiosos tradicionales aunque confiesa que recurri\u00f3 a la violencia f\u00edsica en repetidas ocasiones en especial con su hijo M\u2014\u2014 que sufr\u00eda de <strong>enuresis<\/strong> al igual que sus hermanos.<br \/>\n<a class=\"no-eff img-link lightbox\" href=\"http:\/\/nofm-radio.com\/wp-content\/uploads\/2015\/03\/parents.jpg\"><img loading=\"lazy\" decoding=\"async\" class=\"wp-image-10055 size-large aligncenter\" src=\"http:\/\/nofm-radio.com\/wp-content\/uploads\/2015\/03\/parents-960x540.jpg\" alt=\"parents\" width=\"960\" height=\"540\" \/><\/a><br \/>\nEn 1942 el paciente es nombrado secretario general de la peque\u00f1a congregaci\u00f3n que consist\u00eda b\u00e1sicamente en su familia. Su hijo M\u2014\u2014 comienza a cantar desde peque\u00f1o en los cultos donde seg\u00fan el paciente se hablaba en lenguas, se discut\u00edan profec\u00edas y se intentaba llegar a la <strong>sanidad divina<\/strong>. Sus otros hijos tambi\u00e9n participaban en la congregaci\u00f3n y todos deb\u00edan seguir reglas que el paciente marcaba, las mujeres no pod\u00edan maquillarse ni llevar medias, los varones no pod\u00edan practicar ning\u00fan deporte los s\u00e1bados, y el cine y la televisi\u00f3n estaban fuera de alcance para todos. El paciente comenta que guardar la ley era fundamental ya que la <strong>obediencia<\/strong> era una cualidad espiritual que \u00e9l consideraba muy importante por lo que a cada infracci\u00f3n de las normas o provocaci\u00f3n de desobediencia le correspond\u00eda una sanci\u00f3n y un castigo f\u00edsico que consist\u00eda en golpes con un cintur\u00f3n.<br \/>\nPara el a\u00f1o de 1947 el paciente decide formar la <strong>Iglesia del Dios Vivo,<\/strong> ya que en su antigua congregaci\u00f3n no se le permite actuar como el principal ap\u00f3stol, sin embargo esta nueva secta fracasa dos a\u00f1os despu\u00e9s y cuando el paciente regresa a la <strong>Casa de Dios<\/strong> se encuentra que el dirigente actual hab\u00eda dictado una nueva regla por la que ocupar\u00eda ese cargo de manera vitalicia. El paciente al ver frustrada su ambici\u00f3n, decide retirarse de la iglesia y comienza a trabajar de manera espor\u00e1dica pasando la mayor parte de su tiempo en el hogar. Es en este momento seg\u00fan lo describe el paciente que desarroll\u00f3 una adicci\u00f3n al alcohol y comienza a involucrarse en pr\u00e1cticas de <strong>trasvestismo<\/strong>. Los hijos del paciente comenzaron a ser blanco de burlas debido a que \u00e9l se vest\u00eda con la ropa de su esposa haciendo muy ambigua su sexualidad. Esta pr\u00e1ctica fetichista seg\u00fan el paciente no tend\u00eda hacia la homosexualidad y mantuvo relaciones sexuales fuera del matrimonio con compa\u00f1eras de la iglesia.<br \/>\nEl paciente comenta que siempre se sinti\u00f3 decepcionado de su hijo M\u2014\u2014 que hab\u00eda elegido seguir una carrera como cantante alej\u00e1ndose de la vida espiritual. Los temas de su m\u00fasica le parec\u00edan pecaminosos y siempre se sinti\u00f3 en desacuerdo con sus intereses en la vida.<br \/>\n<iframe loading=\"lazy\" src=\"https:\/\/www.youtube.com\/embed\/rjlSiASsUIs\" width=\"420\" height=\"315\" frameborder=\"0\" allowfullscreen=\"allowfullscreen\"><\/iframe><br \/>\nEl <strong>asesinato<\/strong> de su hijo seg\u00fan lo relata el paciente ocurri\u00f3 el 1 de abril de 1984, todo comenz\u00f3 al rededor de las 11:00 am cuando discut\u00eda con su esposa sobre una p\u00f3liza de seguro. Su hijo en ese entonces viv\u00eda en casa ya que intentaba sin mucho \u00e9xito rehabilitarse de su <strong>adicci\u00f3n a la coca\u00edna<\/strong> y adem\u00e1s acababa de divorciarse por segunda ocasi\u00f3n. La discusi\u00f3n con su esposa se torn\u00f3 violenta y el hijo trat\u00f3 de intervenir en favor de ella, despu\u00e9s el paciente fue hacia la habitaci\u00f3n de su hijo para confrontarlo. El altercado deriv\u00f3 en violencia f\u00edsica.<br \/>\nEl paciente comenta que se sinti\u00f3 profundamente insultado y hab\u00eda jurado que matar\u00eda a cualquier hijo que levantara su mano contra \u00e9l por lo que unos minutos despu\u00e9s regres\u00f3 a la habitaci\u00f3n de su hijo con una <strong>pistola calibre .38<\/strong> y le dispar\u00f3 en el coraz\u00f3n y en el hombro en una segunda ocasi\u00f3n.<br \/>\nEl hijo hab\u00eda consumido <strong>coca\u00edna<\/strong> y <strong>PCP<\/strong> seg\u00fan los informes de la autopsia y en un principio el paciente declar\u00f3 que hab\u00eda disparado en defensa propia ya que tem\u00eda por su vida. Despu\u00e9s de los disparos, el paciente se sent\u00f3 frente a su casa a esperar a ser arrestado. En la primera entrevista que realizaron agentes de la polic\u00eda el paciente fue cuestionado si amaba a su hijo y sencillamente contest\u00f3 que \u201cno le desagradaba\u201d.<br \/>\n<a class=\"no-eff img-link lightbox\" href=\"http:\/\/nofm-radio.com\/wp-content\/uploads\/2015\/03\/arresto.jpg\"><img loading=\"lazy\" decoding=\"async\" class=\"size-full wp-image-10056 aligncenter\" src=\"http:\/\/nofm-radio.com\/wp-content\/uploads\/2015\/03\/arresto.jpg\" alt=\"arresto\" width=\"590\" height=\"350\" \/><\/a><br \/>\n&nbsp;<\/p>\n<p style=\"text-align: center;\"><strong>Comentario<\/strong><\/p>\n<p>El tema de la sexualidad tiene un peso muy importante en la vida del paciente debido a su educaci\u00f3n profundamente religiosa que sistem\u00e1ticamente reprimi\u00f3 sus impulsos. La <strong>culpa<\/strong> y la noci\u00f3n del <strong>pecado<\/strong> se inscribieron en su historia de forma muy violenta haciendo que el paciente viviera sus inquietudes en el tema de sexualidad como profundamente amenazantes.<br \/>\nEl tema de la <strong>represi\u00f3n de la sexualidad<\/strong> como mecanismo de defensa apunta hacia pensar en la <strong>neurosis obsesiva<\/strong> como un diagn\u00f3stico posible. Para <strong>Freud<\/strong>, la represi\u00f3n es un proceso que apunta a mantener en el inconsciente representaciones ligadas a pulsiones que buscan la obtenci\u00f3n de placer pero que se encuentran en conflicto con otras instancias ps\u00edquicas como es el <strong>superyo<\/strong> donde residen todas las nociones culturales de la moral.<br \/>\nEl<strong> trasvestismo<\/strong> significa literalmente vestir opuesto y describe una acci\u00f3n donde el sujeto obtiene alguna satisfacci\u00f3n o se simboliza la identificaci\u00f3n con el sexo opuesto, poni\u00e9ndose la ropa que a este corresponde.<br \/>\nSeg\u00fan el <em>Diccionario de psicoan\u00e1lisis<\/em> de <strong>Laplanche<\/strong>, la neurosis obsesiva en su forma m\u00e1s t\u00edpica expresa el conflicto ps\u00edquico en s\u00edntomas llamados compulsivos, ideas obsesivas, compulsi\u00f3n a realizar actos indeseables, lucha contra estos pensamientos y tendencias, ceremoniales conjuratorios, etc., y por un tipo de pensamiento caracterizado especialmente por la rumiaci\u00f3n mental, la duda, los escr\u00fapulos y que conduce a inhibiciones del pensamiento y de la acci\u00f3n.<br \/>\nEn este sentido, el conflicto ps\u00edquico que representaba la sexualidad para el paciente se manifiesta en la estricta educaci\u00f3n religiosa de sus hijos y el rechazo a los propios impulsos sexuales que de alguna forma encontraban salida mediante la pr\u00e1ctica compulsiva del travestismo, la insistencia en acatar normas morales religiosas, su excesivo cuidado en rituales y ceremonias, etc. El odio que sent\u00eda hacia su hijo <strong>Marvin<\/strong>, podr\u00eda ser le\u00eddo como una defensa neur\u00f3tica a lo que \u00e9l representaba, una potencia sexual muy manifiesta que ten\u00eda que ser aniquilada aun trat\u00e1ndose de su propio hijo.<br \/>\nMi consejo para usted, querido lector es escuchar <strong>Let\u00b4s Get it On<\/strong> en este instante y dejar de luchar contra la moral que atenta profundamente en contra de su placer, este momento es suyo y tambi\u00e9n su deseo, apr\u00f3piese de \u00e9l.<br \/>\n<iframe loading=\"lazy\" width=\"560\" height=\"315\" src=\"https:\/\/www.youtube.com\/embed\/x6QZn9xiuOE\" frameborder=\"0\" allowfullscreen><\/iframe><\/p>\n","protected":false},"template":"","meta":{"_id_youtube":"","_id_vimeo":"","_podcasts_duration":"","_podcasts_url":"","_podcasts_show":"","_prog_horario_dias":"","_prog_hora":"","_prog_duration":""},"class_list":["post-10053","archivo","type-archivo","status-publish","hentry"],"_links":{"self":[{"href":"https:\/\/nofm-radio.com\/index.php?rest_route=\/wp\/v2\/archivo\/10053","targetHints":{"allow":["GET"]}}],"collection":[{"href":"https:\/\/nofm-radio.com\/index.php?rest_route=\/wp\/v2\/archivo"}],"about":[{"href":"https:\/\/nofm-radio.com\/index.php?rest_route=\/wp\/v2\/types\/archivo"}],"wp:attachment":[{"href":"https:\/\/nofm-radio.com\/index.php?rest_route=%2Fwp%2Fv2%2Fmedia&parent=10053"}],"curies":[{"name":"wp","href":"https:\/\/api.w.org\/{rel}","templated":true}]}}

#CasoClínico presenta: Marvin Gaye Sr.

<p>Por Paulina Moreno<br />
<a href="https://twitter.com/wabisabe">@wabisabe</a><br />
Paciente masculino de 70 años que acude al servicio de psiquiatría para ser diagnosticado ya que enfrenta actualmente un juicio por el asesinato de su hijo de 45 años.<br />
<a class="no-eff img-link lightbox" href="http://nofm-radio.com/wp-content/uploads/2015/03/Marvin-Gaye.jpg"><img loading="lazy" decoding="async" class="size-full wp-image-10054 aligncenter" src="http://nofm-radio.com/wp-content/uploads/2015/03/Marvin-Gaye.jpg" alt="Marvin Gaye" width="590" height="350" /></a><br />
El paciente ha confesado ser culpable de la muerte, sin embargo se le realizará una batería de pruebas psicológicas y psiquiátricas para comprobar que se encuentre en plena conciencia de sus actos y pueda enfrentar el juicio, pues se le ha descubierto un tumor probablemente benigno alojado en el lóbulo temporal. Debido a lo anterior presento la historia clínica del paciente que se pudo obtener mediante una serie de entrevistas realizadas entre los meses de mayo y agosto del año de 1984.</p>
<p style="text-align: center;"><strong>Historia Clínica</strong></p>
<p>El paciente es originario del estado de <strong>Kentucky</strong>, nace el 1 de octubre de 1914 en la granja familiar en la que vivió sus primeros años acompañado de sus padres y 14 hermanos. El abuelo y el padre del paciente fueron <strong>pastores evangélicos</strong>, el primero bautista y el segundo pentecostal. La religión formaba una parte esencial de la vida del paciente ya que su familia pertenecía a una pequeña secta conocida como la <strong>Casa de Dios</strong> que combinaba algunas prácticas de origen judío como la <strong>Pascua</strong>, el culto en sábado y la abstención de alimentos animales como el cerdo y los mariscos. En esta secta los pastores no tenían una formación espiritual especial tan sólo bastaba una “unción del espíritu”.<br />
La educación del paciente fue siempre muy estricta y cargada de violencia por parte del padre, el paciente desde muy joven fue testigo de abuso doméstico y discusiones que terminaban en balazos. A la edad de 17 años comienza a trabajar en la iglesia evangelista recorriendo el país con otros pastores hasta finalmente establecerse en <strong>Washington</strong>. El paciente comenta que es ahí que conoce a su esposa A—— que en ese momento se encontraba embarazada, este hijo será entregado a su hermana para su cuidado y tres meses después de dar a luz contraerán matrimonio. El paciente comenta que esta historia le resulta vergonzosa y que en repetidas ocasiones la utilizó para humillar a su esposa.<br />
Sobre la educación de sus 4 hijos el paciente recuerda que fue muy estricta, formándolos en los valores religiosos tradicionales aunque confiesa que recurrió a la violencia física en repetidas ocasiones en especial con su hijo M—— que sufría de <strong>enuresis</strong> al igual que sus hermanos.<br />
<a class="no-eff img-link lightbox" href="http://nofm-radio.com/wp-content/uploads/2015/03/parents.jpg"><img loading="lazy" decoding="async" class="wp-image-10055 size-large aligncenter" src="http://nofm-radio.com/wp-content/uploads/2015/03/parents-960x540.jpg" alt="parents" width="960" height="540" /></a><br />
En 1942 el paciente es nombrado secretario general de la pequeña congregación que consistía básicamente en su familia. Su hijo M—— comienza a cantar desde pequeño en los cultos donde según el paciente se hablaba en lenguas, se discutían profecías y se intentaba llegar a la <strong>sanidad divina</strong>. Sus otros hijos también participaban en la congregación y todos debían seguir reglas que el paciente marcaba, las mujeres no podían maquillarse ni llevar medias, los varones no podían practicar ningún deporte los sábados, y el cine y la televisión estaban fuera de alcance para todos. El paciente comenta que guardar la ley era fundamental ya que la <strong>obediencia</strong> era una cualidad espiritual que él consideraba muy importante por lo que a cada infracción de las normas o provocación de desobediencia le correspondía una sanción y un castigo físico que consistía en golpes con un cinturón.<br />
Para el año de 1947 el paciente decide formar la <strong>Iglesia del Dios Vivo,</strong> ya que en su antigua congregación no se le permite actuar como el principal apóstol, sin embargo esta nueva secta fracasa dos años después y cuando el paciente regresa a la <strong>Casa de Dios</strong> se encuentra que el dirigente actual había dictado una nueva regla por la que ocuparía ese cargo de manera vitalicia. El paciente al ver frustrada su ambición, decide retirarse de la iglesia y comienza a trabajar de manera esporádica pasando la mayor parte de su tiempo en el hogar. Es en este momento según lo describe el paciente que desarrolló una adicción al alcohol y comienza a involucrarse en prácticas de <strong>trasvestismo</strong>. Los hijos del paciente comenzaron a ser blanco de burlas debido a que él se vestía con la ropa de su esposa haciendo muy ambigua su sexualidad. Esta práctica fetichista según el paciente no tendía hacia la homosexualidad y mantuvo relaciones sexuales fuera del matrimonio con compañeras de la iglesia.<br />
El paciente comenta que siempre se sintió decepcionado de su hijo M—— que había elegido seguir una carrera como cantante alejándose de la vida espiritual. Los temas de su música le parecían pecaminosos y siempre se sintió en desacuerdo con sus intereses en la vida.<br />
<iframe loading="lazy" src="https://www.youtube.com/embed/rjlSiASsUIs" width="420" height="315" frameborder="0" allowfullscreen="allowfullscreen"></iframe><br />
El <strong>asesinato</strong> de su hijo según lo relata el paciente ocurrió el 1 de abril de 1984, todo comenzó al rededor de las 11:00 am cuando discutía con su esposa sobre una póliza de seguro. Su hijo en ese entonces vivía en casa ya que intentaba sin mucho éxito rehabilitarse de su <strong>adicción a la cocaína</strong> y además acababa de divorciarse por segunda ocasión. La discusión con su esposa se tornó violenta y el hijo trató de intervenir en favor de ella, después el paciente fue hacia la habitación de su hijo para confrontarlo. El altercado derivó en violencia física.<br />
El paciente comenta que se sintió profundamente insultado y había jurado que mataría a cualquier hijo que levantara su mano contra él por lo que unos minutos después regresó a la habitación de su hijo con una <strong>pistola calibre .38</strong> y le disparó en el corazón y en el hombro en una segunda ocasión.<br />
El hijo había consumido <strong>cocaína</strong> y <strong>PCP</strong> según los informes de la autopsia y en un principio el paciente declaró que había disparado en defensa propia ya que temía por su vida. Después de los disparos, el paciente se sentó frente a su casa a esperar a ser arrestado. En la primera entrevista que realizaron agentes de la policía el paciente fue cuestionado si amaba a su hijo y sencillamente contestó que “no le desagradaba”.<br />
<a class="no-eff img-link lightbox" href="http://nofm-radio.com/wp-content/uploads/2015/03/arresto.jpg"><img loading="lazy" decoding="async" class="size-full wp-image-10056 aligncenter" src="http://nofm-radio.com/wp-content/uploads/2015/03/arresto.jpg" alt="arresto" width="590" height="350" /></a><br />
&nbsp;</p>
<p style="text-align: center;"><strong>Comentario</strong></p>
<p>El tema de la sexualidad tiene un peso muy importante en la vida del paciente debido a su educación profundamente religiosa que sistemáticamente reprimió sus impulsos. La <strong>culpa</strong> y la noción del <strong>pecado</strong> se inscribieron en su historia de forma muy violenta haciendo que el paciente viviera sus inquietudes en el tema de sexualidad como profundamente amenazantes.<br />
El tema de la <strong>represión de la sexualidad</strong> como mecanismo de defensa apunta hacia pensar en la <strong>neurosis obsesiva</strong> como un diagnóstico posible. Para <strong>Freud</strong>, la represión es un proceso que apunta a mantener en el inconsciente representaciones ligadas a pulsiones que buscan la obtención de placer pero que se encuentran en conflicto con otras instancias psíquicas como es el <strong>superyo</strong> donde residen todas las nociones culturales de la moral.<br />
El<strong> trasvestismo</strong> significa literalmente vestir opuesto y describe una acción donde el sujeto obtiene alguna satisfacción o se simboliza la identificación con el sexo opuesto, poniéndose la ropa que a este corresponde.<br />
Según el <em>Diccionario de psicoanálisis</em> de <strong>Laplanche</strong>, la neurosis obsesiva en su forma más típica expresa el conflicto psíquico en síntomas llamados compulsivos, ideas obsesivas, compulsión a realizar actos indeseables, lucha contra estos pensamientos y tendencias, ceremoniales conjuratorios, etc., y por un tipo de pensamiento caracterizado especialmente por la rumiación mental, la duda, los escrúpulos y que conduce a inhibiciones del pensamiento y de la acción.<br />
En este sentido, el conflicto psíquico que representaba la sexualidad para el paciente se manifiesta en la estricta educación religiosa de sus hijos y el rechazo a los propios impulsos sexuales que de alguna forma encontraban salida mediante la práctica compulsiva del travestismo, la insistencia en acatar normas morales religiosas, su excesivo cuidado en rituales y ceremonias, etc. El odio que sentía hacia su hijo <strong>Marvin</strong>, podría ser leído como una defensa neurótica a lo que él representaba, una potencia sexual muy manifiesta que tenía que ser aniquilada aun tratándose de su propio hijo.<br />
Mi consejo para usted, querido lector es escuchar <strong>Let´s Get it On</strong> en este instante y dejar de luchar contra la moral que atenta profundamente en contra de su placer, este momento es suyo y también su deseo, aprópiese de él.<br />
<iframe loading="lazy" width="560" height="315" src="https://www.youtube.com/embed/x6QZn9xiuOE" frameborder="0" allowfullscreen></iframe></p>
