{"id":10315,"date":"2015-04-07T10:00:34","date_gmt":"2015-04-07T15:00:34","guid":{"rendered":"http:\/\/nofm-radio.com\/?p=10315"},"modified":"2015-04-07T10:00:34","modified_gmt":"2015-04-07T15:00:34","slug":"nuestras-recomendaciones-para-el-festivalcentrohistorico","status":"publish","type":"archivo","link":"https:\/\/nofm-radio.com\/?archivo=nuestras-recomendaciones-para-el-festivalcentrohistorico","title":{"rendered":"Nuestras recomendaciones para el #FestivalCentroHist\u00f3rico"},"content":{"rendered":"<p>Tal vez esa frase de que no hay mejor momento en la Ciudad de M\u00e9xico que la semana santa. La antes vac\u00eda metr\u00f3poli ofrec\u00eda un panorama agradable para los visitantes o los pocos locales que se quedaban. Sin embargo, entre la sobre poblaci\u00f3n y la crisis econ\u00f3mica, la gente durante las vacaciones es cada vez m\u00e1s. Afortunadamente, tambi\u00e9n las actividades proliferan.<br \/>\nEl pasado 25 de marzo arranc\u00f3 el <strong>Festival del Centro Hist\u00f3rico<\/strong>, y tendr\u00e1 casi un mes m\u00fasica, teatro, exposiciones y de esas actividades chidas que nadie puede clasificar muy bien. Aqu\u00ed les pasamos algunas de nuestras recomendaciones:<br \/>\n* <strong>DAKHABRAKHA<\/strong><br \/>\nM\u00fasica eslava genuina, no lo que dice la banda chaira que es la m\u00fasica eslava. Un cuarteto que combina el teatro con la m\u00fasica tradicional ucraniana y baile. Se presentan en el <strong>Palacio de la Escuela de Medicina<\/strong> el mi\u00e9rcoles 7 de abril a las 8 pm.<br \/>\n* <strong>CABARET BRISE-JOUR<\/strong><br \/>\nEspect\u00e1culo basado en la m\u00fasica del compositor jud\u00edo-alem\u00e1n <strong>Kurt Weill<\/strong>, cuenta parte de su vida y su exilio  pasando de Berl\u00edn a Par\u00eds a Brodway al ritmo de su repertorio. Adem\u00e1s el show es acompa\u00f1ado de cuadros vivientes surrealistas. Se presenta en el <strong>Teatro de la Ciudad<\/strong> el mi\u00e9rcoles 8 de abril a las 8:30 pm.<br \/>\n* <strong>LA NOCHE DE HELVER<\/strong><br \/>\nObra de teatro muy densa sobre el exilio, la guerra y la miseria humana. Una pareja intenta refugiarse en una ciudad europea cualquiera, mientras los desastres de la <strong>Primera Guerra Mundia<\/strong>l siguen causando estragos. Se presenta el s\u00e1bado 11 de abril a las 7 pm en el <strong>Laboratorio Arte Alameda<\/strong><br \/>\n* <strong>TOMOKO MUKAIYAMA<\/strong><br \/>\nLa prestigiada pianista combina la m\u00fasica con las artes visuales y el performance, esta vez estar\u00e1 acompa\u00f1ada del Cuarteto de cuerdas Jos\u00e9 White. Se presentan el s\u00e1bado 11 de abril al mediod\u00eda en el <strong>Anfiteatro Sim\u00f3n Bol\u00edvar<\/strong>.<br \/>\nPueden consultar el programa completo del festival <a href=\"http:\/\/festival.org.mx\/site\/\">aqu\u00ed<\/a>.<\/p>\n","protected":false},"template":"","meta":{"_id_youtube":"","_id_vimeo":"","_podcasts_duration":"","_podcasts_url":"","_podcasts_show":"","_prog_horario_dias":"","_prog_hora":"","_prog_duration":""},"class_list":["post-10315","archivo","type-archivo","status-publish","hentry"],"_links":{"self":[{"href":"https:\/\/nofm-radio.com\/index.php?rest_route=\/wp\/v2\/archivo\/10315","targetHints":{"allow":["GET"]}}],"collection":[{"href":"https:\/\/nofm-radio.com\/index.php?rest_route=\/wp\/v2\/archivo"}],"about":[{"href":"https:\/\/nofm-radio.com\/index.php?rest_route=\/wp\/v2\/types\/archivo"}],"wp:attachment":[{"href":"https:\/\/nofm-radio.com\/index.php?rest_route=%2Fwp%2Fv2%2Fmedia&parent=10315"}],"curies":[{"name":"wp","href":"https:\/\/api.w.org\/{rel}","templated":true}]}}

Nuestras recomendaciones para el #FestivalCentroHistórico

<p>Tal vez esa frase de que no hay mejor momento en la Ciudad de México que la semana santa. La antes vacía metrópoli ofrecía un panorama agradable para los visitantes o los pocos locales que se quedaban. Sin embargo, entre la sobre población y la crisis económica, la gente durante las vacaciones es cada vez más. Afortunadamente, también las actividades proliferan.<br />
El pasado 25 de marzo arrancó el <strong>Festival del Centro Histórico</strong>, y tendrá casi un mes música, teatro, exposiciones y de esas actividades chidas que nadie puede clasificar muy bien. Aquí les pasamos algunas de nuestras recomendaciones:<br />
* <strong>DAKHABRAKHA</strong><br />
Música eslava genuina, no lo que dice la banda chaira que es la música eslava. Un cuarteto que combina el teatro con la música tradicional ucraniana y baile. Se presentan en el <strong>Palacio de la Escuela de Medicina</strong> el miércoles 7 de abril a las 8 pm.<br />
* <strong>CABARET BRISE-JOUR</strong><br />
Espectáculo basado en la música del compositor judío-alemán <strong>Kurt Weill</strong>, cuenta parte de su vida y su exilio  pasando de Berlín a París a Brodway al ritmo de su repertorio. Además el show es acompañado de cuadros vivientes surrealistas. Se presenta en el <strong>Teatro de la Ciudad</strong> el miércoles 8 de abril a las 8:30 pm.<br />
* <strong>LA NOCHE DE HELVER</strong><br />
Obra de teatro muy densa sobre el exilio, la guerra y la miseria humana. Una pareja intenta refugiarse en una ciudad europea cualquiera, mientras los desastres de la <strong>Primera Guerra Mundia</strong>l siguen causando estragos. Se presenta el sábado 11 de abril a las 7 pm en el <strong>Laboratorio Arte Alameda</strong><br />
* <strong>TOMOKO MUKAIYAMA</strong><br />
La prestigiada pianista combina la música con las artes visuales y el performance, esta vez estará acompañada del Cuarteto de cuerdas José White. Se presentan el sábado 11 de abril al mediodía en el <strong>Anfiteatro Simón Bolívar</strong>.<br />
Pueden consultar el programa completo del festival <a href="http://festival.org.mx/site/">aquí</a>.</p>
