{"id":10707,"date":"2015-04-28T11:00:16","date_gmt":"2015-04-28T16:00:16","guid":{"rendered":"http:\/\/nofm-radio.com\/?p=10707"},"modified":"2015-04-28T11:00:16","modified_gmt":"2015-04-28T16:00:16","slug":"novotarovotar-entre-la-duda-y-la-resignacion","status":"publish","type":"archivo","link":"https:\/\/nofm-radio.com\/?archivo=novotarovotar-entre-la-duda-y-la-resignacion","title":{"rendered":"#NoVotarOVotar: Entre la duda y la resignaci\u00f3n"},"content":{"rendered":"<p><em>El 7 de junio se acerca peligrosamente. Para algunos es la fecha en que el sistema pol\u00edtico recibir\u00e1 nuestra merecida indiferencia, para otros es de nuevo la oportunidad de ejercer un derecho que no podemos darnos el lujo de perder. No Votar o Votar, cada ciudadano tiene una postura, o debiera tenerla. Frente a la gesta electoral y todos sus vicios, NoFM mantiene una postura cr\u00edtica y asume su responsabilidad como medio de comunicaci\u00f3n para mostrar parte del sentir de la sociedad que se cuestiona el funcionamiento de nuestro sistema partidista. Por ello, del 20 de abril al 5 de junio, publicaremos una columna diaria con la postura de distintos ciudadanos. No Votar O Votar, lo invitamos a participar en este debate.<\/em><\/p>\n<p style=\"text-align: center;\"><strong>\u00bfVotar o no votar?<\/strong><br \/>\n<strong> Entre la duda y la resignaci\u00f3n<\/strong><\/p>\n<p>Por<strong> Alan Prats<\/strong><br \/>\n<a href=\"https:\/\/twitter.com\/al_prats\">@al_prats<\/a><br \/>\n\u201c\u00bfVotar o no votar?\u201d se ha vuelto una pregunta que con frecuencia ronda la cabeza de millones de mexicanos. La duda proviene del innegable <strong>hartazgo<\/strong> y n\u00e1useas que nos provocan nuestras instituciones, <strong>partidos pol\u00edticos<\/strong>, representantes, etc., por su modo de proceder y actuar, pero sobre todo por el desprecio que parecen demostrar hacia nosotros, sus gobernados. La lista de injusticias es largu\u00edsima, sin embargo, pareciera que en los \u00faltimos a\u00f1os \u2013sobre todo desde que inici\u00f3 la administraci\u00f3n pri\u00edsta del mequetrefe de Pe\u00f1a Nieto\u2013 los agravantes se han intensificado: reformas de corte <strong>neoliberal<\/strong>, grav\u00edsimos cr\u00edmenes de Estado, corrupci\u00f3n, desv\u00edo de recursos, funcionarios con casas multimillonarias, censura, autoritarismo, etc., etc., etc\u2026 \u00bfAnte este panorama c\u00f3mo podemos sentirnos animados de votar a sabiendas de que elegiremos a criminales y\/o futuros criminales?<br \/>\nDesde mi perspectiva la cuesti\u00f3n es muy sencilla: estamos jodidos votemos o no votemos. Si votamos estamos legitimando un <strong>sistema<\/strong> completamente ineficiente que hace de todo menos velar por el bienestar de la sociedad; si no votamos o anulamos el <strong>voto<\/strong> manifestamos simb\u00f3licamente nuestro rechazo a ese sistema, pero indirectamente ayudamos a perpetuar en el poder a esas mafias pol\u00edticas que tanto da\u00f1o nos han causado.<br \/>\nMi postura se inclina por <strong>no votar<\/strong>, pero honestamente no creo que eso sea una soluci\u00f3n, mucho menos una propuesta de absolutamente nada. En un sistema electoral como el que tenemos en <strong>M\u00e9xico<\/strong> la anulaci\u00f3n del voto no descansa en una figura jur\u00eddica que respalde el descontento ciudadano y tenga repercusiones negativas en los partidos pol\u00edticos. De hecho es muy probable que esos mensajes de desaprobaci\u00f3n que muchos ciudadanos escriben en la <strong>boleta electoral<\/strong> s\u00f3lo sean vistos por los ciudadanos que cuentan los votos y que seguramente tambi\u00e9n se sienten hartos. Por otro lado el <strong>abstencionismo<\/strong> s\u00f3lo deja el camino libre a los partidos m\u00e1s poderosos a trav\u00e9s de su <strong>\u201cvoto duro\u201d<\/strong>, esas estructuras de base compuestas por ciudadanos militantes que incondicionalmente van a votar por su partido.<br \/>\nLa <strong>democracia<\/strong> en M\u00e9xico es estrictamente <strong>representativa<\/strong>, es decir que los ciudadanos s\u00f3lo tenemos la posibilidad de elegir a aquellos que nos van a representar. Fuera de ello el ciudadano medio no tiene muchas posibilidades de participar. Por esta raz\u00f3n creo que no debemos renunciar a la \u00fanica posibilidad directa y real que tenemos de injerir en la vida p\u00fablica de nuestro pa\u00eds, sin importar lo obscuro que luzca el panorama. Entre lo malo, lo menos peor&#8230;<br \/>\nEs terrible que nuestra mejor opci\u00f3n sea elegir \u201cal menos peor\u201d. Sin embargo me parece que ser\u00eda todav\u00eda m\u00e1s terrible que al no hacerlo le pondr\u00edamos las cosas muy f\u00e1ciles a los que ya detentan el <strong>poder<\/strong> y s\u00f3lo buscan jodernos cada vez m\u00e1s. Aunque mala e ineficiente necesitamos una <strong>oposici\u00f3n<\/strong> que haga frente a esa peligrosa mayor\u00eda que busca aprobar leyes y <strong>reformas<\/strong> sin siquiera ser discutidas para que al menos tengan que negociar y no puedan hacer su santa voluntad. Hasta que no haya <strong>reformas electorales<\/strong> en beneficio de la <strong>participaci\u00f3n ciudadana<\/strong> la \u00fanica herramienta que tenemos disponible es el voto, y hay que ejercerlo por mucho asco que nos d\u00e9.<br \/>\n_______<br \/>\nAlan Prats (ciudad de M\u00e9xico, 1989). Historiador y mel\u00f3mano interesado en la cultura visual y la historia cultural en funci\u00f3n de temas como la cultura popular del siglo XX, m\u00fasica, juventud y contracultura, cine, etc\u00e9tera. Considera que la m\u00fasica, entre m\u00e1s clavada, es mejor.<\/p>\n","protected":false},"template":"","meta":{"_id_youtube":"","_id_vimeo":"","_podcasts_duration":"","_podcasts_url":"","_podcasts_show":"","_prog_horario_dias":"","_prog_hora":"","_prog_duration":""},"class_list":["post-10707","archivo","type-archivo","status-publish","hentry"],"_links":{"self":[{"href":"https:\/\/nofm-radio.com\/index.php?rest_route=\/wp\/v2\/archivo\/10707","targetHints":{"allow":["GET"]}}],"collection":[{"href":"https:\/\/nofm-radio.com\/index.php?rest_route=\/wp\/v2\/archivo"}],"about":[{"href":"https:\/\/nofm-radio.com\/index.php?rest_route=\/wp\/v2\/types\/archivo"}],"wp:attachment":[{"href":"https:\/\/nofm-radio.com\/index.php?rest_route=%2Fwp%2Fv2%2Fmedia&parent=10707"}],"curies":[{"name":"wp","href":"https:\/\/api.w.org\/{rel}","templated":true}]}}

#NoVotarOVotar: Entre la duda y la resignación

<p><em>El 7 de junio se acerca peligrosamente. Para algunos es la fecha en que el sistema político recibirá nuestra merecida indiferencia, para otros es de nuevo la oportunidad de ejercer un derecho que no podemos darnos el lujo de perder. No Votar o Votar, cada ciudadano tiene una postura, o debiera tenerla. Frente a la gesta electoral y todos sus vicios, NoFM mantiene una postura crítica y asume su responsabilidad como medio de comunicación para mostrar parte del sentir de la sociedad que se cuestiona el funcionamiento de nuestro sistema partidista. Por ello, del 20 de abril al 5 de junio, publicaremos una columna diaria con la postura de distintos ciudadanos. No Votar O Votar, lo invitamos a participar en este debate.</em></p>
<p style="text-align: center;"><strong>¿Votar o no votar?</strong><br />
<strong> Entre la duda y la resignación</strong></p>
<p>Por<strong> Alan Prats</strong><br />
<a href="https://twitter.com/al_prats">@al_prats</a><br />
“¿Votar o no votar?” se ha vuelto una pregunta que con frecuencia ronda la cabeza de millones de mexicanos. La duda proviene del innegable <strong>hartazgo</strong> y náuseas que nos provocan nuestras instituciones, <strong>partidos políticos</strong>, representantes, etc., por su modo de proceder y actuar, pero sobre todo por el desprecio que parecen demostrar hacia nosotros, sus gobernados. La lista de injusticias es larguísima, sin embargo, pareciera que en los últimos años –sobre todo desde que inició la administración priísta del mequetrefe de Peña Nieto– los agravantes se han intensificado: reformas de corte <strong>neoliberal</strong>, gravísimos crímenes de Estado, corrupción, desvío de recursos, funcionarios con casas multimillonarias, censura, autoritarismo, etc., etc., etc… ¿Ante este panorama cómo podemos sentirnos animados de votar a sabiendas de que elegiremos a criminales y/o futuros criminales?<br />
Desde mi perspectiva la cuestión es muy sencilla: estamos jodidos votemos o no votemos. Si votamos estamos legitimando un <strong>sistema</strong> completamente ineficiente que hace de todo menos velar por el bienestar de la sociedad; si no votamos o anulamos el <strong>voto</strong> manifestamos simbólicamente nuestro rechazo a ese sistema, pero indirectamente ayudamos a perpetuar en el poder a esas mafias políticas que tanto daño nos han causado.<br />
Mi postura se inclina por <strong>no votar</strong>, pero honestamente no creo que eso sea una solución, mucho menos una propuesta de absolutamente nada. En un sistema electoral como el que tenemos en <strong>México</strong> la anulación del voto no descansa en una figura jurídica que respalde el descontento ciudadano y tenga repercusiones negativas en los partidos políticos. De hecho es muy probable que esos mensajes de desaprobación que muchos ciudadanos escriben en la <strong>boleta electoral</strong> sólo sean vistos por los ciudadanos que cuentan los votos y que seguramente también se sienten hartos. Por otro lado el <strong>abstencionismo</strong> sólo deja el camino libre a los partidos más poderosos a través de su <strong>“voto duro”</strong>, esas estructuras de base compuestas por ciudadanos militantes que incondicionalmente van a votar por su partido.<br />
La <strong>democracia</strong> en México es estrictamente <strong>representativa</strong>, es decir que los ciudadanos sólo tenemos la posibilidad de elegir a aquellos que nos van a representar. Fuera de ello el ciudadano medio no tiene muchas posibilidades de participar. Por esta razón creo que no debemos renunciar a la única posibilidad directa y real que tenemos de injerir en la vida pública de nuestro país, sin importar lo obscuro que luzca el panorama. Entre lo malo, lo menos peor&#8230;<br />
Es terrible que nuestra mejor opción sea elegir “al menos peor”. Sin embargo me parece que sería todavía más terrible que al no hacerlo le pondríamos las cosas muy fáciles a los que ya detentan el <strong>poder</strong> y sólo buscan jodernos cada vez más. Aunque mala e ineficiente necesitamos una <strong>oposición</strong> que haga frente a esa peligrosa mayoría que busca aprobar leyes y <strong>reformas</strong> sin siquiera ser discutidas para que al menos tengan que negociar y no puedan hacer su santa voluntad. Hasta que no haya <strong>reformas electorales</strong> en beneficio de la <strong>participación ciudadana</strong> la única herramienta que tenemos disponible es el voto, y hay que ejercerlo por mucho asco que nos dé.<br />
_______<br />
Alan Prats (ciudad de México, 1989). Historiador y melómano interesado en la cultura visual y la historia cultural en función de temas como la cultura popular del siglo XX, música, juventud y contracultura, cine, etcétera. Considera que la música, entre más clavada, es mejor.</p>
