{"id":10931,"date":"2015-05-11T11:00:08","date_gmt":"2015-05-11T16:00:08","guid":{"rendered":"http:\/\/nofm-radio.com\/?p=10931"},"modified":"2015-05-11T11:00:08","modified_gmt":"2015-05-11T16:00:08","slug":"novotarovotar-morena-el-beneficio-de-la-duda","status":"publish","type":"archivo","link":"https:\/\/nofm-radio.com\/?archivo=novotarovotar-morena-el-beneficio-de-la-duda","title":{"rendered":"#NoVotarOVotar. Morena: el beneficio de la duda"},"content":{"rendered":"<p><em>El 7 de junio se acerca peligrosamente. Para algunos es la fecha en que el sistema pol\u00edtico recibir\u00e1 nuestra merecida indiferencia, para otros es de nuevo la oportunidad de ejercer un derecho que no podemos darnos el lujo de perder. No Votar o Votar, cada ciudadano tiene una postura, o debiera tenerla. Frente a la gesta electoral y todos sus vicios, NoFM mantiene una postura cr\u00edtica y asume su responsabilidad como medio de comunicaci\u00f3n para mostrar parte del sentir de la sociedad que se cuestiona el funcionamiento de nuestro sistema partidista. Por ello, del 20 de abril al 5 de junio, publicaremos una columna diaria con la postura de distintos ciudadanos. No Votar O Votar, lo invitamos a participar en este debate.<\/em><\/p>\n<p style=\"text-align: center;\"><strong>Morena: el beneficio de la duda<\/strong><\/p>\n<p>Por <strong>Rodrigo &#8220;Eneas&#8221; Gonz\u00e1lez<\/strong><br \/>\n<a href=\"https:\/\/twitter.com\/Eneas\">@Eneas<\/a><br \/>\nSinceramente, siento cercanos los argumentos para no votar. Las palabras de <strong>Sicilia<\/strong> llamando a un <strong>boicot electoral<\/strong> me hacen mucho sentido, sobre todo viniendo de quien vienen: una persona cuyo dolor por haber perdido a su hijo, lo volc\u00f3 a formar un movimiento que busca <strong>justicia<\/strong> para las miles de v\u00edctimas de la violencia desatada por \u201clos se\u00f1ores de la guerra\u201d desde el sexenio calderonista.<br \/>\nMe dan muchas ganas, tambi\u00e9n, de mandarlos a todos al diablo e ignorar el d\u00eda de las <strong>elecciones<\/strong>: salir a pasear ese domingo o, mejor, salir de la ciudad. Pero esta opci\u00f3n me pone nervioso porque tambi\u00e9n le encuentro sentido a otro argumento: \u201cno votar beneficia al <strong>PRI<\/strong>&#8220;.<br \/>\nEl 7 de junio el PRI usar\u00e1 a su <strong>voto duro<\/strong>, el que no escucha razones, ni ve nada m\u00e1s que lo que les ordenan aquellos potentados con intereses oscuros. Tampoco quiero eso.<br \/>\nCreo que el diferencial de este a\u00f1o, por \u00fanica ocasi\u00f3n, ser\u00e1 <strong>Morena<\/strong>: son un partido nuevo con posibilidades reales de tener un buen pedazo de los <strong>puestos de elecci\u00f3n popular<\/strong> que se van a poner a votaci\u00f3n el 7 de junio: la mayor parte de las encuestan les dan el 10% de las preferencias, aproximadamente.<br \/>\nEl argumento de \u201ctodos son iguales\u201d nunca me ha convencido, ese s\u00ed no, porque creo que es una generalizaci\u00f3n medio floja: la verdad no creo que Tom\u00e1s Yarrington, ex gober de Tamaulipas, y Andr\u00e9s Manuel sean iguales (por mencionar a un par de pol\u00edticos que gobernaron al mismo tiempo).<br \/>\nAs\u00ed que creo que Morena tiene el beneficio de la duda este a\u00f1o, y s\u00f3lo por este a\u00f1o: muchos de sus candidatos son gente que nunca ha tenido un puesto en el <strong>gobierno<\/strong>, muchos vienen de la lucha social y hasta de <strong>ONGs<\/strong> (Roc\u00edo Lombera, por ejemplo, de COPEVI). Ser\u00eda muy interesante ver qu\u00e9 hacen con el <strong>poder popular<\/strong> en el congreso: puede ser que lo hagan bien, y entonces habremos cortado un poco del poder pri\u00edsta; o puede ser que lo hagan mal, y entonces tendremos que buscar otro camino.<br \/>\nPienso votar por Morena, quiz\u00e1s como \u00faltimo acto de confianza. Quiz\u00e1s al hacerlo est\u00e9 empoderando a quienes pueden hacerle un poco de contrapeso a los <strong>poderes f\u00e1cticos<\/strong> que dominan en nuestra oligarqu\u00eda.<br \/>\n________<br \/>\nRodrigo, &#8220;Eneas&#8221;, (D.F.) Fotoperiodista. Ha trabajado de cerca con movimientos sociales como el Movimiento por la Paz con Justicia y Dignidad o J\u00f3venes Ante la Emergencia. Le gusta viajar (siempre con su toalla, por supuesto) y ha puesto pie en todos los Estados del pa\u00eds al menos una vez. flickr.com\/eneas<\/p>\n","protected":false},"template":"","meta":{"_id_youtube":"","_id_vimeo":"","_podcasts_duration":"","_podcasts_url":"","_podcasts_show":"","_prog_horario_dias":"","_prog_hora":"","_prog_duration":""},"class_list":["post-10931","archivo","type-archivo","status-publish","hentry"],"_links":{"self":[{"href":"https:\/\/nofm-radio.com\/index.php?rest_route=\/wp\/v2\/archivo\/10931","targetHints":{"allow":["GET"]}}],"collection":[{"href":"https:\/\/nofm-radio.com\/index.php?rest_route=\/wp\/v2\/archivo"}],"about":[{"href":"https:\/\/nofm-radio.com\/index.php?rest_route=\/wp\/v2\/types\/archivo"}],"wp:attachment":[{"href":"https:\/\/nofm-radio.com\/index.php?rest_route=%2Fwp%2Fv2%2Fmedia&parent=10931"}],"curies":[{"name":"wp","href":"https:\/\/api.w.org\/{rel}","templated":true}]}}

<p><em>El 7 de junio se acerca peligrosamente. Para algunos es la fecha en que el sistema político recibirá nuestra merecida indiferencia, para otros es de nuevo la oportunidad de ejercer un derecho que no podemos darnos el lujo de perder. No Votar o Votar, cada ciudadano tiene una postura, o debiera tenerla. Frente a la gesta electoral y todos sus vicios, NoFM mantiene una postura crítica y asume su responsabilidad como medio de comunicación para mostrar parte del sentir de la sociedad que se cuestiona el funcionamiento de nuestro sistema partidista. Por ello, del 20 de abril al 5 de junio, publicaremos una columna diaria con la postura de distintos ciudadanos. No Votar O Votar, lo invitamos a participar en este debate.</em></p>
<p style="text-align: center;"><strong>Morena: el beneficio de la duda</strong></p>
<p>Por <strong>Rodrigo &#8220;Eneas&#8221; González</strong><br />
<a href="https://twitter.com/Eneas">@Eneas</a><br />
Sinceramente, siento cercanos los argumentos para no votar. Las palabras de <strong>Sicilia</strong> llamando a un <strong>boicot electoral</strong> me hacen mucho sentido, sobre todo viniendo de quien vienen: una persona cuyo dolor por haber perdido a su hijo, lo volcó a formar un movimiento que busca <strong>justicia</strong> para las miles de víctimas de la violencia desatada por “los señores de la guerra” desde el sexenio calderonista.<br />
Me dan muchas ganas, también, de mandarlos a todos al diablo e ignorar el día de las <strong>elecciones</strong>: salir a pasear ese domingo o, mejor, salir de la ciudad. Pero esta opción me pone nervioso porque también le encuentro sentido a otro argumento: “no votar beneficia al <strong>PRI</strong>&#8220;.<br />
El 7 de junio el PRI usará a su <strong>voto duro</strong>, el que no escucha razones, ni ve nada más que lo que les ordenan aquellos potentados con intereses oscuros. Tampoco quiero eso.<br />
Creo que el diferencial de este año, por única ocasión, será <strong>Morena</strong>: son un partido nuevo con posibilidades reales de tener un buen pedazo de los <strong>puestos de elección popular</strong> que se van a poner a votación el 7 de junio: la mayor parte de las encuestan les dan el 10% de las preferencias, aproximadamente.<br />
El argumento de “todos son iguales” nunca me ha convencido, ese sí no, porque creo que es una generalización medio floja: la verdad no creo que Tomás Yarrington, ex gober de Tamaulipas, y Andrés Manuel sean iguales (por mencionar a un par de políticos que gobernaron al mismo tiempo).<br />
Así que creo que Morena tiene el beneficio de la duda este año, y sólo por este año: muchos de sus candidatos son gente que nunca ha tenido un puesto en el <strong>gobierno</strong>, muchos vienen de la lucha social y hasta de <strong>ONGs</strong> (Rocío Lombera, por ejemplo, de COPEVI). Sería muy interesante ver qué hacen con el <strong>poder popular</strong> en el congreso: puede ser que lo hagan bien, y entonces habremos cortado un poco del poder priísta; o puede ser que lo hagan mal, y entonces tendremos que buscar otro camino.<br />
Pienso votar por Morena, quizás como último acto de confianza. Quizás al hacerlo esté empoderando a quienes pueden hacerle un poco de contrapeso a los <strong>poderes fácticos</strong> que dominan en nuestra oligarquía.<br />
________<br />
Rodrigo, &#8220;Eneas&#8221;, (D.F.) Fotoperiodista. Ha trabajado de cerca con movimientos sociales como el Movimiento por la Paz con Justicia y Dignidad o Jóvenes Ante la Emergencia. Le gusta viajar (siempre con su toalla, por supuesto) y ha puesto pie en todos los Estados del país al menos una vez. flickr.com/eneas</p>
