{"id":11054,"date":"2015-05-13T11:00:25","date_gmt":"2015-05-13T16:00:25","guid":{"rendered":"http:\/\/nofm-radio.com\/?p=11054"},"modified":"2015-05-13T11:00:25","modified_gmt":"2015-05-13T16:00:25","slug":"novotarovotar-sindrome-special-k","status":"publish","type":"archivo","link":"https:\/\/nofm-radio.com\/?archivo=novotarovotar-sindrome-special-k","title":{"rendered":"#NoVotarOVotar. S\u00edndrome Special K"},"content":{"rendered":"<p><em>El 7 de junio se acerca peligrosamente. Para algunos es la fecha en que el sistema pol\u00edtico recibir\u00e1 nuestra merecida indiferencia, para otros es de nuevo la oportunidad de ejercer un derecho que no podemos darnos el lujo de perder. No Votar o Votar, cada ciudadano tiene una postura, o debiera tenerla. Frente a la gesta electoral y todos sus vicios, NoFM mantiene una postura cr\u00edtica y asume su responsabilidad como medio de comunicaci\u00f3n para mostrar parte del sentir de la sociedad que se cuestiona el funcionamiento de nuestro sistema partidista. Por ello, del 20 de abril al 5 de junio, publicaremos una columna diaria con la postura de distintos ciudadanos. No Votar O Votar, lo invitamos a participar en este debate.<\/em><\/p>\n<p style=\"text-align: center;\"><strong>S\u00edndrome Special K<\/strong><\/p>\n<p>Por <strong>Aldo Rosales<\/strong><br \/>\n<a href=\"https:\/\/twitter.com\/AldoRosalesV\">@AldoRosalesV<\/a><br \/>\nHace m\u00e1s de diez a\u00f1os particip\u00e9 por primera vez en los <strong>ejercicios electorales<\/strong>. Cre\u00eda en el voto (y tanto cre\u00eda en \u00e9l, que lo defend\u00ed en las calles semanas despu\u00e9s, o al menos cre\u00ed hacerlo; me dijeron que eso hac\u00eda). Eran las <strong>elecciones presidenciales<\/strong>.<br \/>\nHace un par de a\u00f1os, tres, me parece, volv\u00ed a votar, tambi\u00e9n para elegir presidente. Pero ya hab\u00edan pasado los a\u00f1os, hab\u00edan pasado cosas (y otras no hab\u00edan pasado). Entonces me di cuenta que quiz\u00e1s <strong>votar<\/strong> no era la opci\u00f3n, al menos, NO la panacea. Qued\u00f3 de presidente quien yo NO quer\u00eda que quedara. Si mi voto hizo una diferencia, no lo s\u00e9.<br \/>\nAhora uso mi <strong>IFE<\/strong>&#8211; yo todav\u00eda tengo IFE, no <strong>INE<\/strong>&#8211; para entrar a los bares donde constantemente hacen redadas y por eso no aceptan menores. Uso mi IFE para hacerle raya a las hojas blancas y no irme chueco. \u00bf<strong>Pol\u00edtica<\/strong>? Nunca la he entendido bien, lo acepto, y tal vez nunca lo haga.<br \/>\n\u00bfQu\u00e9 si voy a votar? S\u00ed, tal vez, si me da tiempo. No estoy en contra o a favor. Creo que votar es como comer <strong>Special K<\/strong>: no sirve si no haces ejercicio, tomas agua, comes una dieta balanceada y mejoras tus h\u00e1bitos alimenticios y deportivos. No quiero ser un hombre con una tremenda barriga cargada de grasa social y pretender hacerme una liposucci\u00f3n usando el IFE de bistur\u00ed para volver a casa limpio, sereno, sabiendo que ya hice mi tarea como <strong>ciudadano<\/strong>.<br \/>\nVotar servir\u00eda, supongo, si antes hici\u00e9ramos nuestros ejercicios sociales: informarnos, prepararnos y compartir esa preparaci\u00f3n con otros, en vez de usarla como escudo y blandirla como arma de <strong>discriminaci\u00f3n<\/strong>; ser solidarios con los dem\u00e1s, sensibilizarnos \u2013qu\u00e9 importante es la empat\u00eda, y cu\u00e1nto la hemos abandonado: a quien no le duele un perro de la calle, un ni\u00f1o pobre, \u00bfqu\u00e9 le puede doler ya?- y voltear a ver otro tipo de <strong>organizaci\u00f3n ciudadana<\/strong> y medios de producci\u00f3n, comunicaci\u00f3n y sustentabilidad: la econom\u00eda solidaria, el trueque, la producci\u00f3n de nuestros propios alimentos; los <strong>medios de comunicaci\u00f3n alternativos<\/strong>. Y por sobre todas las cosas ser cr\u00edticos, muy cr\u00edticos, con todos, especialmente con nosotros mismos. No seamos como las se\u00f1oras gordas que beben jugo de toronja por las noches y se quejan de no ver resultados (luego de comer de todo y no pararse ni a moverle a la antena de la tele).<br \/>\nA lo mejor, como con el Special K, si hici\u00e9ramos todo eso ya ni necesitar\u00edamos lo otro. \u00bfY que si recomiendo votar? Pues, si ya te comiste tus verduras, tomaste dos litros de agua, hiciste ejercicio y te ba\u00f1aste, \u00bfqu\u00e9 tanto te puede afectar un inocente platito de Special K?<br \/>\n_____<br \/>\nAldo Rosales (Estado de M\u00e9xico) Escritor. Coordina el Taller de creaci\u00f3n literaria en el FARO de Indios Verdes. Dirige las revistas <em>Arribos<\/em> y <a href=\"http:\/\/www.revistaabuenpuerto.com\/\">revistaabuenpuerto.com<\/a>. Le gusta el cine, los videojuegos y, m\u00e1s o menos, leer.<\/p>\n","protected":false},"template":"","meta":{"_id_youtube":"","_id_vimeo":"","_podcasts_duration":"","_podcasts_url":"","_podcasts_show":"","_prog_horario_dias":"","_prog_hora":"","_prog_duration":""},"class_list":["post-11054","archivo","type-archivo","status-publish","hentry"],"_links":{"self":[{"href":"https:\/\/nofm-radio.com\/index.php?rest_route=\/wp\/v2\/archivo\/11054","targetHints":{"allow":["GET"]}}],"collection":[{"href":"https:\/\/nofm-radio.com\/index.php?rest_route=\/wp\/v2\/archivo"}],"about":[{"href":"https:\/\/nofm-radio.com\/index.php?rest_route=\/wp\/v2\/types\/archivo"}],"wp:attachment":[{"href":"https:\/\/nofm-radio.com\/index.php?rest_route=%2Fwp%2Fv2%2Fmedia&parent=11054"}],"curies":[{"name":"wp","href":"https:\/\/api.w.org\/{rel}","templated":true}]}}

#NoVotarOVotar. Síndrome Special K

<p><em>El 7 de junio se acerca peligrosamente. Para algunos es la fecha en que el sistema político recibirá nuestra merecida indiferencia, para otros es de nuevo la oportunidad de ejercer un derecho que no podemos darnos el lujo de perder. No Votar o Votar, cada ciudadano tiene una postura, o debiera tenerla. Frente a la gesta electoral y todos sus vicios, NoFM mantiene una postura crítica y asume su responsabilidad como medio de comunicación para mostrar parte del sentir de la sociedad que se cuestiona el funcionamiento de nuestro sistema partidista. Por ello, del 20 de abril al 5 de junio, publicaremos una columna diaria con la postura de distintos ciudadanos. No Votar O Votar, lo invitamos a participar en este debate.</em></p>
<p style="text-align: center;"><strong>Síndrome Special K</strong></p>
<p>Por <strong>Aldo Rosales</strong><br />
<a href="https://twitter.com/AldoRosalesV">@AldoRosalesV</a><br />
Hace más de diez años participé por primera vez en los <strong>ejercicios electorales</strong>. Creía en el voto (y tanto creía en él, que lo defendí en las calles semanas después, o al menos creí hacerlo; me dijeron que eso hacía). Eran las <strong>elecciones presidenciales</strong>.<br />
Hace un par de años, tres, me parece, volví a votar, también para elegir presidente. Pero ya habían pasado los años, habían pasado cosas (y otras no habían pasado). Entonces me di cuenta que quizás <strong>votar</strong> no era la opción, al menos, NO la panacea. Quedó de presidente quien yo NO quería que quedara. Si mi voto hizo una diferencia, no lo sé.<br />
Ahora uso mi <strong>IFE</strong>&#8211; yo todavía tengo IFE, no <strong>INE</strong>&#8211; para entrar a los bares donde constantemente hacen redadas y por eso no aceptan menores. Uso mi IFE para hacerle raya a las hojas blancas y no irme chueco. ¿<strong>Política</strong>? Nunca la he entendido bien, lo acepto, y tal vez nunca lo haga.<br />
¿Qué si voy a votar? Sí, tal vez, si me da tiempo. No estoy en contra o a favor. Creo que votar es como comer <strong>Special K</strong>: no sirve si no haces ejercicio, tomas agua, comes una dieta balanceada y mejoras tus hábitos alimenticios y deportivos. No quiero ser un hombre con una tremenda barriga cargada de grasa social y pretender hacerme una liposucción usando el IFE de bisturí para volver a casa limpio, sereno, sabiendo que ya hice mi tarea como <strong>ciudadano</strong>.<br />
Votar serviría, supongo, si antes hiciéramos nuestros ejercicios sociales: informarnos, prepararnos y compartir esa preparación con otros, en vez de usarla como escudo y blandirla como arma de <strong>discriminación</strong>; ser solidarios con los demás, sensibilizarnos –qué importante es la empatía, y cuánto la hemos abandonado: a quien no le duele un perro de la calle, un niño pobre, ¿qué le puede doler ya?- y voltear a ver otro tipo de <strong>organización ciudadana</strong> y medios de producción, comunicación y sustentabilidad: la economía solidaria, el trueque, la producción de nuestros propios alimentos; los <strong>medios de comunicación alternativos</strong>. Y por sobre todas las cosas ser críticos, muy críticos, con todos, especialmente con nosotros mismos. No seamos como las señoras gordas que beben jugo de toronja por las noches y se quejan de no ver resultados (luego de comer de todo y no pararse ni a moverle a la antena de la tele).<br />
A lo mejor, como con el Special K, si hiciéramos todo eso ya ni necesitaríamos lo otro. ¿Y que si recomiendo votar? Pues, si ya te comiste tus verduras, tomaste dos litros de agua, hiciste ejercicio y te bañaste, ¿qué tanto te puede afectar un inocente platito de Special K?<br />
_____<br />
Aldo Rosales (Estado de México) Escritor. Coordina el Taller de creación literaria en el FARO de Indios Verdes. Dirige las revistas <em>Arribos</em> y <a href="http://www.revistaabuenpuerto.com/">revistaabuenpuerto.com</a>. Le gusta el cine, los videojuegos y, más o menos, leer.</p>
