{"id":11407,"date":"2015-05-22T11:00:55","date_gmt":"2015-05-22T16:00:55","guid":{"rendered":"http:\/\/nofm-radio.com\/?p=11407"},"modified":"2015-05-22T11:00:55","modified_gmt":"2015-05-22T16:00:55","slug":"novotarovotar-detras-del-voto-la-ciudadania","status":"publish","type":"archivo","link":"https:\/\/nofm-radio.com\/?archivo=novotarovotar-detras-del-voto-la-ciudadania","title":{"rendered":"#NoVotarOVotar. Detr\u00e1s del voto, la ciudadan\u00eda"},"content":{"rendered":"<p><em>El 7 de junio se acerca peligrosamente. Para algunos es la fecha en que el sistema pol\u00edtico recibir\u00e1 nuestra merecida indiferencia, para otros es de nuevo la oportunidad de ejercer un derecho que no podemos darnos el lujo de perder. No Votar o Votar, cada ciudadano tiene una postura, o debiera tenerla. Frente a la gesta electoral y todos sus vicios, NoFM mantiene una postura cr\u00edtica y asume su responsabilidad como medio de comunicaci\u00f3n para mostrar parte del sentir de la sociedad que se cuestiona el funcionamiento de nuestro sistema partidista. Por ello, del 20 de abril al 5 de junio, publicaremos una columna diaria con la postura de distintos ciudadanos. No Votar O Votar, lo invitamos a participar en este debate.<\/em><\/p>\n<p style=\"text-align: center;\"><strong>Detr\u00e1s del voto, la ciudadan\u00eda<\/strong><\/p>\n<p style=\"text-align: left;\">Por <strong>Leonardo Bastida Aguilar<\/strong><br \/>\n<a href=\"https:\/\/twitter.com\/leonardobastida\">@leonardobastida<\/a><\/p>\n<p>Invitar a <strong>votar<\/strong> podr\u00eda tomarse m\u00e1s como un insulto que como un buen consejo o una acci\u00f3n positiva. El problema no es en si el ejercicio de ir a sufragar a una <strong>casilla<\/strong> sino que las opciones son casi nulas en un <strong>sistema electoral<\/strong> repleto de chapulines o pol\u00edticos reciclados, <strong>partidos pol\u00edticos<\/strong> interesados en recaudar el 2% de los votos para seguir recibiendo beneficios econ\u00f3micos por parte del Estado, <strong>candidatos<\/strong> de dudosa calidad \u00e9tica, planes de gobierno sin un sustento e incapacidades de un organismo regulador para otorgar transparencia a los procesos electorales.<br \/>\nAunque nos hayan dicho en m\u00faltiples ocasiones que votar es nuestra aportaci\u00f3n a la <strong>vida democr\u00e1tica<\/strong> del pa\u00eds, la realidad es que nuestro abono a la construcci\u00f3n de una democracia es muy distante a la sola emisi\u00f3n de un <strong>voto<\/strong>. La contribuci\u00f3n de cada uno de nosotros como ciudadanos es lo que abona a la consolidaci\u00f3n de una democracia.<br \/>\nSer <strong>ciudadano<\/strong> no solo consiste en hablar de <strong>pol\u00edtica<\/strong>, leer noticias, dar retuits a causas nobles o insultar a los pol\u00edticos cada vez que vemos sus retratos. Es un ejercicio que va desde tener limpia la banqueta o el pasillo en donde vivimos, tirar la basura en su lugar, no desperdiciar agua, no discriminar, hasta dar seguimiento a lo que hace un <strong>funcionario<\/strong> o ir y levantar una queja, una de las mejores maneras de poder, de verdad, externar nuestro parecer.<br \/>\nVotar, <strong>abstenerse<\/strong> o anular son formas de ejercer una parte de la ciudadan\u00eda. No caigamos en el juego de los <strong>partidos pol\u00edticos<\/strong>, y m\u00e1s all\u00e1 de votar o no votar, seamos ciudadanos exigiendo a los funcionarios cumplir con las tareas para las que fueron elegidos o colocados de manera honesta y transparente, apoyemos las diferentes <strong>causas sociales<\/strong> que subsanan las deficiencia del <strong>Estado<\/strong> y contribuyamos a enriquecer los debates sobre c\u00f3mo mejorar nuestras realidades en diversos espacios como las redes sociales y la gran cantidad de medios y foros p\u00fablicos donde se permite la participaci\u00f3n. Las tareas son muchas, queda en cada uno de nosotros hacer la suya.<br \/>\n________<br \/>\nLeonardo Bastida (Ciudad de M\u00e9xico, 1983) Tejedor de historias. Ejerce el periodismo desde hace ocho a\u00f1os en diferentes espacios y medios; la narrativa en publicaciones colectivas e individuales; y la docencia. Le gusta la historia, la filosof\u00eda, la ciencia, el cine y aquello relacionado con la mal llamada \u201ccultura popular\u201d.<\/p>\n","protected":false},"template":"","meta":{"_id_youtube":"","_id_vimeo":"","_podcasts_duration":"","_podcasts_url":"","_podcasts_show":"","_prog_horario_dias":"","_prog_hora":"","_prog_duration":""},"class_list":["post-11407","archivo","type-archivo","status-publish","hentry"],"_links":{"self":[{"href":"https:\/\/nofm-radio.com\/index.php?rest_route=\/wp\/v2\/archivo\/11407","targetHints":{"allow":["GET"]}}],"collection":[{"href":"https:\/\/nofm-radio.com\/index.php?rest_route=\/wp\/v2\/archivo"}],"about":[{"href":"https:\/\/nofm-radio.com\/index.php?rest_route=\/wp\/v2\/types\/archivo"}],"wp:attachment":[{"href":"https:\/\/nofm-radio.com\/index.php?rest_route=%2Fwp%2Fv2%2Fmedia&parent=11407"}],"curies":[{"name":"wp","href":"https:\/\/api.w.org\/{rel}","templated":true}]}}

#NoVotarOVotar. Detrás del voto, la ciudadanía

<p><em>El 7 de junio se acerca peligrosamente. Para algunos es la fecha en que el sistema político recibirá nuestra merecida indiferencia, para otros es de nuevo la oportunidad de ejercer un derecho que no podemos darnos el lujo de perder. No Votar o Votar, cada ciudadano tiene una postura, o debiera tenerla. Frente a la gesta electoral y todos sus vicios, NoFM mantiene una postura crítica y asume su responsabilidad como medio de comunicación para mostrar parte del sentir de la sociedad que se cuestiona el funcionamiento de nuestro sistema partidista. Por ello, del 20 de abril al 5 de junio, publicaremos una columna diaria con la postura de distintos ciudadanos. No Votar O Votar, lo invitamos a participar en este debate.</em></p>
<p style="text-align: center;"><strong>Detrás del voto, la ciudadanía</strong></p>
<p style="text-align: left;">Por <strong>Leonardo Bastida Aguilar</strong><br />
<a href="https://twitter.com/leonardobastida">@leonardobastida</a></p>
<p>Invitar a <strong>votar</strong> podría tomarse más como un insulto que como un buen consejo o una acción positiva. El problema no es en si el ejercicio de ir a sufragar a una <strong>casilla</strong> sino que las opciones son casi nulas en un <strong>sistema electoral</strong> repleto de chapulines o políticos reciclados, <strong>partidos políticos</strong> interesados en recaudar el 2% de los votos para seguir recibiendo beneficios económicos por parte del Estado, <strong>candidatos</strong> de dudosa calidad ética, planes de gobierno sin un sustento e incapacidades de un organismo regulador para otorgar transparencia a los procesos electorales.<br />
Aunque nos hayan dicho en múltiples ocasiones que votar es nuestra aportación a la <strong>vida democrática</strong> del país, la realidad es que nuestro abono a la construcción de una democracia es muy distante a la sola emisión de un <strong>voto</strong>. La contribución de cada uno de nosotros como ciudadanos es lo que abona a la consolidación de una democracia.<br />
Ser <strong>ciudadano</strong> no solo consiste en hablar de <strong>política</strong>, leer noticias, dar retuits a causas nobles o insultar a los políticos cada vez que vemos sus retratos. Es un ejercicio que va desde tener limpia la banqueta o el pasillo en donde vivimos, tirar la basura en su lugar, no desperdiciar agua, no discriminar, hasta dar seguimiento a lo que hace un <strong>funcionario</strong> o ir y levantar una queja, una de las mejores maneras de poder, de verdad, externar nuestro parecer.<br />
Votar, <strong>abstenerse</strong> o anular son formas de ejercer una parte de la ciudadanía. No caigamos en el juego de los <strong>partidos políticos</strong>, y más allá de votar o no votar, seamos ciudadanos exigiendo a los funcionarios cumplir con las tareas para las que fueron elegidos o colocados de manera honesta y transparente, apoyemos las diferentes <strong>causas sociales</strong> que subsanan las deficiencia del <strong>Estado</strong> y contribuyamos a enriquecer los debates sobre cómo mejorar nuestras realidades en diversos espacios como las redes sociales y la gran cantidad de medios y foros públicos donde se permite la participación. Las tareas son muchas, queda en cada uno de nosotros hacer la suya.<br />
________<br />
Leonardo Bastida (Ciudad de México, 1983) Tejedor de historias. Ejerce el periodismo desde hace ocho años en diferentes espacios y medios; la narrativa en publicaciones colectivas e individuales; y la docencia. Le gusta la historia, la filosofía, la ciencia, el cine y aquello relacionado con la mal llamada “cultura popular”.</p>
