{"id":11542,"date":"2015-06-01T10:00:35","date_gmt":"2015-06-01T15:00:35","guid":{"rendered":"http:\/\/nofm-radio.com\/?p=11542"},"modified":"2015-06-01T10:00:35","modified_gmt":"2015-06-01T15:00:35","slug":"un-vistazo-a-tedxmujer","status":"publish","type":"archivo","link":"https:\/\/nofm-radio.com\/?archivo=un-vistazo-a-tedxmujer","title":{"rendered":"Un vistazo a TEDxMujer"},"content":{"rendered":"<p>Por Alejandra Padilla <a href=\"https:\/\/twitter.com\/nefelibata_a\">@nefelibata_a<\/a><br \/>\nEmilia Perujo <a href=\"https:\/\/twitter.com\/emilia_perujo\">@emilia_perujo<\/a><br \/>\nSi la audiencia sale inspirada de las <strong>pl\u00e1ticas TED<\/strong>, cumplieron su objetivo: tocarte, generar algo. Asistimos a <strong>TEDxCuauhtemoc<\/strong> en la <strong>Universidad de la Comunicaci\u00f3n<\/strong> a escuchar las charlas de TEDxMujer.\u201d X\u201d quiere decir que son eventos organizados independientemente.<br \/>\nEl evento del 28 de mayo fue promocionado como uno de <strong>temas de g\u00e9nero<\/strong>. El nombre, al menos, era medianamente prometedor: TEDxMujer. Desde ese t\u00edtulo surgi\u00f3 la primera pregunta, por qu\u00e9 \u201cmujer\u201d y no \u201cmujeres\u201d. El <strong>feminismo<\/strong> desde hace a\u00f1os ha subrayado la necesidad de hablar de mujeres, as\u00ed, en plural, con la intenci\u00f3n de hacer evidente que no hay un modelo establecido de mujer, sino que cada una es distinta por su historia de vida y la circunstancias que la rodean. Para la investigaci\u00f3n de g\u00e9nero es dif\u00edcil encontrar <strong>espacios de difusi\u00f3n<\/strong> que no sean extremosos \u2013o muy especializados o muy vagos o \u201cpoco serios\u201d-. Justamente esa fue la conversaci\u00f3n de antesala de nosotras, nuestros gustos, retos, lo problem\u00e1tico de algunos temas y sobre todo de las maneras en las que se pueden concretar los proyectos. A veces plantearse hacer investigaci\u00f3n de temas de g\u00e9nero es como pedir un micro espacio dentro de un micro espacio.<br \/>\nLos temas presentados fueron diversos, cuatro mujeres y dos hombres compartieron sus intereses e historias personales intentando de alguna forma tener como eje el nombre del evento. Aunque, para ser un evento que incluye la palabra \u201cmujer\u201d en el t\u00edtulo, el hecho de que el primer presentador fuera hombre, result\u00f3 sorpresivo. El fundador de <strong>G\u00e9nero y Desarrollo A.C<\/strong> (Gendes), <strong>Mauro Antonio Vargas<\/strong>, habl\u00f3 sobre c\u00f3mo se acerc\u00f3 a temas de g\u00e9nero y por qu\u00e9 decidi\u00f3 crear una organizaci\u00f3n que trata temas de <strong>masculinidades<\/strong>. Sin duda, fue uno de los mejores ponentes. Fue grato escucharlo, trabaja para prevenir la violencia con hombres, a ra\u00edz de cuestionarse sus propios privilegios y los costos que vienen con ellos.<br \/>\nLas siguientes dos ponentes, por s\u00ed mismas, han vencido grandes retos. La primera, <strong>Matilde Jim\u00e9nez Coello<\/strong>, es una investigadora que centra sus esfuerzos en encontrar formas de prevenir y erradicar la <strong>enfermedad de chagas<\/strong>; la presentaci\u00f3n fue \u00fanicamente sobre su tema de investigaci\u00f3n y no toc\u00f3 experiencias personales. La segunda, <strong>Elsa \u00c1vila<\/strong>, ha escalado las monta\u00f1as m\u00e1s altas del mundo y padece una dif\u00edcil enfermedad que la ha llevado a replantearse la forma en la que se enfrenta a la vida. Esta \u00faltima hizo hincapi\u00e9 en las muchas veces que le dijeron que, al ser mujer, no deb\u00eda escalar monta\u00f1as; sin embargo, se sobrepuso a esas palabras para lograr las metas que se plante\u00f3.<br \/>\nRecibir un premio por estudiar una enfermedad que afecta a pocas personas y es transmitida v\u00eda unas chinches, es ser excepcional en el mundo de la competencia y el m\u00e9rito. Recibir un reconocimiento a la investigaci\u00f3n es verdaderamente excepcional, porque es competir con qui\u00e9n sabe cu\u00e1ntos investigadores del mundo que gozan, por el simple hecho de haber nacido, de los privilegios de los que hablaba Mauro Antonio Vargas. Lamentamos que Matilde Jimenez Coello no nos haya contado m\u00e1s sobre eso. Algo similar es haber escalado el <strong>Everest<\/strong>, emprender varias veces ese viaje que de entrada tiene un riesgo muy alto, y m\u00e1s hacerlo padeciendo una enfermedad que a lo largo de su vida le ha ocasionado cuatro infartos cerebrales. En un punto se cans\u00f3 de ser lo que se esperaba de ella, una <strong>superhero\u00edna<\/strong> que ni se fatiga, ni llora, ni se siente muy mal un d\u00eda, y decidi\u00f3 que las monta\u00f1as est\u00e1n en todos lados y se pueden escalar todo el tiempo, que es mejor ser, como dice ella, \u201cuna an\u00e9cdota viva que una estad\u00edstica muerta\u201d y ense\u00f1ar a otras personas eso.<br \/>\nHasta aqu\u00ed se hacen muy evidentes los est\u00e1ndares que tenemos (todas) para ser visibles, para dar una pl\u00e1tica <strong>TED<\/strong>, por ejemplo.\u00a0Tras escuchar a estos ponentes, se nos invit\u00f3 a comer crepas y a tomar caf\u00e9 en un <strong>foodtruck<\/strong> fuera del auditorio. La cantidad de personas superaba por mucho las capacidades del lugar del evento, no comimos crepas y volvimos al foro para escuchar la segunda parte de las conferencias.<br \/>\nLa primera presentaci\u00f3n del segundo bloque estuvo en manos de <strong>Marcelina Bautista<\/strong>. Mujer que durante varios a\u00f1os se desempe\u00f1\u00f3 como trabajadora del hogar y, en un momento dado, decidi\u00f3 luchar por el reconocimiento de los derechos de las personas en su misma situaci\u00f3n laboral. As\u00ed fue como fund\u00f3 el <strong>Centro de Apoyo y Capacitaci\u00f3n para Empleadas del Hogar A.C<\/strong> cuyo objetivo es presionar al gobierno mexicano para que se reconozcan los <strong>derechos laborales<\/strong> de las personas que trabajan en los hogares. Los aplausos del p\u00fablico se hac\u00edan escuchar cada vez que ella hablaba de alg\u00fan logro, incluso al final, muchas personas se levantaron de su asiento a modo de ovaci\u00f3n. Fue interesante observar que esta situaci\u00f3n se diera \u00fanicamente con ella, como si fuera una especie de esp\u00e9cimen de circo.<br \/>\nAlgo que toca fibras, no porque sea una revelaci\u00f3n, pero siempre te pega: lo denigrante que es la sociedad, que Marcelina Bautista tenga que luchar para que el trabajo del hogar sea digno es asqueroso. Ese mismo trabajo (s\u00f3lo en t\u00e9cnica y materiales) que hacen las <strong>trabajadoras del hogar<\/strong> lo hacemos muchas de nosotras todos los d\u00edas, no nos parece indigno, no se nos ve con l\u00e1stima ni con reprobaci\u00f3n. Su asociaci\u00f3n se dedica a dignificarlo, reconocerlo, dotarlo de los derechos que vienen con \u00e9l, como con cualquier trabajo. Aunque no es cualquiera, esa charla empez\u00f3 con un comentario muy interesante sobre los v\u00ednculos afectivos, en muchos hogares son ellas quienes cargan a los hijos, y muchas veces, a\u00fan siendo ni\u00f1as ellas mismas.<br \/>\nFue la \u00fanica exposici\u00f3n que recibi\u00f3 una ovaci\u00f3n de pie. Pararse es lo mismo que pensar que ellas no saben escribir, o contar, o que no merecen <strong>seguridad social<\/strong>. Fue perturbador.<br \/>\nLas \u00faltimas dos presentaciones, fueron la cereza podrida del evento. <strong>Ad\u00e1n Salinas Alverdi<\/strong>, curador, muse\u00f3grafo y director general de la <strong>Muestra Internacional de Cine con Perspectiva de G\u00e9nero<\/strong> (MICG\u00e9nero), mantuvo un ritmo lento, y habl\u00f3 de su historia personal y casi nada de la MICG\u00e9nero. Mucho menos, habl\u00f3 de los privilegios que ha tenido al ser hombre y c\u00f3mo esto ha impactado en su desarrollo profesional. Hab\u00edamos escuchado a mujeres que deben haber sido voraces, hecho miles de sacrificios (por llamarles de alguna manera a sus decisiones), pasar por interminables filtros, ojos juzgadores, enfrentar las dificultades diarias y las propias de sus haza\u00f1as, el menosprecio, demostrar, justificar, haber gozado de sus logros pero tambi\u00e9n llevado a cuestas la observaci\u00f3n y cr\u00edtica de eso, de su \u00e9xito. No es que el organizador de <strong>MIC<\/strong> haya recibido todo dado, ni que hacer un festival de cine de g\u00e9nero sea cosa sencilla, es que los requisitos para \u00e9l y para todas las dem\u00e1s son incomparables.<br \/>\nLa segunda parte de las charlas fue decayendo y culmin\u00f3 con que la <strong>conferencista<\/strong> dijera que el g\u00e9nero es tan solo un mandato, un manual, y que los cr\u00edmenes de odio se deben a que la <strong>homofobia<\/strong> consiste en que a los \u201cmachos\u201d no les parezca que otro hombre se afemine porque no entienden que renuncie a su privilegio, del que ellos gozan todo el tiempo. Como si el mundo estuviera dividido en <strong>heterosexuales<\/strong> y<strong> homosexuales<\/strong> \u2013feminizados- o, como se sinti\u00f3 en un punto, en mujeres abnegadas, mujeres imponentes y hombres. <strong>Fernanda Tapia<\/strong>, la simp\u00e1tica comunicadora que siempre encuentra c\u00f3mo hacer referencia a sus enormes senos, subi\u00f3 al escenario con la intenci\u00f3n de criticar los <strong>roles establecidos<\/strong> de hombres y mujeres haciendo chistes estereotipados que poco o nada aportaron a su intenci\u00f3n inicial. Lamentable que, en un evento supuestamente de g\u00e9nero, se permitiera a una ponente hablar con un total desconocimiento de la diferencia entre t\u00e9rminos como sexo, identidad de g\u00e9nero y preferencia sexual.<br \/>\nEl <strong>g\u00e9nero<\/strong> es muy complicado. En el mundo, la mayor\u00eda de los muertos por accidentes, abuso de sustancias, homicidios, y en una batalla son de sexo masculino (\u00bfen d\u00f3nde est\u00e1 el privilegio?). La mayor\u00eda de las v\u00edctimas de maltrato dom\u00e9stico son de <strong>sexo femenino<\/strong>, independientemente de su etnia, ubicaci\u00f3n, ingresos o educaci\u00f3n (\u00bfel hogar es nuestro lugar?). Por eso, como p\u00fablico en un pa\u00eds en el que todos los d\u00edas asesinan mujeres, esperamos que no se nos invite a firmar un documento para obligar a que ense\u00f1en a ni\u00f1as y ni\u00f1os sobre perspectiva de g\u00e9nero en k\u00ednder y as\u00ed acabar, por fin, con el problema de ra\u00edz. Y con eso cerr\u00f3 el evento TED.<br \/>\nNo perdemos la oportunidad de recomendar al equipo de <strong>TEDxCuauht\u00e9moc<\/strong>, que la pr\u00f3xima vez que quieran entrarle a un evento en el que vayan a abordar temas de g\u00e9nero, se asesoren primero. Nos gust\u00f3 mucho ir juntas y escuchar la diversidad de puntos de vista, pensar, platicar. En ese sentido TED cumpli\u00f3 su objetivo. Disfrutamos de varias de las charlas, pero no nos gust\u00f3 el final ni que tuvieran tanta presencia los patrocinadores.<br \/>\n_______<br \/>\nAlejandra Padilla \u2013 Egresada de la carrera de Ciencia Pol\u00edtica y feminista. Actualmente es becaria de investigaci\u00f3n el en Colegio de M\u00e9xico. Ha trabajado en diversas organizaciones de la sociedad civil y se ha especializado en temas de derechos sexuales y reproductivos.<br \/>\nEmilia Perujo- Antrop\u00f3loga social, investiga v\u00ednculos de parentesco contempor\u00e1neos y experiencias reproductivas masculinas. Guitarronera y locutora de Ampersand.<\/p>\n","protected":false},"template":"","meta":{"_id_youtube":"","_id_vimeo":"","_podcasts_duration":"","_podcasts_url":"","_podcasts_show":"","_prog_horario_dias":"","_prog_hora":"","_prog_duration":""},"class_list":["post-11542","archivo","type-archivo","status-publish","hentry"],"_links":{"self":[{"href":"https:\/\/nofm-radio.com\/index.php?rest_route=\/wp\/v2\/archivo\/11542","targetHints":{"allow":["GET"]}}],"collection":[{"href":"https:\/\/nofm-radio.com\/index.php?rest_route=\/wp\/v2\/archivo"}],"about":[{"href":"https:\/\/nofm-radio.com\/index.php?rest_route=\/wp\/v2\/types\/archivo"}],"wp:attachment":[{"href":"https:\/\/nofm-radio.com\/index.php?rest_route=%2Fwp%2Fv2%2Fmedia&parent=11542"}],"curies":[{"name":"wp","href":"https:\/\/api.w.org\/{rel}","templated":true}]}}

<p>Por Alejandra Padilla <a href="https://twitter.com/nefelibata_a">@nefelibata_a</a><br />
Emilia Perujo <a href="https://twitter.com/emilia_perujo">@emilia_perujo</a><br />
Si la audiencia sale inspirada de las <strong>pláticas TED</strong>, cumplieron su objetivo: tocarte, generar algo. Asistimos a <strong>TEDxCuauhtemoc</strong> en la <strong>Universidad de la Comunicación</strong> a escuchar las charlas de TEDxMujer.” X” quiere decir que son eventos organizados independientemente.<br />
El evento del 28 de mayo fue promocionado como uno de <strong>temas de género</strong>. El nombre, al menos, era medianamente prometedor: TEDxMujer. Desde ese título surgió la primera pregunta, por qué “mujer” y no “mujeres”. El <strong>feminismo</strong> desde hace años ha subrayado la necesidad de hablar de mujeres, así, en plural, con la intención de hacer evidente que no hay un modelo establecido de mujer, sino que cada una es distinta por su historia de vida y la circunstancias que la rodean. Para la investigación de género es difícil encontrar <strong>espacios de difusión</strong> que no sean extremosos –o muy especializados o muy vagos o “poco serios”-. Justamente esa fue la conversación de antesala de nosotras, nuestros gustos, retos, lo problemático de algunos temas y sobre todo de las maneras en las que se pueden concretar los proyectos. A veces plantearse hacer investigación de temas de género es como pedir un micro espacio dentro de un micro espacio.<br />
Los temas presentados fueron diversos, cuatro mujeres y dos hombres compartieron sus intereses e historias personales intentando de alguna forma tener como eje el nombre del evento. Aunque, para ser un evento que incluye la palabra “mujer” en el título, el hecho de que el primer presentador fuera hombre, resultó sorpresivo. El fundador de <strong>Género y Desarrollo A.C</strong> (Gendes), <strong>Mauro Antonio Vargas</strong>, habló sobre cómo se acercó a temas de género y por qué decidió crear una organización que trata temas de <strong>masculinidades</strong>. Sin duda, fue uno de los mejores ponentes. Fue grato escucharlo, trabaja para prevenir la violencia con hombres, a raíz de cuestionarse sus propios privilegios y los costos que vienen con ellos.<br />
Las siguientes dos ponentes, por sí mismas, han vencido grandes retos. La primera, <strong>Matilde Jiménez Coello</strong>, es una investigadora que centra sus esfuerzos en encontrar formas de prevenir y erradicar la <strong>enfermedad de chagas</strong>; la presentación fue únicamente sobre su tema de investigación y no tocó experiencias personales. La segunda, <strong>Elsa Ávila</strong>, ha escalado las montañas más altas del mundo y padece una difícil enfermedad que la ha llevado a replantearse la forma en la que se enfrenta a la vida. Esta última hizo hincapié en las muchas veces que le dijeron que, al ser mujer, no debía escalar montañas; sin embargo, se sobrepuso a esas palabras para lograr las metas que se planteó.<br />
Recibir un premio por estudiar una enfermedad que afecta a pocas personas y es transmitida vía unas chinches, es ser excepcional en el mundo de la competencia y el mérito. Recibir un reconocimiento a la investigación es verdaderamente excepcional, porque es competir con quién sabe cuántos investigadores del mundo que gozan, por el simple hecho de haber nacido, de los privilegios de los que hablaba Mauro Antonio Vargas. Lamentamos que Matilde Jimenez Coello no nos haya contado más sobre eso. Algo similar es haber escalado el <strong>Everest</strong>, emprender varias veces ese viaje que de entrada tiene un riesgo muy alto, y más hacerlo padeciendo una enfermedad que a lo largo de su vida le ha ocasionado cuatro infartos cerebrales. En un punto se cansó de ser lo que se esperaba de ella, una <strong>superheroína</strong> que ni se fatiga, ni llora, ni se siente muy mal un día, y decidió que las montañas están en todos lados y se pueden escalar todo el tiempo, que es mejor ser, como dice ella, “una anécdota viva que una estadística muerta” y enseñar a otras personas eso.<br />
Hasta aquí se hacen muy evidentes los estándares que tenemos (todas) para ser visibles, para dar una plática <strong>TED</strong>, por ejemplo. Tras escuchar a estos ponentes, se nos invitó a comer crepas y a tomar café en un <strong>foodtruck</strong> fuera del auditorio. La cantidad de personas superaba por mucho las capacidades del lugar del evento, no comimos crepas y volvimos al foro para escuchar la segunda parte de las conferencias.<br />
La primera presentación del segundo bloque estuvo en manos de <strong>Marcelina Bautista</strong>. Mujer que durante varios años se desempeñó como trabajadora del hogar y, en un momento dado, decidió luchar por el reconocimiento de los derechos de las personas en su misma situación laboral. Así fue como fundó el <strong>Centro de Apoyo y Capacitación para Empleadas del Hogar A.C</strong> cuyo objetivo es presionar al gobierno mexicano para que se reconozcan los <strong>derechos laborales</strong> de las personas que trabajan en los hogares. Los aplausos del público se hacían escuchar cada vez que ella hablaba de algún logro, incluso al final, muchas personas se levantaron de su asiento a modo de ovación. Fue interesante observar que esta situación se diera únicamente con ella, como si fuera una especie de espécimen de circo.<br />
Algo que toca fibras, no porque sea una revelación, pero siempre te pega: lo denigrante que es la sociedad, que Marcelina Bautista tenga que luchar para que el trabajo del hogar sea digno es asqueroso. Ese mismo trabajo (sólo en técnica y materiales) que hacen las <strong>trabajadoras del hogar</strong> lo hacemos muchas de nosotras todos los días, no nos parece indigno, no se nos ve con lástima ni con reprobación. Su asociación se dedica a dignificarlo, reconocerlo, dotarlo de los derechos que vienen con él, como con cualquier trabajo. Aunque no es cualquiera, esa charla empezó con un comentario muy interesante sobre los vínculos afectivos, en muchos hogares son ellas quienes cargan a los hijos, y muchas veces, aún siendo niñas ellas mismas.<br />
Fue la única exposición que recibió una ovación de pie. Pararse es lo mismo que pensar que ellas no saben escribir, o contar, o que no merecen <strong>seguridad social</strong>. Fue perturbador.<br />
Las últimas dos presentaciones, fueron la cereza podrida del evento. <strong>Adán Salinas Alverdi</strong>, curador, museógrafo y director general de la <strong>Muestra Internacional de Cine con Perspectiva de Género</strong> (MICGénero), mantuvo un ritmo lento, y habló de su historia personal y casi nada de la MICGénero. Mucho menos, habló de los privilegios que ha tenido al ser hombre y cómo esto ha impactado en su desarrollo profesional. Habíamos escuchado a mujeres que deben haber sido voraces, hecho miles de sacrificios (por llamarles de alguna manera a sus decisiones), pasar por interminables filtros, ojos juzgadores, enfrentar las dificultades diarias y las propias de sus hazañas, el menosprecio, demostrar, justificar, haber gozado de sus logros pero también llevado a cuestas la observación y crítica de eso, de su éxito. No es que el organizador de <strong>MIC</strong> haya recibido todo dado, ni que hacer un festival de cine de género sea cosa sencilla, es que los requisitos para él y para todas las demás son incomparables.<br />
La segunda parte de las charlas fue decayendo y culminó con que la <strong>conferencista</strong> dijera que el género es tan solo un mandato, un manual, y que los crímenes de odio se deben a que la <strong>homofobia</strong> consiste en que a los “machos” no les parezca que otro hombre se afemine porque no entienden que renuncie a su privilegio, del que ellos gozan todo el tiempo. Como si el mundo estuviera dividido en <strong>heterosexuales</strong> y<strong> homosexuales</strong> –feminizados- o, como se sintió en un punto, en mujeres abnegadas, mujeres imponentes y hombres. <strong>Fernanda Tapia</strong>, la simpática comunicadora que siempre encuentra cómo hacer referencia a sus enormes senos, subió al escenario con la intención de criticar los <strong>roles establecidos</strong> de hombres y mujeres haciendo chistes estereotipados que poco o nada aportaron a su intención inicial. Lamentable que, en un evento supuestamente de género, se permitiera a una ponente hablar con un total desconocimiento de la diferencia entre términos como sexo, identidad de género y preferencia sexual.<br />
El <strong>género</strong> es muy complicado. En el mundo, la mayoría de los muertos por accidentes, abuso de sustancias, homicidios, y en una batalla son de sexo masculino (¿en dónde está el privilegio?). La mayoría de las víctimas de maltrato doméstico son de <strong>sexo femenino</strong>, independientemente de su etnia, ubicación, ingresos o educación (¿el hogar es nuestro lugar?). Por eso, como público en un país en el que todos los días asesinan mujeres, esperamos que no se nos invite a firmar un documento para obligar a que enseñen a niñas y niños sobre perspectiva de género en kínder y así acabar, por fin, con el problema de raíz. Y con eso cerró el evento TED.<br />
No perdemos la oportunidad de recomendar al equipo de <strong>TEDxCuauhtémoc</strong>, que la próxima vez que quieran entrarle a un evento en el que vayan a abordar temas de género, se asesoren primero. Nos gustó mucho ir juntas y escuchar la diversidad de puntos de vista, pensar, platicar. En ese sentido TED cumplió su objetivo. Disfrutamos de varias de las charlas, pero no nos gustó el final ni que tuvieran tanta presencia los patrocinadores.<br />
_______<br />
Alejandra Padilla – Egresada de la carrera de Ciencia Política y feminista. Actualmente es becaria de investigación el en Colegio de México. Ha trabajado en diversas organizaciones de la sociedad civil y se ha especializado en temas de derechos sexuales y reproductivos.<br />
Emilia Perujo- Antropóloga social, investiga vínculos de parentesco contemporáneos y experiencias reproductivas masculinas. Guitarronera y locutora de Ampersand.</p>
