{"id":11564,"date":"2015-06-02T10:53:59","date_gmt":"2015-06-02T15:53:59","guid":{"rendered":"http:\/\/nofm-radio.com\/?p=11564"},"modified":"2015-06-02T10:53:59","modified_gmt":"2015-06-02T15:53:59","slug":"aqui-puede-escuchar-el-especial-fe-en-las-instituciones","status":"publish","type":"archivo","link":"https:\/\/nofm-radio.com\/?archivo=aqui-puede-escuchar-el-especial-fe-en-las-instituciones","title":{"rendered":"Aqu\u00ed puede escuchar el Especial \u00bfFe en las instituciones?"},"content":{"rendered":"<p>En M\u00e9xico, s\u00f3lo el 22% de la poblaci\u00f3n en edad de elegir conf\u00eda en los <strong>partidos pol\u00edticos<\/strong>. El porcentaje de confianza en el <strong>tribunal electoral<\/strong> y en el \u00f3rgano regulador (<strong>INE<\/strong>) no supera el 60%. Con esto en mente y con las <strong>elecciones<\/strong> en puerta, realizamos el programa especial \u00bfFe en las instituciones?<br \/>\nEn el programa se abordaron temas como el funcionamiento de la estructura electoral de nuestro pa\u00eds, el sistema de los partidos pol\u00edticos, los \u00edndices de<strong> representatividad<\/strong>, la participaci\u00f3n ciudadana y las opciones de los electores, desde la partidista hasta el <strong>voto nulo,\u00a0<\/strong>el\u00a0<strong>voto \u00fatil<\/strong> y el <strong>abstencionismo<\/strong>. Finalmente, cerramos con un debate con <strong>representantes ciudadanos<\/strong> de los partidos pol\u00edticos con mayor presencia en nuestro pa\u00eds a los que cuestionamos su papel en un pa\u00eds que no cree en ellos.<br \/>\nLos invitamos a escuchar y analizar este programa transmitido el pasado 29 de mayo, realizado por<strong> NoFM, Mel\u00ed Mel\u00f3 Cultura<\/strong> y Revista <strong>Paradigmas<\/strong>.<br \/>\n#EspecialesNoFM presenta \u00bfFe en las instituciones?<br \/>\n[audio:http:\/\/nofm-radio.com\/podcast\/Especiales_NoFM_Fe_en_las_Instituciones.mp3]<\/p>\n","protected":false},"template":"","meta":{"_id_youtube":"","_id_vimeo":"","_podcasts_duration":"","_podcasts_url":"","_podcasts_show":"","_prog_horario_dias":"","_prog_hora":"","_prog_duration":""},"class_list":["post-11564","archivo","type-archivo","status-publish","hentry"],"_links":{"self":[{"href":"https:\/\/nofm-radio.com\/index.php?rest_route=\/wp\/v2\/archivo\/11564","targetHints":{"allow":["GET"]}}],"collection":[{"href":"https:\/\/nofm-radio.com\/index.php?rest_route=\/wp\/v2\/archivo"}],"about":[{"href":"https:\/\/nofm-radio.com\/index.php?rest_route=\/wp\/v2\/types\/archivo"}],"wp:attachment":[{"href":"https:\/\/nofm-radio.com\/index.php?rest_route=%2Fwp%2Fv2%2Fmedia&parent=11564"}],"curies":[{"name":"wp","href":"https:\/\/api.w.org\/{rel}","templated":true}]}}

Aquí puede escuchar el Especial ¿Fe en las instituciones?

<p>En México, sólo el 22% de la población en edad de elegir confía en los <strong>partidos políticos</strong>. El porcentaje de confianza en el <strong>tribunal electoral</strong> y en el órgano regulador (<strong>INE</strong>) no supera el 60%. Con esto en mente y con las <strong>elecciones</strong> en puerta, realizamos el programa especial ¿Fe en las instituciones?<br />
En el programa se abordaron temas como el funcionamiento de la estructura electoral de nuestro país, el sistema de los partidos políticos, los índices de<strong> representatividad</strong>, la participación ciudadana y las opciones de los electores, desde la partidista hasta el <strong>voto nulo, </strong>el <strong>voto útil</strong> y el <strong>abstencionismo</strong>. Finalmente, cerramos con un debate con <strong>representantes ciudadanos</strong> de los partidos políticos con mayor presencia en nuestro país a los que cuestionamos su papel en un país que no cree en ellos.<br />
Los invitamos a escuchar y analizar este programa transmitido el pasado 29 de mayo, realizado por<strong> NoFM, Melí Meló Cultura</strong> y Revista <strong>Paradigmas</strong>.<br />
#EspecialesNoFM presenta ¿Fe en las instituciones?<br />
[audio:http://nofm-radio.com/podcast/Especiales_NoFM_Fe_en_las_Instituciones.mp3]</p>
