{"id":11622,"date":"2015-06-05T10:00:57","date_gmt":"2015-06-05T15:00:57","guid":{"rendered":"http:\/\/nofm-radio.com\/?p=11622"},"modified":"2015-06-05T10:00:57","modified_gmt":"2015-06-05T15:00:57","slug":"novotarovotar-votar","status":"publish","type":"archivo","link":"https:\/\/nofm-radio.com\/?archivo=novotarovotar-votar","title":{"rendered":"#NoVotarOVotar. Votar"},"content":{"rendered":"<p><em style=\"color: #565656;\">El 7 de junio se acerca peligrosamente. Para algunos es la fecha en que el sistema pol\u00edtico recibir\u00e1 nuestra merecida indiferencia, para otros es de nuevo la oportunidad de ejercer un derecho que no podemos darnos el lujo de perder. No Votar o Votar, cada ciudadano tiene una postura, o debiera tenerla. Frente a la gesta electoral y todos sus vicios, NoFM mantiene una postura cr\u00edtica y asume su responsabilidad como medio de comunicaci\u00f3n para mostrar parte del sentir de la sociedad que se cuestiona el funcionamiento de nuestro sistema partidista. Por ello, del 20 de abril al 5 de junio, publicaremos una columna diaria con la postura de distintos ciudadanos. No Votar O Votar, lo invitamos a participar en este debate.<\/em><\/p>\n<p style=\"text-align: center;\"><strong>Votar<\/strong><\/p>\n<p>Por Gabriel Vel\u00e1zquez Garc\u00eda<br \/>\n<a href=\"https:\/\/twitter.com\/GaboEnTuiter\">@<span style=\"color: #222222;\">GaboEnTuiter<\/span><\/a><br \/>\nAmigos, yo soy Gabriel Vel\u00e1zquez y vengo a invitarte a <strong>votar<\/strong>.<br \/>\nAntes de mentarme la madre, o cerrar est\u00e1 ventana, te invito a que lo consideres. He estado leyendo los art\u00edculos de opini\u00f3n recientes, sobre el gran debate <strong>#NoVotarOVotar<\/strong>. Todos tenemos una postura, y cada cabeza es un mundo, imag\u00ednense desde ah\u00ed como est\u00e1 la cosa.<br \/>\nUna de las opiniones m\u00e1s recientes que he le\u00eddo, y que caus\u00f3 m\u00e1s impacto en este texto es la de <strong><a href=\"http:\/\/nofm-radio.com\/2015\/06\/novotarovotar-una-sospecha\/\">Tania Tagle<\/a><\/strong>, que me ha gustado mucho, pero trae un mensaje totalmente desesperanzado en cuanto al rumbo de este pa\u00eds.\u00a0Y es que en realidad M\u00e9xico no se va a componer el 8 de junio, un lunes cualquiera con resaca <strong>electoral<\/strong>, y despu\u00e9s de un partido de la selecci\u00f3n. No, esto no funciona as\u00ed.<br \/>\nRepito, todos tenemos una postura diferente en cuanto a la <strong>votaci\u00f3n:<\/strong>\u00a0\u201cejercer tu derecho\u201d, \u201ctu obligaci\u00f3n como ciudadano\u201d, \u201cPara que votar si nada va a cambiar\u201d, \u201cElegir en secreto a quien me roba en p\u00fablico\u201d\u2026 Somos muchos. El punto de este escrito radica en que, a pesar de todos estos pensamientos y por mucha vuelta que le demos a este asunto, el 7 de junio se da un <strong>proceso electoral<\/strong>, nos guste o no, nos enojemos o no, pataleemos y hagamos berrinche, eso suceder\u00e1.<br \/>\nOtra cuesti\u00f3n en este escrito es que somos la <strong>revoluci\u00f3n de la m\u00e1quinas.<\/strong>\u00a0Yo estoy escribiendo y enviando a una nube intangible en Internet, y\u00a0t\u00fa, en la comodidad de tu hogar lees esto. Por otro lado, en este preciso momento hay a escasos 300 metros de mi un mitin de un <strong>partido pol\u00edtico<\/strong>, hay cerca de mil asistentes, de los cuales podr\u00eda asegurar que m\u00e1s del 70% no cuentan con Internet en casa. Ellos no se enteran, ni se informan como supuestamente nosotros lo estamos haciendo; ellos siguen siendo <strong>acarreados,<\/strong> y mientras no solucionemos eso, ANULAR el voto, NO ASISTIR a votar e IMPEDIR EL PROCESO ELECTORAL se me hace de los actos menos consientes e injustos que un ciudadano al que \u201cle importa el rumbo del pa\u00eds y el pueblo\u201d puede cometer. Porque no conocemos ni el poder que tiene un voto, ni las propuestas, ni las personas, ni nada del proceso electoral\u2026 y lo m\u00e1s triste es que tampoco nos importa. Yo se que estamos hartos, pero hermano, la indiferencia es el c\u00e1ncer.<br \/>\nSi nuestro <strong>descontento social<\/strong> con la \u201cdemocracia\u201d es en pro del pueblo menos informado, perd\u00f3nenme amigos m\u00edos, pero desde ah\u00ed estamos cavando tumbas. Esa no es la soluci\u00f3n. Y es que mantenerse en lucha, pelear por la <strong>libertad<\/strong> es algo que va m\u00e1s all\u00e1 que odiar al opresor; somos nuestra propia c\u00e1rcel. Yo quisiera ver a esos combatientes instruyendo, a esos maestros sembrando semilla. Porque la <strong>indiferencia<\/strong> a este proceso hace m\u00e1s da\u00f1o que otra cosa.<br \/>\nVoten. Si fueron llamados a participar en el proceso, comprom\u00e9tanse. \u00bfPor qu\u00e9 los exhorto a todo esto? \u00bfC\u00f3mo me atrevo? \u00a1\u00a1No me vean con esos ojos, tampoco estoy contento!!<br \/>\nEs sencillo: el <strong>proceso electoral<\/strong> se va a dar, quieran o no. Participen o no, anulen o no anulen\u2026 Es verdad: nadie est\u00e1 contento con lo que le est\u00e1 pasando a nuestro pa\u00eds, todos queremos<strong> justicia<\/strong>, a todos nos hiere\u2026 \u201cLos desaparecidos nos faltan a todos\u201d. Todos estamos sangrando por la misma herida, y no es diferente, m\u00e1s que para aquellos mejor acomodados, eso es cierto, \u00a1venga! Ni los problemas est\u00e1n en las <strong>urnas<\/strong>, ni las soluciones tampoco.<br \/>\nPero el punto de mi peque\u00f1a opini\u00f3n es que el pa\u00eds es un anafre de carb\u00f3n al rojo vivo, y cualquiera que se atreva a postularse como <strong>candidato<\/strong> de algo hoy en d\u00eda debe de tener unos huevos de toro para hacerlo, porque se est\u00e1 echando la soga al cuello. Al no asistir a votar, anularlo o incluso votar indiferentemente, estamos dando paso al fin de la esperanza, a lo que muere al final. A desentendernos de lo que est\u00e1 en nuestras manos cambiar; y no estoy diciendo que todo va a cambiar, que estos <strong>gobernantes<\/strong> ser\u00e1n los buenos, que no hay <strong>corruptos<\/strong> y que todo torna de arcoiris y flores con estas nuevas <strong>elecciones<\/strong>; estoy diciendo que con el mismo coraje con el que vemos desmoronarse el pa\u00eds, con ese mismo debemos levantarnos a exigirle al mequetrefe que quede en el poder un gobierno decente, justo y equitativo, exigir que cumpla con su deber, con las papeletas en la mano, y en ese momento no ser\u00e1 pasivamente.<br \/>\nYo los exhorto a votar, informarse, compartir <strong>informaci\u00f3n<\/strong>, informar al pueblo. A seguir resistiendo, no seamos pesimistas, tenemos el poder. No para evitar que las elecciones se den, si no para traer cortito de la soga al imb\u00e9cil que traiga la <strong>banda presidencial<\/strong>, al imb\u00e9cil que se siente en la <strong>c\u00e1mara<\/strong> o en el <strong>senado<\/strong> a \u201crepresentarnos\u201d, porque yo personalmente como ciudadano de los Estados Unidos Mexicanos me comprometo con el que me est\u00e1 leyendo a exigir el cumplimiento de las propuestas por las que decid\u00ed votar. EL PAIS EST\u00c1 SANGRANDO Y LOS POSTULANTES AL PODER O LO SACAN ADELANTE O REPONEN TODO LO PERDIDO.<br \/>\n_____<br \/>\n<span style=\"color: #222222;\">Gabriel Isa\u00ed Vel\u00e1zquez Garc\u00eda (<\/span>Jilotepec, Toluca, M\u00e9xico,\u00a01990)\u00a0Ni\u00f1o \u00edndigo. Gastr\u00f3nomo. Estudiante de maestr\u00eda en Educaci\u00f3n Superior. Le gusta el Hip-Hop y la comunicaci\u00f3n.\u00a0Escritor y m\u00fasico frustrado y analista de sobremesa.<br \/>\n&nbsp;<\/p>\n","protected":false},"template":"","meta":{"_id_youtube":"","_id_vimeo":"","_podcasts_duration":"","_podcasts_url":"","_podcasts_show":"","_prog_horario_dias":"","_prog_hora":"","_prog_duration":""},"class_list":["post-11622","archivo","type-archivo","status-publish","hentry"],"_links":{"self":[{"href":"https:\/\/nofm-radio.com\/index.php?rest_route=\/wp\/v2\/archivo\/11622","targetHints":{"allow":["GET"]}}],"collection":[{"href":"https:\/\/nofm-radio.com\/index.php?rest_route=\/wp\/v2\/archivo"}],"about":[{"href":"https:\/\/nofm-radio.com\/index.php?rest_route=\/wp\/v2\/types\/archivo"}],"wp:attachment":[{"href":"https:\/\/nofm-radio.com\/index.php?rest_route=%2Fwp%2Fv2%2Fmedia&parent=11622"}],"curies":[{"name":"wp","href":"https:\/\/api.w.org\/{rel}","templated":true}]}}

<p><em style="color: #565656;">El 7 de junio se acerca peligrosamente. Para algunos es la fecha en que el sistema político recibirá nuestra merecida indiferencia, para otros es de nuevo la oportunidad de ejercer un derecho que no podemos darnos el lujo de perder. No Votar o Votar, cada ciudadano tiene una postura, o debiera tenerla. Frente a la gesta electoral y todos sus vicios, NoFM mantiene una postura crítica y asume su responsabilidad como medio de comunicación para mostrar parte del sentir de la sociedad que se cuestiona el funcionamiento de nuestro sistema partidista. Por ello, del 20 de abril al 5 de junio, publicaremos una columna diaria con la postura de distintos ciudadanos. No Votar O Votar, lo invitamos a participar en este debate.</em></p>
<p style="text-align: center;"><strong>Votar</strong></p>
<p>Por Gabriel Velázquez García<br />
<a href="https://twitter.com/GaboEnTuiter">@<span style="color: #222222;">GaboEnTuiter</span></a><br />
Amigos, yo soy Gabriel Velázquez y vengo a invitarte a <strong>votar</strong>.<br />
Antes de mentarme la madre, o cerrar está ventana, te invito a que lo consideres. He estado leyendo los artículos de opinión recientes, sobre el gran debate <strong>#NoVotarOVotar</strong>. Todos tenemos una postura, y cada cabeza es un mundo, imagínense desde ahí como está la cosa.<br />
Una de las opiniones más recientes que he leído, y que causó más impacto en este texto es la de <strong><a href="http://nofm-radio.com/2015/06/novotarovotar-una-sospecha/">Tania Tagle</a></strong>, que me ha gustado mucho, pero trae un mensaje totalmente desesperanzado en cuanto al rumbo de este país. Y es que en realidad México no se va a componer el 8 de junio, un lunes cualquiera con resaca <strong>electoral</strong>, y después de un partido de la selección. No, esto no funciona así.<br />
Repito, todos tenemos una postura diferente en cuanto a la <strong>votación:</strong> “ejercer tu derecho”, “tu obligación como ciudadano”, “Para que votar si nada va a cambiar”, “Elegir en secreto a quien me roba en público”… Somos muchos. El punto de este escrito radica en que, a pesar de todos estos pensamientos y por mucha vuelta que le demos a este asunto, el 7 de junio se da un <strong>proceso electoral</strong>, nos guste o no, nos enojemos o no, pataleemos y hagamos berrinche, eso sucederá.<br />
Otra cuestión en este escrito es que somos la <strong>revolución de la máquinas.</strong> Yo estoy escribiendo y enviando a una nube intangible en Internet, y tú, en la comodidad de tu hogar lees esto. Por otro lado, en este preciso momento hay a escasos 300 metros de mi un mitin de un <strong>partido político</strong>, hay cerca de mil asistentes, de los cuales podría asegurar que más del 70% no cuentan con Internet en casa. Ellos no se enteran, ni se informan como supuestamente nosotros lo estamos haciendo; ellos siguen siendo <strong>acarreados,</strong> y mientras no solucionemos eso, ANULAR el voto, NO ASISTIR a votar e IMPEDIR EL PROCESO ELECTORAL se me hace de los actos menos consientes e injustos que un ciudadano al que “le importa el rumbo del país y el pueblo” puede cometer. Porque no conocemos ni el poder que tiene un voto, ni las propuestas, ni las personas, ni nada del proceso electoral… y lo más triste es que tampoco nos importa. Yo se que estamos hartos, pero hermano, la indiferencia es el cáncer.<br />
Si nuestro <strong>descontento social</strong> con la “democracia” es en pro del pueblo menos informado, perdónenme amigos míos, pero desde ahí estamos cavando tumbas. Esa no es la solución. Y es que mantenerse en lucha, pelear por la <strong>libertad</strong> es algo que va más allá que odiar al opresor; somos nuestra propia cárcel. Yo quisiera ver a esos combatientes instruyendo, a esos maestros sembrando semilla. Porque la <strong>indiferencia</strong> a este proceso hace más daño que otra cosa.<br />
Voten. Si fueron llamados a participar en el proceso, comprométanse. ¿Por qué los exhorto a todo esto? ¿Cómo me atrevo? ¡¡No me vean con esos ojos, tampoco estoy contento!!<br />
Es sencillo: el <strong>proceso electoral</strong> se va a dar, quieran o no. Participen o no, anulen o no anulen… Es verdad: nadie está contento con lo que le está pasando a nuestro país, todos queremos<strong> justicia</strong>, a todos nos hiere… “Los desaparecidos nos faltan a todos”. Todos estamos sangrando por la misma herida, y no es diferente, más que para aquellos mejor acomodados, eso es cierto, ¡venga! Ni los problemas están en las <strong>urnas</strong>, ni las soluciones tampoco.<br />
Pero el punto de mi pequeña opinión es que el país es un anafre de carbón al rojo vivo, y cualquiera que se atreva a postularse como <strong>candidato</strong> de algo hoy en día debe de tener unos huevos de toro para hacerlo, porque se está echando la soga al cuello. Al no asistir a votar, anularlo o incluso votar indiferentemente, estamos dando paso al fin de la esperanza, a lo que muere al final. A desentendernos de lo que está en nuestras manos cambiar; y no estoy diciendo que todo va a cambiar, que estos <strong>gobernantes</strong> serán los buenos, que no hay <strong>corruptos</strong> y que todo torna de arcoiris y flores con estas nuevas <strong>elecciones</strong>; estoy diciendo que con el mismo coraje con el que vemos desmoronarse el país, con ese mismo debemos levantarnos a exigirle al mequetrefe que quede en el poder un gobierno decente, justo y equitativo, exigir que cumpla con su deber, con las papeletas en la mano, y en ese momento no será pasivamente.<br />
Yo los exhorto a votar, informarse, compartir <strong>información</strong>, informar al pueblo. A seguir resistiendo, no seamos pesimistas, tenemos el poder. No para evitar que las elecciones se den, si no para traer cortito de la soga al imbécil que traiga la <strong>banda presidencial</strong>, al imbécil que se siente en la <strong>cámara</strong> o en el <strong>senado</strong> a “representarnos”, porque yo personalmente como ciudadano de los Estados Unidos Mexicanos me comprometo con el que me está leyendo a exigir el cumplimiento de las propuestas por las que decidí votar. EL PAIS ESTÁ SANGRANDO Y LOS POSTULANTES AL PODER O LO SACAN ADELANTE O REPONEN TODO LO PERDIDO.<br />
_____<br />
<span style="color: #222222;">Gabriel Isaí Velázquez García (</span>Jilotepec, Toluca, México, 1990) Niño índigo. Gastrónomo. Estudiante de maestría en Educación Superior. Le gusta el Hip-Hop y la comunicación. Escritor y músico frustrado y analista de sobremesa.<br />
&nbsp;</p>
