{"id":13055,"date":"2015-08-13T18:22:09","date_gmt":"2015-08-13T23:22:09","guid":{"rendered":"http:\/\/nofm-radio.com\/?p=13055"},"modified":"2015-08-13T18:22:09","modified_gmt":"2015-08-13T23:22:09","slug":"tedx-cuauthemoc-presenta-despertar-nuevo-ciclo-de-conferencias-ted-el-12-septiembre","status":"publish","type":"archivo","link":"https:\/\/nofm-radio.com\/?archivo=tedx-cuauthemoc-presenta-despertar-nuevo-ciclo-de-conferencias-ted-el-12-septiembre","title":{"rendered":"TEDx Cuauth\u00e9moc presenta Despertar, nuevo ciclo de conferencias TED el 12 septiembre"},"content":{"rendered":"<p>El pr\u00f3ximo <strong>12 de septiembre<\/strong> se llevar\u00e1 a cabo <strong>Despertar<\/strong>, nuevo ciclo de conferencias <strong>TED<\/strong> producido por <strong>TEDx Cuauth\u00e9moc<\/strong>.<br \/>\nLa segunda edici\u00f3n de este evento girar\u00e1 al rededor de 9 charlas que te dejar\u00e1n pregunt\u00e1ndote: \u00bfqu\u00e9 diablos he hecho con mi vida?<br \/>\nLos ponentes son:<br \/>\n<strong>Arturo Aparicio\tVel\u00e1zquez <\/strong>\u201c<strong>Mago Makartur<\/strong>&#8220;. Presidente y fundador de &#8220;<strong>Magos ilusionistas de la UNAM A.C.<\/strong>&#8221;<br \/>\n<strong>Carlos Tapia Camino<\/strong>. Director de <strong>Dale la Cara al Atoyac<\/strong>.<br \/>\n<strong>Crist\u00f3bal Garc\u00eda Jaimes<\/strong>. Co Fundador de <strong>Fundaci\u00f3n Ciencia Sin Fronteras<\/strong>.<br \/>\n<strong>Ernesto Rodr\u00edguez Leal<\/strong>. Fundador y Director de <strong>WeaRobot<\/strong>.<br \/>\n<strong>Miguel Alcubierre Moya<\/strong>. Director del <strong>Instituto de Ciencias Nucleares de la UNAM<\/strong>.<br \/>\n<strong>Simon Anholt<\/strong>. Asesor Internacional de pol\u00edtica.<br \/>\n<strong>Pilar Montes de Oca Sicilia<\/strong>. Creadora y directora de <strong>Algarab\u00eda<\/strong>.<br \/>\n<strong>Tito Fuentes<\/strong>. Cantante y guitarrista de <strong>Molotov<\/strong>.<br \/>\n<strong>Vinicius Covas Alves<\/strong>. Autor del articulo &#8220;<strong>100 impresiones acerca de M\u00e9xico<\/strong>&#8220;.<br \/>\n \u00a0<br \/>\nEl evento es completamente gratuito. Pero se tienen que inscribir al siguiente enlace:<br \/>\n<a href=\"https:\/\/docs.google.com\/forms\/d\/1XEM_vdGjSdIDhKpjh7FC0BydHDsGZS-flRqXWbFfuv4\/viewform\">https:\/\/docs.google.com\/forms\/d\/1XEM_vdGjSdIDhKpjh7FC0BydHDsGZS-flRqXWbFfuv4\/viewform<\/a><br \/>\nSi quiere m\u00e1s informaci\u00f3n s\u00f3lo visite <strong><a href=\"http:\/\/www.tedxcuauhtemoc.org\/\">http:\/\/www.tedxcuauhtemoc.org<\/a>\/<\/strong>.<br \/>\nNos vemos por ah\u00ed. No falte.<br \/>\n \u00a0<br \/>\n \u00a0<br \/>\n \u00a0<br \/>\n \u00a0<\/p>\n","protected":false},"template":"","meta":{"_id_youtube":"","_id_vimeo":"","_podcasts_duration":"","_podcasts_url":"","_podcasts_show":"","_prog_horario_dias":"","_prog_hora":"","_prog_duration":""},"class_list":["post-13055","archivo","type-archivo","status-publish","hentry"],"_links":{"self":[{"href":"https:\/\/nofm-radio.com\/index.php?rest_route=\/wp\/v2\/archivo\/13055","targetHints":{"allow":["GET"]}}],"collection":[{"href":"https:\/\/nofm-radio.com\/index.php?rest_route=\/wp\/v2\/archivo"}],"about":[{"href":"https:\/\/nofm-radio.com\/index.php?rest_route=\/wp\/v2\/types\/archivo"}],"wp:attachment":[{"href":"https:\/\/nofm-radio.com\/index.php?rest_route=%2Fwp%2Fv2%2Fmedia&parent=13055"}],"curies":[{"name":"wp","href":"https:\/\/api.w.org\/{rel}","templated":true}]}}

TEDx Cuauthémoc presenta Despertar, nuevo ciclo de conferencias TED el 12 septiembre

<p>El próximo <strong>12 de septiembre</strong> se llevará a cabo <strong>Despertar</strong>, nuevo ciclo de conferencias <strong>TED</strong> producido por <strong>TEDx Cuauthémoc</strong>.<br />
La segunda edición de este evento girará al rededor de 9 charlas que te dejarán preguntándote: ¿qué diablos he hecho con mi vida?<br />
Los ponentes son:<br />
<strong>Arturo Aparicio	Velázquez </strong>“<strong>Mago Makartur</strong>&#8220;. Presidente y fundador de &#8220;<strong>Magos ilusionistas de la UNAM A.C.</strong>&#8221;<br />
<strong>Carlos Tapia Camino</strong>. Director de <strong>Dale la Cara al Atoyac</strong>.<br />
<strong>Cristóbal García Jaimes</strong>. Co Fundador de <strong>Fundación Ciencia Sin Fronteras</strong>.<br />
<strong>Ernesto Rodríguez Leal</strong>. Fundador y Director de <strong>WeaRobot</strong>.<br />
<strong>Miguel Alcubierre Moya</strong>. Director del <strong>Instituto de Ciencias Nucleares de la UNAM</strong>.<br />
<strong>Simon Anholt</strong>. Asesor Internacional de política.<br />
<strong>Pilar Montes de Oca Sicilia</strong>. Creadora y directora de <strong>Algarabía</strong>.<br />
<strong>Tito Fuentes</strong>. Cantante y guitarrista de <strong>Molotov</strong>.<br />
<strong>Vinicius Covas Alves</strong>. Autor del articulo &#8220;<strong>100 impresiones acerca de México</strong>&#8220;.<br />
  <br />
El evento es completamente gratuito. Pero se tienen que inscribir al siguiente enlace:<br />
<a href="https://docs.google.com/forms/d/1XEM_vdGjSdIDhKpjh7FC0BydHDsGZS-flRqXWbFfuv4/viewform">https://docs.google.com/forms/d/1XEM_vdGjSdIDhKpjh7FC0BydHDsGZS-flRqXWbFfuv4/viewform</a><br />
Si quiere más información sólo visite <strong><a href="http://www.tedxcuauhtemoc.org/">http://www.tedxcuauhtemoc.org</a>/</strong>.<br />
Nos vemos por ahí. No falte.<br />
  <br />
  <br />
  <br />
  </p>
