{"id":13120,"date":"2015-08-19T12:37:08","date_gmt":"2015-08-19T17:37:08","guid":{"rendered":"http:\/\/nofm-radio.com\/?p=13120"},"modified":"2015-08-19T12:37:08","modified_gmt":"2015-08-19T17:37:08","slug":"la-ignominia-urbana-joaquin-diez-canedo-novelo-sobre-el-ccchapultepec","status":"publish","type":"archivo","link":"https:\/\/nofm-radio.com\/?archivo=la-ignominia-urbana-joaquin-diez-canedo-novelo-sobre-el-ccchapultepec","title":{"rendered":"La ignominia urbana. Joaqu\u00edn D\u00edez Canedo Novelo sobre el #CCChapultepec"},"content":{"rendered":"<p><strong>Joaqu\u00edn D\u00edez Canedo Novelo<\/strong><br \/>\n<a href=\"https:\/\/twitter.com\/joaquindcn\">@joaquindcn<\/a><br \/>\nSupongo que nadie en su sano juicio puede estar en contra de una intervenci\u00f3n en la <strong>Avenida Chapultepec<\/strong>, sobre todo si est\u00e1 enfocada en darle un lugar privilegiado al peat\u00f3n y mermar el impacto de los automovilistas[1]. Ahora, de ah\u00ed a que el gobierno de la ciudad quiera convencernos de que un segundo piso \u201ccultural\u201d y con comercio es la opci\u00f3n m\u00e1s viable para arreglar el caos que reina abajo, eso me parece una aberraci\u00f3n. Adem\u00e1s, un vistazo r\u00e1pido revela que el proceso ha sido opaco, apresurado y equivocado; y que todo esfuerzo por llevar a cabo una genuina consulta ciudadana \u2014importante precisamente por la escala y el impacto de este proyecto, \u2014 ha quedado reducido, por tiempos y formas, a una mera apariencia de democracia.<br \/>\nLa realidad es que la ciudad y su <strong>Jefe de Gobierno<\/strong> no necesitar\u00edan de estos esfuerzos superfluos si realmente tuvieran un plan de desarrollo a largo plazo, que incluyera estrategias en toda la zona metropolitana y no s\u00f3lo en la ya muy desarrollada zona c\u00e9ntrica. El <strong>Corredor Cultural Chapultepec<\/strong> es, como lo deja claro el video promocional, s\u00f3lo un icono, un icono grandilocuente pensado para resumir en un gran gesto todo lo que no se ha hecho por el resto de la ciudad; un icono desesperado porque es claro que <strong>Mancera<\/strong> pierde adeptos y necesita convencer a la gente de que su medi\u00e1tica \u201c<strong>CDMX<\/strong>\u201d avanza hacia alg\u00fan lado; un icono nada inocente porque pone en jaque el rol del <strong>Estado<\/strong> frente a la <strong>sociedad civil<\/strong>. \u00bfPara qui\u00e9n piensan la ciudad?<br \/>\n<a class=\"no-eff img-link lightbox\" href=\"http:\/\/nofm-radio.com\/wp-content\/uploads\/2015\/08\/ccc2.jpg\"><img loading=\"lazy\" decoding=\"async\" class=\"size-full wp-image-13122 aligncenter\" src=\"http:\/\/nofm-radio.com\/wp-content\/uploads\/2015\/08\/ccc2.jpg\" alt=\"ccc2\" width=\"695\" height=\"410\" \/><\/a><br \/>\nY lo peor es que si funciona es precisamente porque estamos \u00e1vidos de espect\u00e1culo y circos medi\u00e1ticos, de inmediatismos inconsecuentes y \u201ccool\u201d; porque estamos muertos de ganas de pertenecer al <strong>mundo \u201cglobal<\/strong>\u201d y cualquier idea que parezca importada o \u201cinnovadora\u201d la compramos a cualquier precio, incluso si para llevarla a cabo no se tom\u00f3 en cuenta la opini\u00f3n de nadie, ni se consideraron otras opciones, ni se tomaron en cuenta todos los <strong>efectos secundarios<\/strong> que podr\u00eda conllevar. Necesitamos este montaje vacuo y ellos lo saben. Y en ese mismo mundo de \u201c<strong>progreso<\/strong>\u201d sin cuestionamientos, preferimos la fantasiosa realidad de atardecer dorado y gente rubia que ofrecen los renders de los arquitectos a la abrumadora y compleja realidad social que es la norma de esta ciudad, porque \u00bfpara qu\u00e9 enfrentar los problemas cuando los podemos tapar con \u00e1rboles imposibles, jardines colgantes y segundos pisos m\u00e1gicos?<br \/>\nAdem\u00e1s juega porque somos una <strong>sociedad<\/strong> tan poco preparada que los tibios e ignorantes que nos gobiernan pueden hacer lo que quieran \u2014 es decir, hacer un <strong>centro comercial<\/strong> con algunas jardineras, \u2014 con tan s\u00f3lo decir que es un corredor que fomentar\u00e1 la \u201ccultura\u201d. Y para convencernos de que van en serio y que realmente les importa el desarrollo de algo que en realidad no apoyan, designan con colorcitos, como si fu\u00e9ramos ni\u00f1os, \u00e1reas espec\u00edficas para cada una de las \u201c<strong>bellas artes<\/strong>\u201d. Y as\u00ed tenemos la pintura y la escultura y la danza y el teatro, y no se olviden de la fotograf\u00eda y la m\u00fasica y el cine y la arquitectura, porque la <strong>cultura<\/strong>, para estos genios, es eso: categor\u00edas de colores perfectamente enmarcadas. Pregunto, \u00bfqu\u00e9 saben ellos de cultura, si toda la infraestructura de los alrededores, su competencia, subsiste gracias a una mezcla entre genuino amor al arte y mucha suerte? \u00bfQu\u00e9 saben ellos si creen que lo que su proyecto hace es \u201ccelebrar\u201d \u2014 porque aunque parezca incre\u00edble as\u00ed lo dijo el genial <strong>Fernando Romero<\/strong>, \u2014 la historia de nuestra ciudad?<br \/>\n<a class=\"no-eff img-link lightbox\" href=\"http:\/\/nofm-radio.com\/wp-content\/uploads\/2015\/08\/ccc3.jpg\"><img loading=\"lazy\" decoding=\"async\" class=\"size-full wp-image-13123 aligncenter\" src=\"http:\/\/nofm-radio.com\/wp-content\/uploads\/2015\/08\/ccc3.jpg\" alt=\"ccc3\" width=\"665\" height=\"500\" \/><\/a><br \/>\nY lo venden como <strong>espacio p\u00fablico<\/strong> cuando en realidad est\u00e1n cediendo lo poco de p\u00fablico que tiene a un ente de moral dudosa que impondr\u00e1 las normas de conducta, eliminando as\u00ed cualquier anomal\u00eda que amenace el orden establecido. Y en sus p\u00e1ginas de <strong>Excel<\/strong> el espacio p\u00fablico son s\u00f3lo n\u00fameros y m\u00e1s n\u00fameros, como dice sonriente un impecable funcionario con gomina que al tiempo de hablar de transparencia se da el lujo de bloquear a los que se atreven a cuestionarlo.<br \/>\nY aun as\u00ed pasar\u00e1 como todo pasa en este pa\u00eds de <strong>imposiciones<\/strong> turbias e innecesarias. Pasar\u00e1 y ser\u00e1 el \u00fanico legado que el ignominioso y parco <strong>Mancera<\/strong> habr\u00e1 dejado a esta ciudad junto con el alza en el precio del boleto del metro y un amplio historial de represi\u00f3n policial. Pasar\u00e1 y se construir\u00e1 como una gran estructura que pudo ser evitada si tan s\u00f3lo se hubiera pensado bien, es decir, como parte de un gran tablero metropolitano, tomando en cuenta a la ciudadan\u00eda, y no como una l\u00ednea abstracta y rentable, concebida por fr\u00edos c\u00e1lculos financieros.<br \/>\nYo por eso, y aunque me hablen maravillas, ya no les creo nada.<br \/>\n[1] Y que, ante el lema de \u201csi no te gusta prop\u00f3n\u201d, ha generado muy buenas propuestas, como \u00e9sta\u00a0de <a href=\"http:\/\/www.arquine.com\/espacio-publico-y-chapultepec\/\" target=\"_blank\" rel=\"noopener noreferrer\">Roberto Remes<\/a> o \u00e9sta\u00a0de <a href=\"http:\/\/www.arquine.com\/cedric-price-en-chapultepec\/\" target=\"_blank\" rel=\"noopener noreferrer\">Alejandro Hern\u00e1ndez<\/a>.<\/p>\n","protected":false},"template":"","meta":{"_id_youtube":"","_id_vimeo":"","_podcasts_duration":"","_podcasts_url":"","_podcasts_show":"","_prog_horario_dias":"","_prog_hora":"","_prog_duration":""},"class_list":["post-13120","archivo","type-archivo","status-publish","hentry"],"_links":{"self":[{"href":"https:\/\/nofm-radio.com\/index.php?rest_route=\/wp\/v2\/archivo\/13120","targetHints":{"allow":["GET"]}}],"collection":[{"href":"https:\/\/nofm-radio.com\/index.php?rest_route=\/wp\/v2\/archivo"}],"about":[{"href":"https:\/\/nofm-radio.com\/index.php?rest_route=\/wp\/v2\/types\/archivo"}],"wp:attachment":[{"href":"https:\/\/nofm-radio.com\/index.php?rest_route=%2Fwp%2Fv2%2Fmedia&parent=13120"}],"curies":[{"name":"wp","href":"https:\/\/api.w.org\/{rel}","templated":true}]}}

La ignominia urbana. Joaquín Díez Canedo Novelo sobre el #CCChapultepec

<p><strong>Joaquín Díez Canedo Novelo</strong><br />
<a href="https://twitter.com/joaquindcn">@joaquindcn</a><br />
Supongo que nadie en su sano juicio puede estar en contra de una intervención en la <strong>Avenida Chapultepec</strong>, sobre todo si está enfocada en darle un lugar privilegiado al peatón y mermar el impacto de los automovilistas[1]. Ahora, de ahí a que el gobierno de la ciudad quiera convencernos de que un segundo piso “cultural” y con comercio es la opción más viable para arreglar el caos que reina abajo, eso me parece una aberración. Además, un vistazo rápido revela que el proceso ha sido opaco, apresurado y equivocado; y que todo esfuerzo por llevar a cabo una genuina consulta ciudadana —importante precisamente por la escala y el impacto de este proyecto, — ha quedado reducido, por tiempos y formas, a una mera apariencia de democracia.<br />
La realidad es que la ciudad y su <strong>Jefe de Gobierno</strong> no necesitarían de estos esfuerzos superfluos si realmente tuvieran un plan de desarrollo a largo plazo, que incluyera estrategias en toda la zona metropolitana y no sólo en la ya muy desarrollada zona céntrica. El <strong>Corredor Cultural Chapultepec</strong> es, como lo deja claro el video promocional, sólo un icono, un icono grandilocuente pensado para resumir en un gran gesto todo lo que no se ha hecho por el resto de la ciudad; un icono desesperado porque es claro que <strong>Mancera</strong> pierde adeptos y necesita convencer a la gente de que su mediática “<strong>CDMX</strong>” avanza hacia algún lado; un icono nada inocente porque pone en jaque el rol del <strong>Estado</strong> frente a la <strong>sociedad civil</strong>. ¿Para quién piensan la ciudad?<br />
<a class="no-eff img-link lightbox" href="http://nofm-radio.com/wp-content/uploads/2015/08/ccc2.jpg"><img loading="lazy" decoding="async" class="size-full wp-image-13122 aligncenter" src="http://nofm-radio.com/wp-content/uploads/2015/08/ccc2.jpg" alt="ccc2" width="695" height="410" /></a><br />
Y lo peor es que si funciona es precisamente porque estamos ávidos de espectáculo y circos mediáticos, de inmediatismos inconsecuentes y “cool”; porque estamos muertos de ganas de pertenecer al <strong>mundo “global</strong>” y cualquier idea que parezca importada o “innovadora” la compramos a cualquier precio, incluso si para llevarla a cabo no se tomó en cuenta la opinión de nadie, ni se consideraron otras opciones, ni se tomaron en cuenta todos los <strong>efectos secundarios</strong> que podría conllevar. Necesitamos este montaje vacuo y ellos lo saben. Y en ese mismo mundo de “<strong>progreso</strong>” sin cuestionamientos, preferimos la fantasiosa realidad de atardecer dorado y gente rubia que ofrecen los renders de los arquitectos a la abrumadora y compleja realidad social que es la norma de esta ciudad, porque ¿para qué enfrentar los problemas cuando los podemos tapar con árboles imposibles, jardines colgantes y segundos pisos mágicos?<br />
Además juega porque somos una <strong>sociedad</strong> tan poco preparada que los tibios e ignorantes que nos gobiernan pueden hacer lo que quieran — es decir, hacer un <strong>centro comercial</strong> con algunas jardineras, — con tan sólo decir que es un corredor que fomentará la “cultura”. Y para convencernos de que van en serio y que realmente les importa el desarrollo de algo que en realidad no apoyan, designan con colorcitos, como si fuéramos niños, áreas específicas para cada una de las “<strong>bellas artes</strong>”. Y así tenemos la pintura y la escultura y la danza y el teatro, y no se olviden de la fotografía y la música y el cine y la arquitectura, porque la <strong>cultura</strong>, para estos genios, es eso: categorías de colores perfectamente enmarcadas. Pregunto, ¿qué saben ellos de cultura, si toda la infraestructura de los alrededores, su competencia, subsiste gracias a una mezcla entre genuino amor al arte y mucha suerte? ¿Qué saben ellos si creen que lo que su proyecto hace es “celebrar” — porque aunque parezca increíble así lo dijo el genial <strong>Fernando Romero</strong>, — la historia de nuestra ciudad?<br />
<a class="no-eff img-link lightbox" href="http://nofm-radio.com/wp-content/uploads/2015/08/ccc3.jpg"><img loading="lazy" decoding="async" class="size-full wp-image-13123 aligncenter" src="http://nofm-radio.com/wp-content/uploads/2015/08/ccc3.jpg" alt="ccc3" width="665" height="500" /></a><br />
Y lo venden como <strong>espacio público</strong> cuando en realidad están cediendo lo poco de público que tiene a un ente de moral dudosa que impondrá las normas de conducta, eliminando así cualquier anomalía que amenace el orden establecido. Y en sus páginas de <strong>Excel</strong> el espacio público son sólo números y más números, como dice sonriente un impecable funcionario con gomina que al tiempo de hablar de transparencia se da el lujo de bloquear a los que se atreven a cuestionarlo.<br />
Y aun así pasará como todo pasa en este país de <strong>imposiciones</strong> turbias e innecesarias. Pasará y será el único legado que el ignominioso y parco <strong>Mancera</strong> habrá dejado a esta ciudad junto con el alza en el precio del boleto del metro y un amplio historial de represión policial. Pasará y se construirá como una gran estructura que pudo ser evitada si tan sólo se hubiera pensado bien, es decir, como parte de un gran tablero metropolitano, tomando en cuenta a la ciudadanía, y no como una línea abstracta y rentable, concebida por fríos cálculos financieros.<br />
Yo por eso, y aunque me hablen maravillas, ya no les creo nada.<br />
[1] Y que, ante el lema de “si no te gusta propón”, ha generado muy buenas propuestas, como ésta de <a href="http://www.arquine.com/espacio-publico-y-chapultepec/" target="_blank" rel="noopener noreferrer">Roberto Remes</a> o ésta de <a href="http://www.arquine.com/cedric-price-en-chapultepec/" target="_blank" rel="noopener noreferrer">Alejandro Hernández</a>.</p>
