{"id":13169,"date":"2015-08-21T00:20:49","date_gmt":"2015-08-21T05:20:49","guid":{"rendered":"http:\/\/nofm-radio.com\/?p=13169"},"modified":"2015-08-21T00:20:49","modified_gmt":"2015-08-21T05:20:49","slug":"otro-chapultepec-posible-conozca-esta-iniciativa-ciudadana-alternativa-frente-al-ccchapultepec","status":"publish","type":"archivo","link":"https:\/\/nofm-radio.com\/?archivo=otro-chapultepec-posible-conozca-esta-iniciativa-ciudadana-alternativa-frente-al-ccchapultepec","title":{"rendered":"Otro Chapultepec Posible. Conozca esta iniciativa ciudadana, alternativa frente al #CCChapultepec"},"content":{"rendered":"<p><strong>NoFM<\/strong> replica la convocatoria extendida por <strong><a href=\"http:\/\/otrochapultepecposible.tumblr.com\/\">http:\/\/otrochapultepecposible.tumblr.com<\/a>\/<\/strong> y agradecemos el esfuerzo ciudadano por abrir el debate frente a las imposiciones gubernamentales que no presentan la claridad como carta de presentacion.<br \/>\n<strong>Otro Chapultepec Posible<\/strong><br \/>\nContra la idea de que la \u00fanica manera de mejorar la avenida Chapultepec es un supuesto <em><strong>concurso<\/strong><\/em> de inversionistas en el que la <strong><em>soluci\u00f3n<\/em><\/strong> es un <em><strong>parque<\/strong><\/em> elevado acompa\u00f1ado de comercios al centro de la avenida, proponemos un <em><strong>concurso<\/strong><\/em> de ideas para <strong>Otro Chapultepec Posible<\/strong>.<br \/>\nUna invitaci\u00f3n abierta a <strong>arquitectos<\/strong>, <strong>urbanistas<\/strong>, <strong>dise\u00f1adores<\/strong> y habitantes de la <strong>ciudad de M\u00e9xico<\/strong> y el resto del planeta. Apostamos a que las ideas y las ciudades se construyen mejor mediante la <strong>participaci\u00f3n plural y abierta<\/strong>.<br \/>\nEs evidente que <strong><a href=\"https:\/\/www.google.com\/maps\/@19.4215689,-99.1704382,16z\">avenida Chapultepec<\/a><\/strong> necesita grandes mejoras. No lo negamos. Cu\u00e1les y c\u00f3mo ser\u00e1 la mejor manera de llevarlas a cabo es otro asunto. Asumimos que esas preguntas se resuelven mejor con la participaci\u00f3n de todos.<br \/>\n<strong>Otro Chapultepec Posible<\/strong> s\u00f3lo tiene estas bases:<br \/>\n    <strong>Privilegio total del peat\u00f3n y accesibilidad a nivel de la calle.<\/strong><br \/>\n    <strong>Preferencia a transporte no motorizado y p\u00fablico.<\/strong><br \/>\n    <strong>Enriquecer el espacio p\u00fablico, incluyente y de usos m\u00faltiples.<\/strong><br \/>\n    <strong>Favorecer el desarrollo econ\u00f3mico sin generar exclusi\u00f3n.<\/strong><br \/>\nEl formato de entrega es una imagen \u2014 <strong>dibujo<\/strong>, <strong>fotomontaje<\/strong>, <strong>collage<\/strong>, <strong>render<\/strong>, <strong>fotograf\u00eda de maqueta<\/strong>, <strong>plano<\/strong> \u2014 tama\u00f1o hoja carta, horizontal, en formato jpg, que se deber\u00e1 enviar a <strong>otrochapultepecposible@gmail.com<\/strong>.<br \/>\nTodas las entradas se subir\u00e1n a la red a partir del 26 de agosto, como contrapropuestas presentadas en la <strong>Consulta P\u00fablica sobre el <a href=\"http:\/\/www.ccchapultepec.mx\/\">Corredor Cultural Chapultepec<\/a><\/strong>.<br \/>\nNo hay jurado ni premios y no es an\u00f3nimo. Sabemos que el tiempo es corto, pero este ejercicio busca demostrar que se puede decidir y dise\u00f1ar juntos la ciudad y que as\u00ed es mejor.<br \/>\nInformaci\u00f3n extra:<br \/>\n<a href=\"http:\/\/www.ccchapultepec.mx\/wp-content\/uploads\/2015\/08\/booklet_38.pdf\">http:\/\/www.ccchapultepec.mx\/wp-content\/uploads\/2015\/08\/booklet_38.pdf<\/a><br \/>\n<a href=\"http:\/\/streetmix.net\/-\/265254\">http:\/\/streetmix.net\/-\/265254<\/a><br \/>\n<strong>#NoShopultepec<\/strong> <strong>#S\u00edChapultepec<\/strong><\/p>\n","protected":false},"template":"","meta":{"_id_youtube":"","_id_vimeo":"","_podcasts_duration":"","_podcasts_url":"","_podcasts_show":"","_prog_horario_dias":"","_prog_hora":"","_prog_duration":""},"class_list":["post-13169","archivo","type-archivo","status-publish","hentry"],"_links":{"self":[{"href":"https:\/\/nofm-radio.com\/index.php?rest_route=\/wp\/v2\/archivo\/13169","targetHints":{"allow":["GET"]}}],"collection":[{"href":"https:\/\/nofm-radio.com\/index.php?rest_route=\/wp\/v2\/archivo"}],"about":[{"href":"https:\/\/nofm-radio.com\/index.php?rest_route=\/wp\/v2\/types\/archivo"}],"wp:attachment":[{"href":"https:\/\/nofm-radio.com\/index.php?rest_route=%2Fwp%2Fv2%2Fmedia&parent=13169"}],"curies":[{"name":"wp","href":"https:\/\/api.w.org\/{rel}","templated":true}]}}

<p><strong>NoFM</strong> replica la convocatoria extendida por <strong><a href="http://otrochapultepecposible.tumblr.com/">http://otrochapultepecposible.tumblr.com</a>/</strong> y agradecemos el esfuerzo ciudadano por abrir el debate frente a las imposiciones gubernamentales que no presentan la claridad como carta de presentacion.<br />
<strong>Otro Chapultepec Posible</strong><br />
Contra la idea de que la única manera de mejorar la avenida Chapultepec es un supuesto <em><strong>concurso</strong></em> de inversionistas en el que la <strong><em>solución</em></strong> es un <em><strong>parque</strong></em> elevado acompañado de comercios al centro de la avenida, proponemos un <em><strong>concurso</strong></em> de ideas para <strong>Otro Chapultepec Posible</strong>.<br />
Una invitación abierta a <strong>arquitectos</strong>, <strong>urbanistas</strong>, <strong>diseñadores</strong> y habitantes de la <strong>ciudad de México</strong> y el resto del planeta. Apostamos a que las ideas y las ciudades se construyen mejor mediante la <strong>participación plural y abierta</strong>.<br />
Es evidente que <strong><a href="https://www.google.com/maps/@19.4215689,-99.1704382,16z">avenida Chapultepec</a></strong> necesita grandes mejoras. No lo negamos. Cuáles y cómo será la mejor manera de llevarlas a cabo es otro asunto. Asumimos que esas preguntas se resuelven mejor con la participación de todos.<br />
<strong>Otro Chapultepec Posible</strong> sólo tiene estas bases:<br />
    <strong>Privilegio total del peatón y accesibilidad a nivel de la calle.</strong><br />
    <strong>Preferencia a transporte no motorizado y público.</strong><br />
    <strong>Enriquecer el espacio público, incluyente y de usos múltiples.</strong><br />
    <strong>Favorecer el desarrollo económico sin generar exclusión.</strong><br />
El formato de entrega es una imagen — <strong>dibujo</strong>, <strong>fotomontaje</strong>, <strong>collage</strong>, <strong>render</strong>, <strong>fotografía de maqueta</strong>, <strong>plano</strong> — tamaño hoja carta, horizontal, en formato jpg, que se deberá enviar a <strong>otrochapultepecposible@gmail.com</strong>.<br />
Todas las entradas se subirán a la red a partir del 26 de agosto, como contrapropuestas presentadas en la <strong>Consulta Pública sobre el <a href="http://www.ccchapultepec.mx/">Corredor Cultural Chapultepec</a></strong>.<br />
No hay jurado ni premios y no es anónimo. Sabemos que el tiempo es corto, pero este ejercicio busca demostrar que se puede decidir y diseñar juntos la ciudad y que así es mejor.<br />
Información extra:<br />
<a href="http://www.ccchapultepec.mx/wp-content/uploads/2015/08/booklet_38.pdf">http://www.ccchapultepec.mx/wp-content/uploads/2015/08/booklet_38.pdf</a><br />
<a href="http://streetmix.net/-/265254">http://streetmix.net/-/265254</a><br />
<strong>#NoShopultepec</strong> <strong>#SíChapultepec</strong></p>
