{"id":13458,"date":"2015-09-08T18:30:29","date_gmt":"2015-09-08T23:30:29","guid":{"rendered":"http:\/\/nofm-radio.com\/?p=13458"},"modified":"2015-09-08T18:30:29","modified_gmt":"2015-09-08T23:30:29","slug":"datelasm3x-25-discos-esenciales-del-rock-mexicano-segun-nofm-parte-2","status":"publish","type":"archivo","link":"https:\/\/nofm-radio.com\/?archivo=datelasm3x-25-discos-esenciales-del-rock-mexicano-segun-nofm-parte-2","title":{"rendered":"#DateLasM3X. 25 discos esenciales del Rock Mexicano seg\u00fan NoFM. Parte 2."},"content":{"rendered":"<p>Ya lleg\u00f3 septiembre y comienzan las <strong>fiestas patrias<\/strong>. Pero, \u00bfqu\u00e9 podemos celebrar? La verdad es que los \u00faltimos a\u00f1os de esta gran naci\u00f3n, y su historia en general, dejan un regusto muy agrio en el paladar.<br \/>\nPor otro lado, nos parece un poco sencillote decir que no hay nada que celebrar. Partiendo de la <strong>comida<\/strong>, la <strong>m\u00fasica<\/strong> y la cultura en general, pues de repente eso de <strong>M\u00e9xico<\/strong> cobra algo de sentido.<br \/>\nNosotros no nos dejamos de preguntar por esto, y una de nuestras conclusiones es que, primero que nada, y siendo siempre cr\u00edticos con nuestro presente, pasado y futuro, queremos celebrar la m\u00fasica, que es nuestra verdadera resistencia.<br \/>\nAs\u00ed que les traemos los <strong>25 discos<\/strong> que a nuestro entender forman lo mejor de lo mejor que este <strong>pa\u00eds<\/strong> tiene por ofrecer. Aclaramos de una vez. Es un conteo enfocado en la calidad mas no al estilo del ranking, es simplemente cronol\u00f3gico, y cada entrada ser\u00e1 una d\u00e9cada o un periodo de la m\u00fasica nacional, y claro, cada uno de estos discos sonar\u00e1n a partir del primero de septiembre y hasta el dos de octubre en el espacio llamado <strong>#DateLas3<\/strong> ahora nombrado <strong>#DateLasM3X<\/strong>.<br \/>\nAs\u00ed que comencemos esta <strong>fiesta musical<\/strong>. Y claro, arrancamos con los sesenta, esa d\u00e9cada de colores, ideales, inocencia y pura genialidad.<br \/>\n<a href=\"http:\/\/nofm-radio.com\/2015\/09\/datelasm3x-25-discos-esenciales-del-rock-mexicano-segun-nofm-parte-1\/\" target=\"_blank\" rel=\"noopener noreferrer\">Aqu\u00ed puede checar la <strong>Parte 1<\/strong>.<\/a><br \/>\n&nbsp;<\/p>\n<p style=\"text-align: center;\"><strong>Parte 2<\/strong><\/p>\n<p>&nbsp;<br \/>\n<strong>Los Locos del Ritmo<\/strong> &#8211; <strong>ROCK!<\/strong> <em>Esc\u00fachelo completo el 8 de septiembre. A las 3 pm #porNoFM. <\/em><br \/>\n<iframe loading=\"lazy\" title=\"Full album Los locos del ritmo- Rock!\" width=\"640\" height=\"360\" src=\"https:\/\/www.youtube.com\/embed\/mnxRpSJlY70?feature=oembed\" frameborder=\"0\" allow=\"accelerometer; autoplay; clipboard-write; encrypted-media; gyroscope; picture-in-picture; web-share\" referrerpolicy=\"strict-origin-when-cross-origin\" allowfullscreen><\/iframe><br \/>\n<strong>Dug Dug&#8217;s<\/strong> &#8211; <strong>Smog<\/strong>.\u00a0 <em>Esc\u00fachelo completo el 9 de septiembre. A las 3 pm #porNoFM. <\/em><br \/>\n<iframe loading=\"lazy\" title=\"Los Dug Dug&#039;s - Smog\" width=\"640\" height=\"480\" src=\"https:\/\/www.youtube.com\/embed\/65XKs0Jcz7E?feature=oembed\" frameborder=\"0\" allow=\"accelerometer; autoplay; clipboard-write; encrypted-media; gyroscope; picture-in-picture; web-share\" referrerpolicy=\"strict-origin-when-cross-origin\" allowfullscreen><\/iframe><br \/>\n<strong>Esquivel<\/strong> &#8211; <strong>Explorando Nuevos Sonidos en Hi-Fi<\/strong>. <em>Esc\u00fachelo completo el 10 de septiembre. A las 3 pm #porNoFM. <\/em><br \/>\n<iframe loading=\"lazy\" title=\"Esquivel &amp; His Orchestra&quot;Exploring New Sounds In Hi-Fi&quot;(1958)Track B2: &quot;Whatchamacallit&quot;\" width=\"640\" height=\"360\" src=\"https:\/\/www.youtube.com\/embed\/6B8VFoknk2k?feature=oembed\" frameborder=\"0\" allow=\"accelerometer; autoplay; clipboard-write; encrypted-media; gyroscope; picture-in-picture; web-share\" referrerpolicy=\"strict-origin-when-cross-origin\" allowfullscreen><\/iframe><br \/>\n<strong>Javier B\u00e1tiz<\/strong> &#8211; <strong>Coming Home<\/strong>. <em>Esc\u00fachelo completo el 11 de septiembre. A las 3 pm #porNoFM. <\/em><br \/>\n<iframe loading=\"lazy\" title=\"JAVIER BATIZ - COMING HOME (1968) ROCK MEXICANO D AVANDARO\" width=\"640\" height=\"480\" src=\"https:\/\/www.youtube.com\/embed\/AOqOdH3csdQ?feature=oembed\" frameborder=\"0\" allow=\"accelerometer; autoplay; clipboard-write; encrypted-media; gyroscope; picture-in-picture; web-share\" referrerpolicy=\"strict-origin-when-cross-origin\" allowfullscreen><\/iframe><br \/>\n<strong>Three Souls In My Mind<\/strong> &#8211; <strong>Chavo de Onda<\/strong>. <em>Esc\u00fachelo completo el 14 de septiembre. A las 3 pm #porNoFM. <\/em><br \/>\nhttps:\/\/www.youtube.com\/watch?v=9r8vQBo5fTo<br \/>\n\u00bfC\u00f3mo ven? \u00bfNos falt\u00f3 alguno? Sumense a esta fiesta. <strong>#IzaLaBandera<\/strong> de la <strong>INDEPENDENCIA<\/strong>.<br \/>\n&nbsp;<\/p>\n<h1 class=\"artist_name_hdr\"><\/h1>\n<p>&nbsp;<\/p>\n","protected":false},"template":"","meta":{"_id_youtube":"","_id_vimeo":"","_podcasts_duration":"","_podcasts_url":"","_podcasts_show":"","_prog_horario_dias":"","_prog_hora":"","_prog_duration":""},"class_list":["post-13458","archivo","type-archivo","status-publish","hentry"],"_links":{"self":[{"href":"https:\/\/nofm-radio.com\/index.php?rest_route=\/wp\/v2\/archivo\/13458","targetHints":{"allow":["GET"]}}],"collection":[{"href":"https:\/\/nofm-radio.com\/index.php?rest_route=\/wp\/v2\/archivo"}],"about":[{"href":"https:\/\/nofm-radio.com\/index.php?rest_route=\/wp\/v2\/types\/archivo"}],"wp:attachment":[{"href":"https:\/\/nofm-radio.com\/index.php?rest_route=%2Fwp%2Fv2%2Fmedia&parent=13458"}],"curies":[{"name":"wp","href":"https:\/\/api.w.org\/{rel}","templated":true}]}}

#DateLasM3X. 25 discos esenciales del Rock Mexicano según NoFM. Parte 2.

<p>Ya llegó septiembre y comienzan las <strong>fiestas patrias</strong>. Pero, ¿qué podemos celebrar? La verdad es que los últimos años de esta gran nación, y su historia en general, dejan un regusto muy agrio en el paladar.<br />
Por otro lado, nos parece un poco sencillote decir que no hay nada que celebrar. Partiendo de la <strong>comida</strong>, la <strong>música</strong> y la cultura en general, pues de repente eso de <strong>México</strong> cobra algo de sentido.<br />
Nosotros no nos dejamos de preguntar por esto, y una de nuestras conclusiones es que, primero que nada, y siendo siempre críticos con nuestro presente, pasado y futuro, queremos celebrar la música, que es nuestra verdadera resistencia.<br />
Así que les traemos los <strong>25 discos</strong> que a nuestro entender forman lo mejor de lo mejor que este <strong>país</strong> tiene por ofrecer. Aclaramos de una vez. Es un conteo enfocado en la calidad mas no al estilo del ranking, es simplemente cronológico, y cada entrada será una década o un periodo de la música nacional, y claro, cada uno de estos discos sonarán a partir del primero de septiembre y hasta el dos de octubre en el espacio llamado <strong>#DateLas3</strong> ahora nombrado <strong>#DateLasM3X</strong>.<br />
Así que comencemos esta <strong>fiesta musical</strong>. Y claro, arrancamos con los sesenta, esa década de colores, ideales, inocencia y pura genialidad.<br />
<a href="http://nofm-radio.com/2015/09/datelasm3x-25-discos-esenciales-del-rock-mexicano-segun-nofm-parte-1/" target="_blank" rel="noopener noreferrer">Aquí puede checar la <strong>Parte 1</strong>.</a><br />
&nbsp;</p>
<p style="text-align: center;"><strong>Parte 2</strong></p>
<p>&nbsp;<br />
<strong>Los Locos del Ritmo</strong> &#8211; <strong>ROCK!</strong> <em>Escúchelo completo el 8 de septiembre. A las 3 pm #porNoFM. </em><br />
<iframe loading="lazy" title="Full album Los locos del ritmo- Rock!" width="640" height="360" src="https://www.youtube.com/embed/mnxRpSJlY70?feature=oembed" frameborder="0" allow="accelerometer; autoplay; clipboard-write; encrypted-media; gyroscope; picture-in-picture; web-share" referrerpolicy="strict-origin-when-cross-origin" allowfullscreen></iframe><br />
<strong>Dug Dug&#8217;s</strong> &#8211; <strong>Smog</strong>.  <em>Escúchelo completo el 9 de septiembre. A las 3 pm #porNoFM. </em><br />
<iframe loading="lazy" title="Los Dug Dug&#039;s - Smog" width="640" height="480" src="https://www.youtube.com/embed/65XKs0Jcz7E?feature=oembed" frameborder="0" allow="accelerometer; autoplay; clipboard-write; encrypted-media; gyroscope; picture-in-picture; web-share" referrerpolicy="strict-origin-when-cross-origin" allowfullscreen></iframe><br />
<strong>Esquivel</strong> &#8211; <strong>Explorando Nuevos Sonidos en Hi-Fi</strong>. <em>Escúchelo completo el 10 de septiembre. A las 3 pm #porNoFM. </em><br />
<iframe loading="lazy" title="Esquivel &amp; His Orchestra&quot;Exploring New Sounds In Hi-Fi&quot;(1958)Track B2: &quot;Whatchamacallit&quot;" width="640" height="360" src="https://www.youtube.com/embed/6B8VFoknk2k?feature=oembed" frameborder="0" allow="accelerometer; autoplay; clipboard-write; encrypted-media; gyroscope; picture-in-picture; web-share" referrerpolicy="strict-origin-when-cross-origin" allowfullscreen></iframe><br />
<strong>Javier Bátiz</strong> &#8211; <strong>Coming Home</strong>. <em>Escúchelo completo el 11 de septiembre. A las 3 pm #porNoFM. </em><br />
<iframe loading="lazy" title="JAVIER BATIZ - COMING HOME (1968) ROCK MEXICANO D AVANDARO" width="640" height="480" src="https://www.youtube.com/embed/AOqOdH3csdQ?feature=oembed" frameborder="0" allow="accelerometer; autoplay; clipboard-write; encrypted-media; gyroscope; picture-in-picture; web-share" referrerpolicy="strict-origin-when-cross-origin" allowfullscreen></iframe><br />
<strong>Three Souls In My Mind</strong> &#8211; <strong>Chavo de Onda</strong>. <em>Escúchelo completo el 14 de septiembre. A las 3 pm #porNoFM. </em><br />
https://www.youtube.com/watch?v=9r8vQBo5fTo<br />
¿Cómo ven? ¿Nos faltó alguno? Sumense a esta fiesta. <strong>#IzaLaBandera</strong> de la <strong>INDEPENDENCIA</strong>.<br />
&nbsp;</p>
<h1 class="artist_name_hdr"></h1>
<p>&nbsp;</p>
