{"id":13558,"date":"2015-09-14T14:56:51","date_gmt":"2015-09-14T19:56:51","guid":{"rendered":"http:\/\/nofm-radio.com\/?p=13558"},"modified":"2015-09-14T14:56:51","modified_gmt":"2015-09-14T19:56:51","slug":"nofm-recomienda-trascendental-mas-alla-del-malecon","status":"publish","type":"archivo","link":"https:\/\/nofm-radio.com\/?archivo=nofm-recomienda-trascendental-mas-alla-del-malecon","title":{"rendered":"NoFM Recomienda: Trascendental, M\u00e1s All\u00e1 del Malec\u00f3n."},"content":{"rendered":"<p>En <strong>NoFM<\/strong> estamos interesados porque se enriquezca y se estimule la cultura de todos nosotros, es por ello que nos hemos dado a la tarea de buscar eventos culturales que sean de su inter\u00e9s y que contengan la calidad esencial que cada uno de ustedes merece. En esta ocasi\u00f3n les recomendados <strong>&#8220;TRASCENDENTAL: M\u00e1s all\u00e1 del Malec\u00f3n. Tres artistas cubanos&#8221;<\/strong>, exposici\u00f3n que se llevar\u00e1 a cabo los d\u00edas 18 y 20 de septiembre del 2015 en la <strong>Ciudad de M\u00e9xico<\/strong> dentro de las instalaciones de la <strong>Galer\u00eda Nina Menocal<\/strong>, ubicada en Rafael Rebollar #56-2 Col. San Miguel <strong>Chapultepec<\/strong>.<br \/>\nDentro del evento se dar\u00e1n a conocer algunas piezas de <strong>Ernesto Garc\u00eda<\/strong> (1989), <strong>Gabriela Reyna<\/strong> (1991) y <strong>Donis Llago<\/strong> (1985) todos ellos procedientes de <strong>La Habana<\/strong>, <strong>Cuba<\/strong>.<br \/>\n<br \/>\nLos horarios para visitar y poder contemplar las obras de arte ser\u00e1n: viernes 18 de 6 a 10pm, s\u00e1bado 19 de 11am a 7pm y domingo 20 de 11am a 6pm.<br \/>\nNo pierdan la oportunidad de deleitarse con el arte contempor\u00e1neo de nuestros colegas Cubanos. Si gusta obtener un poco m\u00e1s de informaci\u00f3n, puede darle click <strong><a href=\"http:\/\/www.ninamenocal.com\/site\/\" target=\"_blank\" rel=\"noopener noreferrer\">aqu\u00ed<\/a><\/strong>.<\/p>\n","protected":false},"template":"","meta":{"_id_youtube":"","_id_vimeo":"","_podcasts_duration":"","_podcasts_url":"","_podcasts_show":"","_prog_horario_dias":"","_prog_hora":"","_prog_duration":""},"class_list":["post-13558","archivo","type-archivo","status-publish","hentry"],"_links":{"self":[{"href":"https:\/\/nofm-radio.com\/index.php?rest_route=\/wp\/v2\/archivo\/13558","targetHints":{"allow":["GET"]}}],"collection":[{"href":"https:\/\/nofm-radio.com\/index.php?rest_route=\/wp\/v2\/archivo"}],"about":[{"href":"https:\/\/nofm-radio.com\/index.php?rest_route=\/wp\/v2\/types\/archivo"}],"wp:attachment":[{"href":"https:\/\/nofm-radio.com\/index.php?rest_route=%2Fwp%2Fv2%2Fmedia&parent=13558"}],"curies":[{"name":"wp","href":"https:\/\/api.w.org\/{rel}","templated":true}]}}

NoFM Recomienda: Trascendental, Más Allá del Malecón.

<p>En <strong>NoFM</strong> estamos interesados porque se enriquezca y se estimule la cultura de todos nosotros, es por ello que nos hemos dado a la tarea de buscar eventos culturales que sean de su interés y que contengan la calidad esencial que cada uno de ustedes merece. En esta ocasión les recomendados <strong>&#8220;TRASCENDENTAL: Más allá del Malecón. Tres artistas cubanos&#8221;</strong>, exposición que se llevará a cabo los días 18 y 20 de septiembre del 2015 en la <strong>Ciudad de México</strong> dentro de las instalaciones de la <strong>Galería Nina Menocal</strong>, ubicada en Rafael Rebollar #56-2 Col. San Miguel <strong>Chapultepec</strong>.<br />
Dentro del evento se darán a conocer algunas piezas de <strong>Ernesto García</strong> (1989), <strong>Gabriela Reyna</strong> (1991) y <strong>Donis Llago</strong> (1985) todos ellos procedientes de <strong>La Habana</strong>, <strong>Cuba</strong>.<br />
<br />
Los horarios para visitar y poder contemplar las obras de arte serán: viernes 18 de 6 a 10pm, sábado 19 de 11am a 7pm y domingo 20 de 11am a 6pm.<br />
No pierdan la oportunidad de deleitarse con el arte contemporáneo de nuestros colegas Cubanos. Si gusta obtener un poco más de información, puede darle click <strong><a href="http://www.ninamenocal.com/site/" target="_blank" rel="noopener noreferrer">aquí</a></strong>.</p>
