{"id":13575,"date":"2015-09-15T12:51:06","date_gmt":"2015-09-15T17:51:06","guid":{"rendered":"http:\/\/nofm-radio.com\/?p=13575"},"modified":"2015-09-15T12:51:06","modified_gmt":"2015-09-15T17:51:06","slug":"datelasm3x-25-discos-esenciales-del-rock-mexicano-segun-nofm-parte-3","status":"publish","type":"archivo","link":"https:\/\/nofm-radio.com\/?archivo=datelasm3x-25-discos-esenciales-del-rock-mexicano-segun-nofm-parte-3","title":{"rendered":"#DateLasM3X. 25 discos esenciales del Rock Mexicano seg\u00fan NoFM. Parte 3."},"content":{"rendered":"<p>Ya lleg\u00f3 <strong>septiembre<\/strong> y comienzan las <strong>fiestas patrias<\/strong>. Pero, \u00bfqu\u00e9 podemos celebrar? La verdad es que los \u00faltimos a\u00f1os de esta gran naci\u00f3n, y su historia en general, dejan un regusto muy agrio en el paladar.<br \/>\nPor otro lado, nos parece un poco sencillote decir que no hay nada que celebrar. Partiendo de la comida, la m\u00fasica y la cultura en general, pues de repente eso de <strong>M\u00e9xico<\/strong> cobra algo de sentido.<br \/>\nNosotros no nos dejamos de preguntar por esto, y una de nuestras conclusiones es que, primero que nada, y siendo siempre cr\u00edticos con nuestro presente, pasado y futuro, queremos celebrar la m\u00fasica, que es nuestra verdadera resistencia.<br \/>\nAs\u00ed que les traemos los 25 discos que a nuestro entender forman lo mejor de lo mejor que este pa\u00eds tiene por ofrecer. Aclaramos de una vez. Es un conteo enfocado en la calidad mas no al estilo del ranking, es simplemente cronol\u00f3gico, y cada entrada ser\u00e1 una d\u00e9cada o un periodo de la <strong>m\u00fasica nacional<\/strong>, y claro, cada uno de estos discos sonar\u00e1n a partir del primero de septiembre y hasta el dos de octubre en el espacio llamado <strong>#DateLas3<\/strong> ahora nombrado <strong>#DateLasM3X<\/strong>.<br \/>\nAs\u00ed que comencemos esta fiesta musical. Y claro, arrancamos con los sesenta, esa d\u00e9cada de colores, ideales, inocencia y pura genialidad.<br \/>\n<a href=\"http:\/\/nofm-radio.com\/2015\/09\/datelasm3x-25-discos-esenciales-del-rock-mexicano-segun-nofm-parte-1\/\">Aqu\u00ed puede checar la <strong>Parte 1<\/strong>. <\/a><br \/>\n<a href=\"http:\/\/nofm-radio.com\/2015\/09\/datelasm3x-25-discos-esenciales-del-rock-mexicano-segun-nofm-parte-2\/\" target=\"_blank\" rel=\"noopener noreferrer\">Aqu\u00ed puede checar la <strong>Parte 2<\/strong>. <\/a><\/p>\n<p style=\"text-align: center;\"><strong>Parte 3<\/strong><\/p>\n<p><strong>Dangerous Rhythm<\/strong> &#8211; <strong>Dangerous Rhythm<\/strong>. <em>Esc\u00fachelo completo el 15 de septiembre. A las 3 pm #porNoFM.<\/em><br \/>\nhttps:\/\/www.youtube.com\/watch?v=uTYNGSefVsg<br \/>\n<strong>Botellita de Jerez<\/strong> &#8211; <strong>Botellita de Jerez<\/strong>. <em>Esc\u00fachelo completo el 16 de septiembre. A las 3 pm #porNoFM.<\/em><br \/>\n<iframe loading=\"lazy\" title=\"BOTELLITA DE JEREZ (album- botellita de jerez)\" width=\"640\" height=\"480\" src=\"https:\/\/www.youtube.com\/embed\/vS-fh6quy-Y?feature=oembed\" frameborder=\"0\" allow=\"accelerometer; autoplay; clipboard-write; encrypted-media; gyroscope; picture-in-picture; web-share\" referrerpolicy=\"strict-origin-when-cross-origin\" allowfullscreen><\/iframe><br \/>\n<strong>Cecilia Toussaint<\/strong> &#8211; <strong>Arp\u00eda<\/strong>. <em>Esc\u00fachelo completo el 17 de septiembre. A las 3 pm #porNoFM.<\/em><br \/>\n<iframe loading=\"lazy\" title=\"CECILIA TOUSSAINT (arpia)\" width=\"640\" height=\"480\" src=\"https:\/\/www.youtube.com\/embed\/BCa-FEGfc4E?feature=oembed\" frameborder=\"0\" allow=\"accelerometer; autoplay; clipboard-write; encrypted-media; gyroscope; picture-in-picture; web-share\" referrerpolicy=\"strict-origin-when-cross-origin\" allowfullscreen><\/iframe><br \/>\n<strong>El Personal<\/strong> &#8211; <strong>No Me Hallo<\/strong>. <em>Esc\u00fachelo completo el 18 de septiembre. A las 3 pm #porNoFM.<\/em><br \/>\n<iframe loading=\"lazy\" title=\"NO ME HALLO\" width=\"640\" height=\"480\" src=\"https:\/\/www.youtube.com\/embed\/QII9I8e0gOs?list=PL68A98C4F8F69BCF1\" frameborder=\"0\" allow=\"accelerometer; autoplay; clipboard-write; encrypted-media; gyroscope; picture-in-picture; web-share\" referrerpolicy=\"strict-origin-when-cross-origin\" allowfullscreen><\/iframe><br \/>\n<strong>Rodrigo Gonz\u00e1lez<\/strong> &#8211; <strong>Hurbanistorias<\/strong>. <em>Esc\u00fachelo completo el 25 de septiembre. A las 3 pm #porNoFM.<\/em><br \/>\n<iframe loading=\"lazy\" title=\"Rodrigo Gonz\u00e1lez - Hurbanistorias [\u00c1lbum completo]\" width=\"640\" height=\"360\" src=\"https:\/\/www.youtube.com\/embed\/c8msKRaFZ2w?feature=oembed\" frameborder=\"0\" allow=\"accelerometer; autoplay; clipboard-write; encrypted-media; gyroscope; picture-in-picture; web-share\" referrerpolicy=\"strict-origin-when-cross-origin\" allowfullscreen><\/iframe><br \/>\n\u00bfC\u00f3mo ven? \u00bfNos falt\u00f3 alguno? Sumense a esta fiesta. <strong>#IzaLaBandera<\/strong> de la <strong>INDEPENDENCIA<\/strong>.<\/p>\n","protected":false},"template":"","meta":{"_id_youtube":"","_id_vimeo":"","_podcasts_duration":"","_podcasts_url":"","_podcasts_show":"","_prog_horario_dias":"","_prog_hora":"","_prog_duration":""},"class_list":["post-13575","archivo","type-archivo","status-publish","hentry"],"_links":{"self":[{"href":"https:\/\/nofm-radio.com\/index.php?rest_route=\/wp\/v2\/archivo\/13575","targetHints":{"allow":["GET"]}}],"collection":[{"href":"https:\/\/nofm-radio.com\/index.php?rest_route=\/wp\/v2\/archivo"}],"about":[{"href":"https:\/\/nofm-radio.com\/index.php?rest_route=\/wp\/v2\/types\/archivo"}],"wp:attachment":[{"href":"https:\/\/nofm-radio.com\/index.php?rest_route=%2Fwp%2Fv2%2Fmedia&parent=13575"}],"curies":[{"name":"wp","href":"https:\/\/api.w.org\/{rel}","templated":true}]}}

#DateLasM3X. 25 discos esenciales del Rock Mexicano según NoFM. Parte 3.

<p>Ya llegó <strong>septiembre</strong> y comienzan las <strong>fiestas patrias</strong>. Pero, ¿qué podemos celebrar? La verdad es que los últimos años de esta gran nación, y su historia en general, dejan un regusto muy agrio en el paladar.<br />
Por otro lado, nos parece un poco sencillote decir que no hay nada que celebrar. Partiendo de la comida, la música y la cultura en general, pues de repente eso de <strong>México</strong> cobra algo de sentido.<br />
Nosotros no nos dejamos de preguntar por esto, y una de nuestras conclusiones es que, primero que nada, y siendo siempre críticos con nuestro presente, pasado y futuro, queremos celebrar la música, que es nuestra verdadera resistencia.<br />
Así que les traemos los 25 discos que a nuestro entender forman lo mejor de lo mejor que este país tiene por ofrecer. Aclaramos de una vez. Es un conteo enfocado en la calidad mas no al estilo del ranking, es simplemente cronológico, y cada entrada será una década o un periodo de la <strong>música nacional</strong>, y claro, cada uno de estos discos sonarán a partir del primero de septiembre y hasta el dos de octubre en el espacio llamado <strong>#DateLas3</strong> ahora nombrado <strong>#DateLasM3X</strong>.<br />
Así que comencemos esta fiesta musical. Y claro, arrancamos con los sesenta, esa década de colores, ideales, inocencia y pura genialidad.<br />
<a href="http://nofm-radio.com/2015/09/datelasm3x-25-discos-esenciales-del-rock-mexicano-segun-nofm-parte-1/">Aquí puede checar la <strong>Parte 1</strong>. </a><br />
<a href="http://nofm-radio.com/2015/09/datelasm3x-25-discos-esenciales-del-rock-mexicano-segun-nofm-parte-2/" target="_blank" rel="noopener noreferrer">Aquí puede checar la <strong>Parte 2</strong>. </a></p>
<p style="text-align: center;"><strong>Parte 3</strong></p>
<p><strong>Dangerous Rhythm</strong> &#8211; <strong>Dangerous Rhythm</strong>. <em>Escúchelo completo el 15 de septiembre. A las 3 pm #porNoFM.</em><br />
https://www.youtube.com/watch?v=uTYNGSefVsg<br />
<strong>Botellita de Jerez</strong> &#8211; <strong>Botellita de Jerez</strong>. <em>Escúchelo completo el 16 de septiembre. A las 3 pm #porNoFM.</em><br />
<iframe loading="lazy" title="BOTELLITA DE JEREZ (album- botellita de jerez)" width="640" height="480" src="https://www.youtube.com/embed/vS-fh6quy-Y?feature=oembed" frameborder="0" allow="accelerometer; autoplay; clipboard-write; encrypted-media; gyroscope; picture-in-picture; web-share" referrerpolicy="strict-origin-when-cross-origin" allowfullscreen></iframe><br />
<strong>Cecilia Toussaint</strong> &#8211; <strong>Arpía</strong>. <em>Escúchelo completo el 17 de septiembre. A las 3 pm #porNoFM.</em><br />
<iframe loading="lazy" title="CECILIA TOUSSAINT (arpia)" width="640" height="480" src="https://www.youtube.com/embed/BCa-FEGfc4E?feature=oembed" frameborder="0" allow="accelerometer; autoplay; clipboard-write; encrypted-media; gyroscope; picture-in-picture; web-share" referrerpolicy="strict-origin-when-cross-origin" allowfullscreen></iframe><br />
<strong>El Personal</strong> &#8211; <strong>No Me Hallo</strong>. <em>Escúchelo completo el 18 de septiembre. A las 3 pm #porNoFM.</em><br />
<iframe loading="lazy" title="NO ME HALLO" width="640" height="480" src="https://www.youtube.com/embed/QII9I8e0gOs?list=PL68A98C4F8F69BCF1" frameborder="0" allow="accelerometer; autoplay; clipboard-write; encrypted-media; gyroscope; picture-in-picture; web-share" referrerpolicy="strict-origin-when-cross-origin" allowfullscreen></iframe><br />
<strong>Rodrigo González</strong> &#8211; <strong>Hurbanistorias</strong>. <em>Escúchelo completo el 25 de septiembre. A las 3 pm #porNoFM.</em><br />
<iframe loading="lazy" title="Rodrigo González - Hurbanistorias [Álbum completo]" width="640" height="360" src="https://www.youtube.com/embed/c8msKRaFZ2w?feature=oembed" frameborder="0" allow="accelerometer; autoplay; clipboard-write; encrypted-media; gyroscope; picture-in-picture; web-share" referrerpolicy="strict-origin-when-cross-origin" allowfullscreen></iframe><br />
¿Cómo ven? ¿Nos faltó alguno? Sumense a esta fiesta. <strong>#IzaLaBandera</strong> de la <strong>INDEPENDENCIA</strong>.</p>
