{"id":14716,"date":"2015-11-13T13:32:14","date_gmt":"2015-11-13T19:32:14","guid":{"rendered":"http:\/\/nofm-radio.com\/?p=14716"},"modified":"2015-11-13T13:32:14","modified_gmt":"2015-11-13T19:32:14","slug":"recuerdos","status":"publish","type":"archivo","link":"https:\/\/nofm-radio.com\/?archivo=recuerdos","title":{"rendered":"Recuerdos"},"content":{"rendered":"<p>Por <strong>\u00d3scar Muci\u00f1o<\/strong><br \/>\n<a href=\"https:\/\/twitter.com\/opmucino\" target=\"_blank\" rel=\"noopener noreferrer\">@opmucino<\/a><br \/>\nCreo que el recuerdo m\u00e1s viejo que tengo es el de mi madre asom\u00e1ndose en una ventana alta del <strong>Hospital Troncoso<\/strong> un d\u00eda despu\u00e9s del nacimiento de mi hermana. Mi recuerdo es ya una imagen muy vaga, pr\u00e1cticamente s\u00f3lo una sensaci\u00f3n de que fui testigo de ese momento. El recuerdo se ha desgastado hasta casi desvanecerse, quedando en un armaz\u00f3n sentimental.<br \/>\nTengo la certeza de que no lo so\u00f1\u00e9 porque mi mam\u00e1 y mi pap\u00e1 han revalidado que s\u00ed paso. Y es que uno no recuerda muchos lapsos de su vida. A veces ellos me cuentan cosas de m\u00ed de peque\u00f1o que yo ni idea, las cl\u00e1sicas \u201cgracias de cuando uno es beb\u00e9\u201d. Tambi\u00e9n pasa con compa\u00f1eros de escuela o de la calle que recuerdan cosas que yo ya ignoraba. Estoy seguro que esto no s\u00f3lo me pasa a m\u00ed<br \/>\nLa <strong>memoria<\/strong> propia y la colectiva se construye compartiendo recuerdos, como los de las distintas l\u00edneas de vida que conforman una familia. La duraci\u00f3n vital de cada miembro es propia y cuando cesa determina a los otros integrantes. Pasa que con la muerte de muchas generaciones, s\u00f3lo queda como memoria la <strong>letra escrita<\/strong> de otras \u00e9pocas, y as\u00ed todo puede llevarse a confusi\u00f3n.<br \/>\nY es que por s\u00ed mismo <strong>recordar<\/strong> es enga\u00f1oso, cuando se mira al pasado se hace con nostalgia, una de las peores consejeras, porque reviste al pasado de potencia emotiva, barniza momentos malos de nuestra existencia con patetismo y<strong> kitsch<\/strong>. La mayor\u00eda de las veces cuando recordamos nos vendemos gato por liebre, queremos pasar por nuevos a los muebles viejos s\u00f3lo porque los remozamos.<br \/>\nNuestro <strong>pasado<\/strong> no es \u00fanicamente el bloque temporal de nuestra existencia, el cual ni tenemos muy claro, ni lo recordamos todo; tambi\u00e9n es los recuerdos que constantemente traemos a la mente, nuestra curadur\u00eda de memorias. Al recordar seleccionamos algunas partes, evitamos otras, adem\u00e1s del tamiz que les damos y que no les corresponde.<br \/>\nSi pensamos al pasado u origen como <strong>destino<\/strong>, tal vez es porque para construir nuestra personalidad actual acudimos a nuestros recuerdos m\u00e1s propicios para nuestras intenciones futuras. En una lectura de cartas de <strong>tarot<\/strong> lo m\u00e1s importante los pensamientos y recuerdos que activa la explicaci\u00f3n del s\u00edmbolo de la carta, adem\u00e1s que los s\u00edmbolos del tarot nos predisponen a enso\u00f1ar con los recuerdos de nuestra vida. Psic\u00f3logos, como <strong>Jung<\/strong>, han escuchado en cada carta de la baraja resonancias de eso llamado memoria y conciencia colectiva.<br \/>\n<strong>Bill Hicks<\/strong> en uno de sus mon\u00f3logos dec\u00eda \u201ctodos somos una sola conciencia experiment\u00e1ndose a s\u00ed misma subjetivamente, no hay tal cosa como la muerte, la vida es s\u00f3lo un sue\u00f1o y somos la imaginaci\u00f3n de nosotros mismos\u201d. Visto as\u00ed toda percepci\u00f3n ser\u00eda parte de una experiencia desorganizada de conocimiento, pero son las palabras de un comediante.<br \/>\n<iframe loading=\"lazy\" width=\"560\" height=\"315\" src=\"https:\/\/www.youtube.com\/embed\/WbRy2xaVu9s\" frameborder=\"0\" allowfullscreen><\/iframe><\/p>\n","protected":false},"template":"","meta":{"_id_youtube":"","_id_vimeo":"","_podcasts_duration":"","_podcasts_url":"","_podcasts_show":"","_prog_horario_dias":"","_prog_hora":"","_prog_duration":""},"class_list":["post-14716","archivo","type-archivo","status-publish","hentry"],"_links":{"self":[{"href":"https:\/\/nofm-radio.com\/index.php?rest_route=\/wp\/v2\/archivo\/14716","targetHints":{"allow":["GET"]}}],"collection":[{"href":"https:\/\/nofm-radio.com\/index.php?rest_route=\/wp\/v2\/archivo"}],"about":[{"href":"https:\/\/nofm-radio.com\/index.php?rest_route=\/wp\/v2\/types\/archivo"}],"wp:attachment":[{"href":"https:\/\/nofm-radio.com\/index.php?rest_route=%2Fwp%2Fv2%2Fmedia&parent=14716"}],"curies":[{"name":"wp","href":"https:\/\/api.w.org\/{rel}","templated":true}]}}

<p>Por <strong>Óscar Muciño</strong><br />
<a href="https://twitter.com/opmucino" target="_blank" rel="noopener noreferrer">@opmucino</a><br />
Creo que el recuerdo más viejo que tengo es el de mi madre asomándose en una ventana alta del <strong>Hospital Troncoso</strong> un día después del nacimiento de mi hermana. Mi recuerdo es ya una imagen muy vaga, prácticamente sólo una sensación de que fui testigo de ese momento. El recuerdo se ha desgastado hasta casi desvanecerse, quedando en un armazón sentimental.<br />
Tengo la certeza de que no lo soñé porque mi mamá y mi papá han revalidado que sí paso. Y es que uno no recuerda muchos lapsos de su vida. A veces ellos me cuentan cosas de mí de pequeño que yo ni idea, las clásicas “gracias de cuando uno es bebé”. También pasa con compañeros de escuela o de la calle que recuerdan cosas que yo ya ignoraba. Estoy seguro que esto no sólo me pasa a mí<br />
La <strong>memoria</strong> propia y la colectiva se construye compartiendo recuerdos, como los de las distintas líneas de vida que conforman una familia. La duración vital de cada miembro es propia y cuando cesa determina a los otros integrantes. Pasa que con la muerte de muchas generaciones, sólo queda como memoria la <strong>letra escrita</strong> de otras épocas, y así todo puede llevarse a confusión.<br />
Y es que por sí mismo <strong>recordar</strong> es engañoso, cuando se mira al pasado se hace con nostalgia, una de las peores consejeras, porque reviste al pasado de potencia emotiva, barniza momentos malos de nuestra existencia con patetismo y<strong> kitsch</strong>. La mayoría de las veces cuando recordamos nos vendemos gato por liebre, queremos pasar por nuevos a los muebles viejos sólo porque los remozamos.<br />
Nuestro <strong>pasado</strong> no es únicamente el bloque temporal de nuestra existencia, el cual ni tenemos muy claro, ni lo recordamos todo; también es los recuerdos que constantemente traemos a la mente, nuestra curaduría de memorias. Al recordar seleccionamos algunas partes, evitamos otras, además del tamiz que les damos y que no les corresponde.<br />
Si pensamos al pasado u origen como <strong>destino</strong>, tal vez es porque para construir nuestra personalidad actual acudimos a nuestros recuerdos más propicios para nuestras intenciones futuras. En una lectura de cartas de <strong>tarot</strong> lo más importante los pensamientos y recuerdos que activa la explicación del símbolo de la carta, además que los símbolos del tarot nos predisponen a ensoñar con los recuerdos de nuestra vida. Psicólogos, como <strong>Jung</strong>, han escuchado en cada carta de la baraja resonancias de eso llamado memoria y conciencia colectiva.<br />
<strong>Bill Hicks</strong> en uno de sus monólogos decía “todos somos una sola conciencia experimentándose a sí misma subjetivamente, no hay tal cosa como la muerte, la vida es sólo un sueño y somos la imaginación de nosotros mismos”. Visto así toda percepción sería parte de una experiencia desorganizada de conocimiento, pero son las palabras de un comediante.<br />
<iframe loading="lazy" width="560" height="315" src="https://www.youtube.com/embed/WbRy2xaVu9s" frameborder="0" allowfullscreen></iframe></p>
