{"id":15202,"date":"2015-12-15T10:00:36","date_gmt":"2015-12-15T16:00:36","guid":{"rendered":"http:\/\/nofm-radio.com\/?p=15202"},"modified":"2015-12-15T10:00:36","modified_gmt":"2015-12-15T16:00:36","slug":"este2015-estas-fueron-sus-notas-favoritas-en-nofm","status":"publish","type":"archivo","link":"https:\/\/nofm-radio.com\/?archivo=este2015-estas-fueron-sus-notas-favoritas-en-nofm","title":{"rendered":"#Este2015. Estas fueron sus notas favoritas en NoFM"},"content":{"rendered":"<p>Modestia aparte, durante este a\u00f1o tuvimos grandes notas en <strong>NoFM<\/strong>. Y eso no se debe tanto a nosotros, sino a las personas que tuvimos oportunidad de conocer, entrevistar y colaborar. M\u00fasicos, activistas, arquitectos, festivales y algunos datos oscuros son las cosas que m\u00e1s les llamaron la atenci\u00f3n a ustedes, queridos amigos. Les dejamos aqu\u00ed reunidas, las notas que generaron no s\u00f3lo lecturas, sino pol\u00e9micas y discusiones. Esperamos que las vuelvan a disfrutar o que disfruten esta primera lectura.<br \/>\n* <strong><a href=\"http:\/\/nofm-radio.com\/2015\/10\/8-documentales-que-explican-que-es-la-gentrificacion-y-sus-graves-consecuencias\/\" target=\"_blank\" rel=\"noopener noreferrer\">8 documentales que explican qu\u00e9 es la gentrificaci\u00f3n<\/a><\/strong><br \/>\nDe la mano del colectivo <strong>Laft Hand Rotation<\/strong> llegamos a estos documentales sobre uno de los problemas de las ciudades hoy en d\u00eda. Desalojo, desplazamientos y desarraigo pueden verse en estos documentales. Echen ojo porque aunque ning\u00fan filme se centra en nuestro pa\u00eds, \u00a0los procesos de gentrificaci\u00f3n en nuestras ciudades est\u00e1 m\u00e1s que en marcha.<br \/>\n<a class=\"no-eff img-link lightbox\" href=\"http:\/\/nofm-radio.com\/wp-content\/uploads\/2015\/12\/encabezado-tematico11.jpg\"><img loading=\"lazy\" decoding=\"async\" class=\"aligncenter wp-image-15205\" src=\"http:\/\/nofm-radio.com\/wp-content\/uploads\/2015\/12\/encabezado-tematico11.jpg\" alt=\"encabezado-tematico1(1)\" width=\"640\" height=\"274\" \/><\/a><br \/>\n* <strong><a href=\"http:\/\/nofm-radio.com\/2015\/06\/lo-que-hacemos-es-nuestro-sale-de-mis-bolas-lo-que-quiero-cantar-entrevista-a-c-kan\/\" target=\"_blank\" rel=\"noopener noreferrer\">&#8220;Lo que hacemos es nuestro, sale de mis bolas lo que quiero cantar&#8221;. Entrevista a C-KAN<\/a><\/strong><br \/>\nCharla larga y tendida con el rapero tapat\u00edo.<strong> C- KAN<\/strong> habla desde sus inicios hasta el homenaje que recibi\u00f3 en el barrio bravo de <strong>Tepito<\/strong> por parte de los vendedores de pirater\u00eda. Lea y note que la m\u00fasica mexicana que le llega a la gente de a pie est\u00e1 muy lejos de festivales y foros que se dicen independientes.<br \/>\n<a class=\"no-eff img-link lightbox\" href=\"http:\/\/nofm-radio.com\/wp-content\/uploads\/2015\/12\/ckan.jpg\"><img loading=\"lazy\" decoding=\"async\" class=\"aligncenter wp-image-15207\" src=\"http:\/\/nofm-radio.com\/wp-content\/uploads\/2015\/12\/ckan.jpg\" alt=\"ckan\" width=\"640\" height=\"480\" \/><\/a><br \/>\n* <strong><a href=\"http:\/\/nofm-radio.com\/2015\/11\/festivalajusco2015-o-de-como-ver-fracasar-un-festival\/\" target=\"_blank\" rel=\"noopener noreferrer\">#FestivalAjusco2015 o de c\u00f3mo ver fracasar un festival<\/a><\/strong><br \/>\nEl <strong>festival Ajusco<\/strong> no sali\u00f3 como estaba planeado, y fans y bandas se encargaron de nutrir las redes sociales con ello. Para cuando lleg\u00f3 esta nota del Vikingo Morales, los \u00e1nimos de los organizadores ya estaban muy caldeados, por lo que su ira despert\u00f3 ante la cr\u00edtica, y esto desencaden\u00f3 una batalla campal en las redes. Lea y juzgue usted. M\u00e1s all\u00e1 de pol\u00e9micas, nos quedamos con el final de la nota: &#8220;que no muera el Ajusco&#8221;.<br \/>\n<a class=\"no-eff img-link lightbox\" href=\"http:\/\/nofm-radio.com\/wp-content\/uploads\/2015\/12\/Ajusco.jpg\"><img loading=\"lazy\" decoding=\"async\" class=\"aligncenter wp-image-15208\" src=\"http:\/\/nofm-radio.com\/wp-content\/uploads\/2015\/12\/Ajusco.jpg\" alt=\"Ajusco\" width=\"640\" height=\"427\" \/><\/a><br \/>\n* <strong><a href=\"http:\/\/nofm-radio.com\/2015\/06\/novotarovotar-ni-voto-ni-voto-nulo-ni-me-callo-ni-me-anulo-un-rant\/\" target=\"_blank\" rel=\"noopener noreferrer\">#NoVotarOVotar. Ni voto, ni voto nulo, ni me callo, ni me anulo. Un rant<\/a><\/strong><br \/>\nLas <strong>elecciones<\/strong> intermedias de este a\u00f1o generaron un fuerte debate en las redes. NoFM realiz\u00f3 el ejercicio de invitar a varios ciudadanos a emitir su opini\u00f3n sobre el procesos electoral. El texto de <strong>Carlos Brito<\/strong> fue sin duda uno de los m\u00e1s fuerte y pol\u00e9micos, pero a la vez uno de los que representaba una postura generalizada ante el sistema partidista de nuestro pa\u00eds.<br \/>\n<a class=\"no-eff img-link lightbox\" href=\"http:\/\/nofm-radio.com\/wp-content\/uploads\/2015\/12\/Brito.jpg\"><img loading=\"lazy\" decoding=\"async\" class=\"size-full wp-image-15209 aligncenter\" src=\"http:\/\/nofm-radio.com\/wp-content\/uploads\/2015\/12\/Brito.jpg\" alt=\"Brito\" width=\"400\" height=\"400\" \/><\/a><br \/>\n* <a href=\"http:\/\/nofm-radio.com\/2015\/09\/8-razones-por-las-cuales-nos-parece-mucho-mas-grave-el-ataque-a-regeneracion-radio-que-la-salida-de-el-triste-turno\/\" target=\"_blank\" rel=\"noopener noreferrer\"><strong>Regeneraci\u00f3n Radio vs El Triste Turno<\/strong><\/a><br \/>\nAgosto fue un mes complicado para la <strong>radio<\/strong> joven mexicana. Con diferencia de horas salieron del aire dos proyectos importantes por motivos muy distintos y con muy distintas consecuencias. Aqu\u00ed les dejamos las razones por las que nos pareci\u00f3 m\u00e1s importante prestarle atenci\u00f3n al ataque a <strong>Regeneraci\u00f3n Radio<\/strong> que el sufrimiento colectivo por el cambio en la emisora de Santa Fe. L\u00e9alo desde el presente y ver\u00e1 que no and\u00e1bamos tan errados.<br \/>\n<a class=\"no-eff img-link lightbox\" href=\"http:\/\/nofm-radio.com\/wp-content\/uploads\/2015\/12\/Regeneracion.jpg\"><img loading=\"lazy\" decoding=\"async\" class=\"aligncenter wp-image-15210\" src=\"http:\/\/nofm-radio.com\/wp-content\/uploads\/2015\/12\/Regeneracion.jpg\" alt=\"Regeneracion\" width=\"640\" height=\"402\" \/><\/a><br \/>\n* <a href=\"http:\/\/nofm-radio.com\/2015\/11\/8-cosas-que-no-sabe-de-chabelo-se-van-a-sorprender-cuates\/\" target=\"_blank\" rel=\"noopener noreferrer\"><strong>8 cosas que no sabe de Chabelo<\/strong><\/a><br \/>\nLa noticia que sacudi\u00f3 los medios de comunicaci\u00f3n a finales de este a\u00f1o fue la inminente salida del aire de <strong>En Familia<\/strong> con Chabelo. Se especul\u00f3 durante d\u00edas antes de que el viejo conductor saliera a confirmar la noticia. Pero m\u00e1s que eso nos sorprendieron ciertos datos bastante oscuros de<strong> Xavier L\u00f3pez<\/strong>, de veras se sorprender\u00e1n.<br \/>\n<a class=\"no-eff img-link lightbox\" href=\"http:\/\/nofm-radio.com\/wp-content\/uploads\/2015\/12\/Chabelo.jpg\"><img loading=\"lazy\" decoding=\"async\" class=\"size-full wp-image-15211 aligncenter\" src=\"http:\/\/nofm-radio.com\/wp-content\/uploads\/2015\/12\/Chabelo.jpg\" alt=\"Chabelo\" width=\"580\" height=\"380\" \/><\/a><br \/>\n* <a href=\"http:\/\/nofm-radio.com\/2015\/09\/8-datos-que-epn-olvido-mencionar-en-el-informe\/\" target=\"_blank\" rel=\"noopener noreferrer\"><strong>El otro informe de EPN<\/strong><\/a><br \/>\nLlegamos a mitad de sexenio. A duras penas. Pocos pod\u00edamos prever un futuro tan oscuro como el que el gobierno de <strong>Enrique Pe\u00f1a Nieto<\/strong> ha construido. Les dejamos algunos datos que el presidente olvid\u00f3 mencionar en su pasado <strong>informe de labores<\/strong>.<br \/>\n<a class=\"no-eff img-link lightbox\" href=\"http:\/\/nofm-radio.com\/wp-content\/uploads\/2015\/12\/aplauden.jpg\"><img loading=\"lazy\" decoding=\"async\" class=\"size-full wp-image-15213 aligncenter\" src=\"http:\/\/nofm-radio.com\/wp-content\/uploads\/2015\/12\/aplauden.jpg\" alt=\"aplauden\" width=\"582\" height=\"404\" \/><\/a><br \/>\n* <strong><a href=\"http:\/\/nofm-radio.com\/2015\/02\/bahidora-el-carnaval-de-los-prejuicios-eternos\/\" target=\"_blank\" rel=\"noopener noreferrer\">El carnaval de los prejuicios eternos\u00a0<\/a><\/strong><br \/>\nLos <strong>Inmamables<\/strong> Gabo y Padre de Todo se lanzaron al<strong> Carnaval Bahidor\u00e1<\/strong> 2015, y se aventaron lo que los propios organizadores calificaron como la mejor rese\u00f1a del festival. Lean, disfruten y esperen las sorpresas que Bahidor\u00e1 y NoFM les tienen para la pr\u00f3xima edici\u00f3n.<br \/>\n<a class=\"no-eff img-link lightbox\" href=\"http:\/\/nofm-radio.com\/wp-content\/uploads\/2015\/12\/Bahidor\u00e1.jpg\"><img loading=\"lazy\" decoding=\"async\" class=\"aligncenter wp-image-15212\" src=\"http:\/\/nofm-radio.com\/wp-content\/uploads\/2015\/12\/Bahidor\u00e1.jpg\" alt=\"DCIM108GOPRO\" width=\"640\" height=\"390\" \/><\/a><br \/>\n&nbsp;<br \/>\n&nbsp;<\/p>\n","protected":false},"template":"","meta":{"_id_youtube":"","_id_vimeo":"","_podcasts_duration":"","_podcasts_url":"","_podcasts_show":"","_prog_horario_dias":"","_prog_hora":"","_prog_duration":""},"class_list":["post-15202","archivo","type-archivo","status-publish","hentry"],"_links":{"self":[{"href":"https:\/\/nofm-radio.com\/index.php?rest_route=\/wp\/v2\/archivo\/15202","targetHints":{"allow":["GET"]}}],"collection":[{"href":"https:\/\/nofm-radio.com\/index.php?rest_route=\/wp\/v2\/archivo"}],"about":[{"href":"https:\/\/nofm-radio.com\/index.php?rest_route=\/wp\/v2\/types\/archivo"}],"wp:attachment":[{"href":"https:\/\/nofm-radio.com\/index.php?rest_route=%2Fwp%2Fv2%2Fmedia&parent=15202"}],"curies":[{"name":"wp","href":"https:\/\/api.w.org\/{rel}","templated":true}]}}

<p>Modestia aparte, durante este año tuvimos grandes notas en <strong>NoFM</strong>. Y eso no se debe tanto a nosotros, sino a las personas que tuvimos oportunidad de conocer, entrevistar y colaborar. Músicos, activistas, arquitectos, festivales y algunos datos oscuros son las cosas que más les llamaron la atención a ustedes, queridos amigos. Les dejamos aquí reunidas, las notas que generaron no sólo lecturas, sino polémicas y discusiones. Esperamos que las vuelvan a disfrutar o que disfruten esta primera lectura.<br />
* <strong><a href="http://nofm-radio.com/2015/10/8-documentales-que-explican-que-es-la-gentrificacion-y-sus-graves-consecuencias/" target="_blank" rel="noopener noreferrer">8 documentales que explican qué es la gentrificación</a></strong><br />
De la mano del colectivo <strong>Laft Hand Rotation</strong> llegamos a estos documentales sobre uno de los problemas de las ciudades hoy en día. Desalojo, desplazamientos y desarraigo pueden verse en estos documentales. Echen ojo porque aunque ningún filme se centra en nuestro país,  los procesos de gentrificación en nuestras ciudades está más que en marcha.<br />
<a class="no-eff img-link lightbox" href="http://nofm-radio.com/wp-content/uploads/2015/12/encabezado-tematico11.jpg"><img loading="lazy" decoding="async" class="aligncenter wp-image-15205" src="http://nofm-radio.com/wp-content/uploads/2015/12/encabezado-tematico11.jpg" alt="encabezado-tematico1(1)" width="640" height="274" /></a><br />
* <strong><a href="http://nofm-radio.com/2015/06/lo-que-hacemos-es-nuestro-sale-de-mis-bolas-lo-que-quiero-cantar-entrevista-a-c-kan/" target="_blank" rel="noopener noreferrer">&#8220;Lo que hacemos es nuestro, sale de mis bolas lo que quiero cantar&#8221;. Entrevista a C-KAN</a></strong><br />
Charla larga y tendida con el rapero tapatío.<strong> C- KAN</strong> habla desde sus inicios hasta el homenaje que recibió en el barrio bravo de <strong>Tepito</strong> por parte de los vendedores de piratería. Lea y note que la música mexicana que le llega a la gente de a pie está muy lejos de festivales y foros que se dicen independientes.<br />
<a class="no-eff img-link lightbox" href="http://nofm-radio.com/wp-content/uploads/2015/12/ckan.jpg"><img loading="lazy" decoding="async" class="aligncenter wp-image-15207" src="http://nofm-radio.com/wp-content/uploads/2015/12/ckan.jpg" alt="ckan" width="640" height="480" /></a><br />
* <strong><a href="http://nofm-radio.com/2015/11/festivalajusco2015-o-de-como-ver-fracasar-un-festival/" target="_blank" rel="noopener noreferrer">#FestivalAjusco2015 o de cómo ver fracasar un festival</a></strong><br />
El <strong>festival Ajusco</strong> no salió como estaba planeado, y fans y bandas se encargaron de nutrir las redes sociales con ello. Para cuando llegó esta nota del Vikingo Morales, los ánimos de los organizadores ya estaban muy caldeados, por lo que su ira despertó ante la crítica, y esto desencadenó una batalla campal en las redes. Lea y juzgue usted. Más allá de polémicas, nos quedamos con el final de la nota: &#8220;que no muera el Ajusco&#8221;.<br />
<a class="no-eff img-link lightbox" href="http://nofm-radio.com/wp-content/uploads/2015/12/Ajusco.jpg"><img loading="lazy" decoding="async" class="aligncenter wp-image-15208" src="http://nofm-radio.com/wp-content/uploads/2015/12/Ajusco.jpg" alt="Ajusco" width="640" height="427" /></a><br />
* <strong><a href="http://nofm-radio.com/2015/06/novotarovotar-ni-voto-ni-voto-nulo-ni-me-callo-ni-me-anulo-un-rant/" target="_blank" rel="noopener noreferrer">#NoVotarOVotar. Ni voto, ni voto nulo, ni me callo, ni me anulo. Un rant</a></strong><br />
Las <strong>elecciones</strong> intermedias de este año generaron un fuerte debate en las redes. NoFM realizó el ejercicio de invitar a varios ciudadanos a emitir su opinión sobre el procesos electoral. El texto de <strong>Carlos Brito</strong> fue sin duda uno de los más fuerte y polémicos, pero a la vez uno de los que representaba una postura generalizada ante el sistema partidista de nuestro país.<br />
<a class="no-eff img-link lightbox" href="http://nofm-radio.com/wp-content/uploads/2015/12/Brito.jpg"><img loading="lazy" decoding="async" class="size-full wp-image-15209 aligncenter" src="http://nofm-radio.com/wp-content/uploads/2015/12/Brito.jpg" alt="Brito" width="400" height="400" /></a><br />
* <a href="http://nofm-radio.com/2015/09/8-razones-por-las-cuales-nos-parece-mucho-mas-grave-el-ataque-a-regeneracion-radio-que-la-salida-de-el-triste-turno/" target="_blank" rel="noopener noreferrer"><strong>Regeneración Radio vs El Triste Turno</strong></a><br />
Agosto fue un mes complicado para la <strong>radio</strong> joven mexicana. Con diferencia de horas salieron del aire dos proyectos importantes por motivos muy distintos y con muy distintas consecuencias. Aquí les dejamos las razones por las que nos pareció más importante prestarle atención al ataque a <strong>Regeneración Radio</strong> que el sufrimiento colectivo por el cambio en la emisora de Santa Fe. Léalo desde el presente y verá que no andábamos tan errados.<br />
<a class="no-eff img-link lightbox" href="http://nofm-radio.com/wp-content/uploads/2015/12/Regeneracion.jpg"><img loading="lazy" decoding="async" class="aligncenter wp-image-15210" src="http://nofm-radio.com/wp-content/uploads/2015/12/Regeneracion.jpg" alt="Regeneracion" width="640" height="402" /></a><br />
* <a href="http://nofm-radio.com/2015/11/8-cosas-que-no-sabe-de-chabelo-se-van-a-sorprender-cuates/" target="_blank" rel="noopener noreferrer"><strong>8 cosas que no sabe de Chabelo</strong></a><br />
La noticia que sacudió los medios de comunicación a finales de este año fue la inminente salida del aire de <strong>En Familia</strong> con Chabelo. Se especuló durante días antes de que el viejo conductor saliera a confirmar la noticia. Pero más que eso nos sorprendieron ciertos datos bastante oscuros de<strong> Xavier López</strong>, de veras se sorprenderán.<br />
<a class="no-eff img-link lightbox" href="http://nofm-radio.com/wp-content/uploads/2015/12/Chabelo.jpg"><img loading="lazy" decoding="async" class="size-full wp-image-15211 aligncenter" src="http://nofm-radio.com/wp-content/uploads/2015/12/Chabelo.jpg" alt="Chabelo" width="580" height="380" /></a><br />
* <a href="http://nofm-radio.com/2015/09/8-datos-que-epn-olvido-mencionar-en-el-informe/" target="_blank" rel="noopener noreferrer"><strong>El otro informe de EPN</strong></a><br />
Llegamos a mitad de sexenio. A duras penas. Pocos podíamos prever un futuro tan oscuro como el que el gobierno de <strong>Enrique Peña Nieto</strong> ha construido. Les dejamos algunos datos que el presidente olvidó mencionar en su pasado <strong>informe de labores</strong>.<br />
<a class="no-eff img-link lightbox" href="http://nofm-radio.com/wp-content/uploads/2015/12/aplauden.jpg"><img loading="lazy" decoding="async" class="size-full wp-image-15213 aligncenter" src="http://nofm-radio.com/wp-content/uploads/2015/12/aplauden.jpg" alt="aplauden" width="582" height="404" /></a><br />
* <strong><a href="http://nofm-radio.com/2015/02/bahidora-el-carnaval-de-los-prejuicios-eternos/" target="_blank" rel="noopener noreferrer">El carnaval de los prejuicios eternos </a></strong><br />
Los <strong>Inmamables</strong> Gabo y Padre de Todo se lanzaron al<strong> Carnaval Bahidorá</strong> 2015, y se aventaron lo que los propios organizadores calificaron como la mejor reseña del festival. Lean, disfruten y esperen las sorpresas que Bahidorá y NoFM les tienen para la próxima edición.<br />
<a class="no-eff img-link lightbox" href="http://nofm-radio.com/wp-content/uploads/2015/12/Bahidorá.jpg"><img loading="lazy" decoding="async" class="aligncenter wp-image-15212" src="http://nofm-radio.com/wp-content/uploads/2015/12/Bahidorá.jpg" alt="DCIM108GOPRO" width="640" height="390" /></a><br />
&nbsp;<br />
&nbsp;</p>
