{"id":15731,"date":"2016-02-11T10:00:39","date_gmt":"2016-02-11T16:00:39","guid":{"rendered":"http:\/\/nofm-radio.com\/?p=15731"},"modified":"2016-02-11T10:00:39","modified_gmt":"2016-02-11T16:00:39","slug":"soundandvision-xtro-3-vigilen-los-cielos","status":"publish","type":"archivo","link":"https:\/\/nofm-radio.com\/?archivo=soundandvision-xtro-3-vigilen-los-cielos","title":{"rendered":"#SoundAndVision. Xtro 3: Vigilen los cielos"},"content":{"rendered":"<p>Por <strong>Aldo Rosales<\/strong><br \/>\n<a href=\"https:\/\/twitter.com\/AldoRosalesV\" target=\"_blank\" rel=\"noopener noreferrer\">@AldoRosalesV<\/a><br \/>\n1<br \/>\nHace m\u00e1s de 20 a\u00f1os, un d\u00eda entre semana por la noche, proyectaban en el canal 7 una pel\u00edcula titulada <em><strong>Xtro 3: vigilen los cielos<\/strong><\/em>. La trama era sencilla, a momentos f\u00e1cil y ramplona, pero da pie a numerosas lecturas, algunas m\u00e1s profundas: un comando militar es enviado a una isla a investigar casos de asesinatos y desapariciones. Al llegar ah\u00ed, se percatan de que 1) la isla no es un lugar cualquiera, es una base militar donde se investigaba algo y 2)\u00a0ese algo es una <strong>nave alien\u00edgena<\/strong> recuperada a\u00f1os atr\u00e1s por el gobierno norteamericano.<br \/>\nA la mitad de la pel\u00edcula se descubre que el responsable de las muertes es una criatura alien\u00edgena que logr\u00f3 sobrevivir al choque y que, adem\u00e1s, desarroll\u00f3 un fuerte odio hacia los humanos al presenciar la disecci\u00f3n de su compa\u00f1ero (compa\u00f1era, en realidad) de viaje, intervenci\u00f3n que, por supuesto, se llev\u00f3 a cabo sin ning\u00fan miramiento hacia la integridad de la criatura, quien muri\u00f3 debido a la misma. El filme me marc\u00f3 por dos cuestiones: me transmiti\u00f3 la soledad m\u00e1s grande \u2014estar lejos del hogar y rodeado de extra\u00f1os que, adem\u00e1s, se llevaron al \u00faltimo que se te parec\u00eda\u2014 y, tambi\u00e9n, porque es una de las contadas pel\u00edculas que vi, completas, al lado de mi pap\u00e1.<br \/>\n<iframe loading=\"lazy\" src=\"https:\/\/www.youtube.com\/embed\/Vgld3CSpjpA\" width=\"560\" height=\"315\" frameborder=\"0\" allowfullscreen=\"allowfullscreen\"><\/iframe><br \/>\n2<br \/>\nSi bien es cierto que para comprender algo es, en ocasiones, necesario abrirlo, inspeccionarlo, separarlo en sus componentes, este proceso conlleva, en la mayor\u00eda de las veces, una destrucci\u00f3n de eso que intentamos analizar. En el filme mencionado, el m\u00e9todo de asesinato del alien\u00edgena era, precisamente, la <strong>vivisecci\u00f3n<\/strong>, proceso que dominaba totalmente luego de desmantelar los cuerpos de todos los cient\u00edficos de la base. En la escena m\u00e1s gr\u00e1fica, en la que el \u00fanico sobreviviente del comando logra acercarse a la guarida de la criatura, observamos a su \u00faltima compa\u00f1era, su subalterna \u2014quien se hab\u00eda extraviado en el bosque\u2014 siendo despojada, con precisi\u00f3n obsesiva, de partes muy espec\u00edficas de su anatom\u00eda; recuerdo, con claridad, cuando el alien\u00edgena extrae el o\u00eddo interno, ayudado de un peque\u00f1o taladro.<br \/>\nLos ni\u00f1os que intentan ver c\u00f3mo funciona su juguete favorito y que, una vez abierto y separado en sus elementos, no pueden ensamblar de vuelta a su estado funcional; la mariposa o mosca a la que se arrancan las alas para observarlas a detalle: el hijo al que se aleja en un proceso que intentaba ver c\u00f3mo funciona la <strong>paternidad<\/strong>. En lo que est\u00e1 vivo, el an\u00e1lisis a veces cuesta la vida misma. Quiz\u00e1 entonces la vida no se comprende, se aprecia desde lejos, o se le teme. O se le hace temer.<br \/>\n3<br \/>\nLa <strong>criatura extraterrestre<\/strong>, adem\u00e1s de ser sumamente veloz, y de tener la capacidad de camuflarse con el ambiente, era resistente a las balas y a cualquier arma. Por lo tanto, era invencible en t\u00e9rminos humanos. La \u00fanica manera de contenerla que se les ocurri\u00f3 fue encerrarla en una prisi\u00f3n de capas y capas de concreto; un <strong>Minotauro<\/strong> moderno en un laberinto igualmente inexpugnable. Cuando le pregunt\u00e9 a mi pap\u00e1 si eso era posible, si en verdad exist\u00edan los extraterrestres, o si de existir ten\u00edan sentimientos as\u00ed de fuertes como para orillarlos a la venganza, no me supo contestar. Era un d\u00eda entre semana, a la ma\u00f1ana siguiente hab\u00eda que levantarse a la escuela, al trabajo, a la vida: a las cosas que nos arrancan, tambi\u00e9n poco a poco, partes del cuerpo, s\u00f3lo que nos las dejan dentro de la piel. Era un d\u00eda entre semana, nos desvel\u00e1bamos juntos, y fue lo m\u00e1s cerca que pudimos estar de ese fen\u00f3meno extra\u00f1o de la paternidad sin arriesgarnos a perder una parte de nuestra distancia controlada, a la que est\u00e1bamos tan acostumbrados. Las dem\u00e1s cosas, las que no entend\u00edamos \u2014ni entenderemos\u2014 las encerramos bajo capas y capas de un silencio espeso y cotidiano, como el concreto, sobre el que construimos cada quien su mundo.<br \/>\n<a class=\"no-eff img-link lightbox\" href=\"http:\/\/nofm-radio.com\/wp-content\/uploads\/2016\/02\/watch-the-skies8.jpg\"><img loading=\"lazy\" decoding=\"async\" class=\"size-full wp-image-15738 aligncenter\" src=\"http:\/\/nofm-radio.com\/wp-content\/uploads\/2016\/02\/watch-the-skies8.jpg\" alt=\"watch-the-skies8\" width=\"640\" height=\"480\" \/><\/a><br \/>\n4<br \/>\nAl final, en lugar de buscar venganza con el resto de la <strong>raza humana<\/strong> \u2014lo que yo cre\u00ed que pasar\u00eda\u2014 la criatura huye; supongo que vuelve a su planeta de origen. La distancia es, acaso, la \u00fanica forma de supervivencia cuando ya se ha comprendido la vida y no nos gusta lo que vemos; s\u00f3lo el aire cierra las heridas que no caben en el cuerpo. Termin\u00f3 la pel\u00edcula, pap\u00e1 y yo nos fuimos a dormir, y nunca m\u00e1s hablamos de ella. Los recuerdos, las memorias, son cuerpos extra\u00f1os, caprichosos, a los que no siempre es posible comprender sin destruirlos en el proceso; tal vez de tanto regresar a ese recuerdo, para entenderlo en su totalidad, le he quitado algunas partes que ahora ya no s\u00e9 c\u00f3mo colocar de vuelta, o le puse algunas que no pertenec\u00edan al cuerpo original. Pero pas\u00f3.<br \/>\n5<br \/>\nA la usanza de las f\u00e1bulas, es m\u00e1s c\u00f3modo, creo, aleccionar sobre nuestra condici\u00f3n humana a trav\u00e9s de criaturas no humanas. En ese mismo tenor, <em><strong>Starship troopers<\/strong><\/em>\u00a0(Paul Verhoeven ) y <em><strong>District 9<\/strong><\/em> (Neill Blomkamp) se pueden tomar, adem\u00e1s de como pel\u00edculas de acci\u00f3n muy entretenidas, como cr\u00edticas eficaces y muy fluidas sobre el <strong>Nazismo<\/strong> y el <strong>Apartheid<\/strong>, respectivamente; sobre lo humano, en conjunto. Este ejercicio resalta nuestras similitudes, debiera acercarnos a los que creemos radicalmente distintos. En la pel\u00edcula, por ejemplo, si el extraterrestre sab\u00eda c\u00f3mo intervenir los cuerpos humanos era porque hab\u00eda visto c\u00f3mo se intervino a su compa\u00f1era, y entonces se deriva que su cuerpo, y el de los humanos, no era tan distinto.<br \/>\nEs m\u00e1s f\u00e1cil diseccionar nuestra <strong>condici\u00f3n humana<\/strong>, analizarla y criticarla, a trav\u00e9s del desmembramiento o descripci\u00f3n de un cuerpo ajeno, un cuerpo alien\u00edgeno y ficticio. Arriba como abajo. Mirar al cielo para entender la tierra; lo que pasa en un extremo pasa en otro, ya sea del universo o del sill\u00f3n frente a la tele.<br \/>\n<a class=\"no-eff img-link lightbox\" href=\"http:\/\/nofm-radio.com\/wp-content\/uploads\/2016\/02\/xtro31.jpg\"><img loading=\"lazy\" decoding=\"async\" class=\"size-full wp-image-15737 aligncenter\" src=\"http:\/\/nofm-radio.com\/wp-content\/uploads\/2016\/02\/xtro31.jpg\" alt=\"xtro31\" width=\"512\" height=\"384\" \/><\/a><br \/>\n6<br \/>\nAlien\u00edgena, creo, es una palabra que hace referencia a lo que nos es ajeno, a los otros; a los que no parecen pertenecer a nuestro mundo, o al menos es una de las acepciones que posee, aunque me viene \u2014o nos viene\u2014 a la mente, con m\u00e1s frecuencia, lo relacionado a los extraterrestres. Sin embargo, aquella noche, hace ya a\u00f1os, cuando vi la pel\u00edcula con mi pap\u00e1, \u00e9ramos dos seres parecidos, uno producto del otro, aunque ajenos, muy ajenos, casi desconocidos. Dos habitantes de dos <strong>mundos dis\u00edmbolos<\/strong>. Alien\u00edgenas los dos, cada cual a su manera, para el otro.<br \/>\n7<br \/>\nEl martirio al que es sometida la criatura alien\u00edgena es, a mi parecer, una cr\u00edtica, bastante digerible, hacia la vivisecci\u00f3n y las relaciones que los seres humanos hemos entablado hacia el resto de los animales de la tierra. Es una pel\u00edcula de bajo presupuesto, claro, y que deja mucho que desear en t\u00e9rminos muy amplios, pero que toca fibras sensibles sin, precisamente, castigarlas o atrofiarlas; las evidencia, mas no las extirpa o martiriza. Y basta, es suficiente y funcional en su rango. Parece decirnos \u201crevisemos el trato que damos a los animales, empaticemos\u201d sin usar esas precisas palabras. Pienso, ahora pienso, que es similar a decir \u201choy puedes desvelarte\u201d para decir algo m\u00e1s, algo m\u00e1s hondo, porque no se sabe decir de otra forma, o no se tienen los recursos.<br \/>\n<iframe loading=\"lazy\" src=\"https:\/\/www.youtube.com\/embed\/_NY8rCBFaGY\" width=\"420\" height=\"315\" frameborder=\"0\" allowfullscreen=\"allowfullscreen\"><\/iframe><\/p>\n","protected":false},"template":"","meta":{"_id_youtube":"","_id_vimeo":"","_podcasts_duration":"","_podcasts_url":"","_podcasts_show":"","_prog_horario_dias":"","_prog_hora":"","_prog_duration":""},"class_list":["post-15731","archivo","type-archivo","status-publish","hentry"],"_links":{"self":[{"href":"https:\/\/nofm-radio.com\/index.php?rest_route=\/wp\/v2\/archivo\/15731","targetHints":{"allow":["GET"]}}],"collection":[{"href":"https:\/\/nofm-radio.com\/index.php?rest_route=\/wp\/v2\/archivo"}],"about":[{"href":"https:\/\/nofm-radio.com\/index.php?rest_route=\/wp\/v2\/types\/archivo"}],"wp:attachment":[{"href":"https:\/\/nofm-radio.com\/index.php?rest_route=%2Fwp%2Fv2%2Fmedia&parent=15731"}],"curies":[{"name":"wp","href":"https:\/\/api.w.org\/{rel}","templated":true}]}}

<p>Por <strong>Aldo Rosales</strong><br />
<a href="https://twitter.com/AldoRosalesV" target="_blank" rel="noopener noreferrer">@AldoRosalesV</a><br />
1<br />
Hace más de 20 años, un día entre semana por la noche, proyectaban en el canal 7 una película titulada <em><strong>Xtro 3: vigilen los cielos</strong></em>. La trama era sencilla, a momentos fácil y ramplona, pero da pie a numerosas lecturas, algunas más profundas: un comando militar es enviado a una isla a investigar casos de asesinatos y desapariciones. Al llegar ahí, se percatan de que 1) la isla no es un lugar cualquiera, es una base militar donde se investigaba algo y 2) ese algo es una <strong>nave alienígena</strong> recuperada años atrás por el gobierno norteamericano.<br />
A la mitad de la película se descubre que el responsable de las muertes es una criatura alienígena que logró sobrevivir al choque y que, además, desarrolló un fuerte odio hacia los humanos al presenciar la disección de su compañero (compañera, en realidad) de viaje, intervención que, por supuesto, se llevó a cabo sin ningún miramiento hacia la integridad de la criatura, quien murió debido a la misma. El filme me marcó por dos cuestiones: me transmitió la soledad más grande —estar lejos del hogar y rodeado de extraños que, además, se llevaron al último que se te parecía— y, también, porque es una de las contadas películas que vi, completas, al lado de mi papá.<br />
<iframe loading="lazy" src="https://www.youtube.com/embed/Vgld3CSpjpA" width="560" height="315" frameborder="0" allowfullscreen="allowfullscreen"></iframe><br />
2<br />
Si bien es cierto que para comprender algo es, en ocasiones, necesario abrirlo, inspeccionarlo, separarlo en sus componentes, este proceso conlleva, en la mayoría de las veces, una destrucción de eso que intentamos analizar. En el filme mencionado, el método de asesinato del alienígena era, precisamente, la <strong>vivisección</strong>, proceso que dominaba totalmente luego de desmantelar los cuerpos de todos los científicos de la base. En la escena más gráfica, en la que el único sobreviviente del comando logra acercarse a la guarida de la criatura, observamos a su última compañera, su subalterna —quien se había extraviado en el bosque— siendo despojada, con precisión obsesiva, de partes muy específicas de su anatomía; recuerdo, con claridad, cuando el alienígena extrae el oído interno, ayudado de un pequeño taladro.<br />
Los niños que intentan ver cómo funciona su juguete favorito y que, una vez abierto y separado en sus elementos, no pueden ensamblar de vuelta a su estado funcional; la mariposa o mosca a la que se arrancan las alas para observarlas a detalle: el hijo al que se aleja en un proceso que intentaba ver cómo funciona la <strong>paternidad</strong>. En lo que está vivo, el análisis a veces cuesta la vida misma. Quizá entonces la vida no se comprende, se aprecia desde lejos, o se le teme. O se le hace temer.<br />
3<br />
La <strong>criatura extraterrestre</strong>, además de ser sumamente veloz, y de tener la capacidad de camuflarse con el ambiente, era resistente a las balas y a cualquier arma. Por lo tanto, era invencible en términos humanos. La única manera de contenerla que se les ocurrió fue encerrarla en una prisión de capas y capas de concreto; un <strong>Minotauro</strong> moderno en un laberinto igualmente inexpugnable. Cuando le pregunté a mi papá si eso era posible, si en verdad existían los extraterrestres, o si de existir tenían sentimientos así de fuertes como para orillarlos a la venganza, no me supo contestar. Era un día entre semana, a la mañana siguiente había que levantarse a la escuela, al trabajo, a la vida: a las cosas que nos arrancan, también poco a poco, partes del cuerpo, sólo que nos las dejan dentro de la piel. Era un día entre semana, nos desvelábamos juntos, y fue lo más cerca que pudimos estar de ese fenómeno extraño de la paternidad sin arriesgarnos a perder una parte de nuestra distancia controlada, a la que estábamos tan acostumbrados. Las demás cosas, las que no entendíamos —ni entenderemos— las encerramos bajo capas y capas de un silencio espeso y cotidiano, como el concreto, sobre el que construimos cada quien su mundo.<br />
<a class="no-eff img-link lightbox" href="http://nofm-radio.com/wp-content/uploads/2016/02/watch-the-skies8.jpg"><img loading="lazy" decoding="async" class="size-full wp-image-15738 aligncenter" src="http://nofm-radio.com/wp-content/uploads/2016/02/watch-the-skies8.jpg" alt="watch-the-skies8" width="640" height="480" /></a><br />
4<br />
Al final, en lugar de buscar venganza con el resto de la <strong>raza humana</strong> —lo que yo creí que pasaría— la criatura huye; supongo que vuelve a su planeta de origen. La distancia es, acaso, la única forma de supervivencia cuando ya se ha comprendido la vida y no nos gusta lo que vemos; sólo el aire cierra las heridas que no caben en el cuerpo. Terminó la película, papá y yo nos fuimos a dormir, y nunca más hablamos de ella. Los recuerdos, las memorias, son cuerpos extraños, caprichosos, a los que no siempre es posible comprender sin destruirlos en el proceso; tal vez de tanto regresar a ese recuerdo, para entenderlo en su totalidad, le he quitado algunas partes que ahora ya no sé cómo colocar de vuelta, o le puse algunas que no pertenecían al cuerpo original. Pero pasó.<br />
5<br />
A la usanza de las fábulas, es más cómodo, creo, aleccionar sobre nuestra condición humana a través de criaturas no humanas. En ese mismo tenor, <em><strong>Starship troopers</strong></em> (Paul Verhoeven ) y <em><strong>District 9</strong></em> (Neill Blomkamp) se pueden tomar, además de como películas de acción muy entretenidas, como críticas eficaces y muy fluidas sobre el <strong>Nazismo</strong> y el <strong>Apartheid</strong>, respectivamente; sobre lo humano, en conjunto. Este ejercicio resalta nuestras similitudes, debiera acercarnos a los que creemos radicalmente distintos. En la película, por ejemplo, si el extraterrestre sabía cómo intervenir los cuerpos humanos era porque había visto cómo se intervino a su compañera, y entonces se deriva que su cuerpo, y el de los humanos, no era tan distinto.<br />
Es más fácil diseccionar nuestra <strong>condición humana</strong>, analizarla y criticarla, a través del desmembramiento o descripción de un cuerpo ajeno, un cuerpo alienígeno y ficticio. Arriba como abajo. Mirar al cielo para entender la tierra; lo que pasa en un extremo pasa en otro, ya sea del universo o del sillón frente a la tele.<br />
<a class="no-eff img-link lightbox" href="http://nofm-radio.com/wp-content/uploads/2016/02/xtro31.jpg"><img loading="lazy" decoding="async" class="size-full wp-image-15737 aligncenter" src="http://nofm-radio.com/wp-content/uploads/2016/02/xtro31.jpg" alt="xtro31" width="512" height="384" /></a><br />
6<br />
Alienígena, creo, es una palabra que hace referencia a lo que nos es ajeno, a los otros; a los que no parecen pertenecer a nuestro mundo, o al menos es una de las acepciones que posee, aunque me viene —o nos viene— a la mente, con más frecuencia, lo relacionado a los extraterrestres. Sin embargo, aquella noche, hace ya años, cuando vi la película con mi papá, éramos dos seres parecidos, uno producto del otro, aunque ajenos, muy ajenos, casi desconocidos. Dos habitantes de dos <strong>mundos disímbolos</strong>. Alienígenas los dos, cada cual a su manera, para el otro.<br />
7<br />
El martirio al que es sometida la criatura alienígena es, a mi parecer, una crítica, bastante digerible, hacia la vivisección y las relaciones que los seres humanos hemos entablado hacia el resto de los animales de la tierra. Es una película de bajo presupuesto, claro, y que deja mucho que desear en términos muy amplios, pero que toca fibras sensibles sin, precisamente, castigarlas o atrofiarlas; las evidencia, mas no las extirpa o martiriza. Y basta, es suficiente y funcional en su rango. Parece decirnos “revisemos el trato que damos a los animales, empaticemos” sin usar esas precisas palabras. Pienso, ahora pienso, que es similar a decir “hoy puedes desvelarte” para decir algo más, algo más hondo, porque no se sabe decir de otra forma, o no se tienen los recursos.<br />
<iframe loading="lazy" src="https://www.youtube.com/embed/_NY8rCBFaGY" width="420" height="315" frameborder="0" allowfullscreen="allowfullscreen"></iframe></p>
