{"id":15754,"date":"2016-02-12T12:37:07","date_gmt":"2016-02-12T18:37:07","guid":{"rendered":"http:\/\/nofm-radio.com\/?p=15754"},"modified":"2016-02-12T12:37:07","modified_gmt":"2016-02-12T18:37:07","slug":"descubrieron-las-ondasgravitacionales-y-ahora-que","status":"publish","type":"archivo","link":"https:\/\/nofm-radio.com\/?archivo=descubrieron-las-ondasgravitacionales-y-ahora-que","title":{"rendered":"Descubrieron las #OndasGravitacionales, \u00bfy ahora qu\u00e9?"},"content":{"rendered":"<p>Por <strong>Diego Vidal<\/strong><br \/>\n<a href=\"https:\/\/twitter.com\/vidaleando\" target=\"_blank\" rel=\"noopener noreferrer\">@vidaleando<\/a><br \/>\nHace m\u00e1s de cien a\u00f1os, <strong>Einstein<\/strong> present\u00f3 su <strong>Teor\u00eda general de la Relatividad<\/strong>, la cual es una teor\u00eda del espacio-tiempo donde se postula que su naturaleza es din\u00e1mica. Ayer por fin se detect\u00f3 una de las predicciones m\u00e1s elusivas de dicha teor\u00eda, con lo cual no s\u00f3lo se confirma que la humanidad est\u00e1 en el camino correcto (al menos en ciencia) sino que se abre la puerta a mucha investigaci\u00f3n y desarrollo.<br \/>\n<strong>\u00bfQu\u00e9 es el espacio-tiempo?<\/strong><br \/>\nToma una piedra y l\u00e1nzala, ver\u00e1s que su posici\u00f3n cambi\u00f3, es decir cambi\u00f3 su situaci\u00f3n espacial; el lapso que tom\u00f3 dicho desplazamiento tuvo lugar en el tiempo. Ahora bien, quita la piedra, el aire, la tierra, la luz y cualquier tipo de energ\u00eda, piensa s\u00f3lo en el vac\u00edo.<br \/>\nResulta que no est\u00e1 tan vac\u00edo, siguen estando el espacio y el tiempo; uno pensar\u00eda que como est\u00e1n quietos los podemos ignorar, pero de hecho no est\u00e1n quietos, son din\u00e1micos.<br \/>\nPor otra parte, si los separas no tienen sentido, la teor\u00eda de Einstein nos invita a pensar que el espacio y el tiempo est\u00e1n unidos en una misma unidad conceptual: el <strong>espacio-tiempo<\/strong>. A nosotros nos cuesta trabajo ver esta dupla fundamental ya que el hecho s\u00f3lo es obvio a velocidades cercanas a la de la luz, pero es en \u00e9ste momento donde te debes desnudar de todo <strong>antropocentrismo,<\/strong>\u00a0ya que una gran parte del universo viaja a estas velocidades.<br \/>\n<strong>\u00bfCu\u00e1l es la din\u00e1mica del espacio-tiempo?<\/strong><br \/>\nEn ausencia de <strong>energ\u00eda<\/strong> o masas (que son lo mismo en esta teor\u00eda), es plano; en presencia de alguna de las dos, se curva y este efecto lo sentimos como <strong>gravedad<\/strong>, es decir, nosotros al tratar de seguir la trayectoria m\u00e1s recta en un espacio-tiempo curvo es lo que explica porque gravitamos.<br \/>\nLa gravedad se codifica como curvatura, y \u00e9sta es la primera expresi\u00f3n din\u00e1mica ya que se ha deformado el espacio-tiempo, esto nos lleva a uno de los descubrimientos m\u00e1s bellos de la raza humana: <strong>geometr\u00eda<\/strong> es igual f\u00edsica.<br \/>\n<iframe loading=\"lazy\" class=\"giphy-embed\" src=\"\/\/giphy.com\/embed\/xTiTnpDl9XkQbXZwxq\" width=\"480\" height=\"480\" frameborder=\"0\" allowfullscreen=\"allowfullscreen\"><\/iframe><br \/>\n<strong>\u00bfLas ondas gravitacionales son una expresi\u00f3n din\u00e1mica?<\/strong><br \/>\nA lo largo de los a\u00f1os los f\u00edsicos han estudiado una variedad inmensa de sistemas y muchos de ellos exhiben un comportamiento ondulatorio cuando se toman desde una perspectiva colectiva. Si tomas varias mol\u00e9culas de agua y las pones en un contenedor, los est\u00edmulos se transmitir\u00e1n como una onda; las <strong>ondas electromagn\u00e9ticas<\/strong> son perturbaciones locales del campo electromagn\u00e9tico que se propagan (muy parecido a las de agua de hecho). Por ende era de esperar que el espacio-tiempo pudiera tener un comportamiento ondulatorio, pero el hecho no fue obvio hasta que se asumieron ciertas condiciones en las ecuaciones de Einstein y ah\u00ed qued\u00f3 m\u00e1s que claro: la teor\u00eda predice que debe haber <strong>ondas gravitacionales<\/strong>.<br \/>\n<strong>\u00bfEntonces las ondas gravitacionales son como las de radio, o las de sonido?<\/strong><br \/>\nComo siempre en f\u00edsica: si pero no. Una onda es una conceptualizaci\u00f3n de c\u00f3mo se transmite una perturbaci\u00f3n en un sistema colectivo, al decir colectivo entendemos que hay correlaci\u00f3n entre el punto que estoy parado y otro a una cierta distancia. Ahora bien, una onda en general tiene <strong>amplitud<\/strong> &#8211;si es sonido: volumen, pero en general est\u00e1 ligado a la potencia&#8211;, \u00a0<strong>frecuencia<\/strong>\u00a0&#8211;en sonido: tono, en general est\u00e1 ligado a la energ\u00eda&#8211; y una <strong>velocidad<\/strong>, la cual en sonido depende de las condiciones atmosf\u00e9ricas, y en general depende del medio.<br \/>\nAhora, el sonido es una onda de compresi\u00f3n, el aire se comprime y dilata en patrones ondulatorios (como en un resorte slinky), es por ello que en el vac\u00edo no puede existir y en un medio denso viaja m\u00e1s r\u00e1pido. Las ondas electromagn\u00e9ticas, que abarcan desde radio pasando por luz visible y llegando a <strong>rayos gamma<\/strong>, son oscilaciones del campo electromagn\u00e9tico, que se pueden imaginar como una gelatina que est\u00e1 presente por doquier (incluso en el vac\u00edo) y que es perturbada por objetos con carga, creando as\u00ed la onda. Las <strong>ondas gravitacionales<\/strong>\u00a0son oscilaciones del espacio-tiempo, que tambi\u00e9n se puede imaginar como una gelatina, pero una fundamental, es decir, una gelatina donde est\u00e1n montadas otras gelatinas como el campo electromagn\u00e9tico; el espacio-tiempo es perturbado por objetos con masa o energ\u00eda creando as\u00ed la onda gravitacional.<br \/>\nPor otra parte, hubo gran confusi\u00f3n ya que en el evento dijeron que las detectaron por sonido, pero esto es incorrecto. Simplemente hicieron una analog\u00eda, moviendo completamente la <strong>frecuencia<\/strong>.<br \/>\n<iframe loading=\"lazy\" class=\"giphy-embed\" src=\"\/\/giphy.com\/embed\/opw9Tm0z6eipq\" width=\"480\" height=\"270\" frameborder=\"0\" allowfullscreen=\"allowfullscreen\"><\/iframe><br \/>\n<strong>\u00a1Quiero hacer ondas gravitacionales! \u00bfC\u00f3mo le hago?<\/strong><br \/>\nSimple: aplaude. Para entender porque est\u00e1 bien esto retomemos la analog\u00eda anterior. En el caso del sonido, el modo m\u00e1s sencillo de generarlo es hacer oscilar una membrana que a su vez har\u00e1 oscilar el aire en compresiones y dilataciones de \u00e9l mismo, las cuales llegar\u00e1n a nuestros o\u00eddos y har\u00e1n oscilar nuestros t\u00edmpanos, etc\u00e9tera. En el caso de las ondas electromagn\u00e9ticas, basta con que tenga una carga puntual y la ponga a oscilar para que perturbe el campo electromagn\u00e9tico alrededor de ella y esto genere las ondas; la <strong>radio<\/strong> es una antena que pone a oscilar un mont\u00f3n de electrones en la antena emisora, los cu\u00e1les a su vez ponen a oscilar al campo el cual transmite las oscilaciones por medio de ondas, al llegar a la antena receptora las ondas ponen a oscilar a los electrones de la antena y listo.<br \/>\nEn el caso de las <strong>ondas gravitacionales<\/strong> no basta con una part\u00edcula con masa oscilando para generarlas, una soluci\u00f3n capitalista ser\u00eda decir&#8211;\u00bfBueno, que tal con dos?&#8211; desgraciadamente esto tampoco resuelve el problema. El arreglo que oscile necesita generar un \u00e1rea &#8211;a nivel t\u00e9cnico: momento cuadrupolar&#8211; para poder general la onda, por suerte sus manos tienen \u00e1rea y tienen masa; con la masa basta para curvar el espacio-tiempo y con que aplaudan generan la oscilaci\u00f3n. Chido.<br \/>\n<iframe loading=\"lazy\" class=\"giphy-embed\" src=\"\/\/giphy.com\/embed\/LgwoVr7YgUkrC\" width=\"480\" height=\"342\" frameborder=\"0\" allowfullscreen=\"allowfullscreen\"><\/iframe><br \/>\n<strong>\u00bfY c\u00f3mo las detecto?<\/strong><br \/>\nHe ah\u00ed el gran problema, y es por eso que la predicci\u00f3n estuvo casi 100 a\u00f1os en la <strong>torre de marfil<\/strong> de las cosas que estar\u00edan chidas pero que no se han visto. La potencia de una onda gravitacional en caso de que si hayan aplaudido es de 10^(-66) Watts (lo cual es dividir 1 entre 10 seguido de 65 ceros), incluso si todo el mundo le aplaude al Papa entonces esto ser\u00eda de 10^(-59) Watts, si esto lo comparamos son el sub-woofer que se va a usar en los perreos eclesi\u00e1sticos &#8211;500 Watts&#8211; ser\u00eda una potencia 10^61 veces m\u00e1s grande, lo cual es un 1 seguido de 61 ceros. De nuevo, esto no implica que las <strong>ondas gravitacionales<\/strong> sean ondas de sonido, s\u00f3lo era una comparaci\u00f3n de potencia, podr\u00edamos haberlas comparado con las de radio. Al ser tan tenues casi ni se perciben, si tuviera un anillo de masas chiquitas, la onda las mover\u00eda casi nada; es por eso que se debe usar una t\u00e9cnica para medidas de muy altas precisi\u00f3n llamada <strong>interferometr\u00eda<\/strong>, la cual en \u00e9ste caso indujo a crear un dispositivo con brazos de cuatro kil\u00f3metros, <strong>LISA<\/strong>. En caso de que \u00e9ste hubiera fallado, la siguiente apuesta era <strong>LIGO<\/strong>, un sistema de tres sat\u00e9lites separados por cientos de kil\u00f3metros dispar\u00e1ndose un l\u00e1ser entre ellos. Si el lector lo desea luego puedo hacer un escrito describiendo a detalle estos experimentos.<br \/>\n<iframe loading=\"lazy\" src=\"https:\/\/w.soundcloud.com\/player\/?url=https%3A\/\/api.soundcloud.com\/tracks\/246541133&amp;auto_play=false&amp;hide_related=false&amp;show_comments=true&amp;show_user=true&amp;show_reposts=false&amp;visual=true\" width=\"100%\" height=\"450\" frameborder=\"no\" scrolling=\"no\"><\/iframe><br \/>\n<strong>\u00bfPor qu\u00e9 es importante el descubrimiento?<\/strong><br \/>\nLa t<strong>eor\u00eda de la relatividad general<\/strong> tiene cinco predicciones, ahora todas han sido probadas experimentalmente. Adem\u00e1s, dado que la onda gravitacional viaja a la velocidad de la luz y esto se midi\u00f3, se descartan todas las teor\u00edas de gravedad masiva. Por otra parte, esto inicia el campo de la <strong>astronom\u00eda gravitacional<\/strong>, es decir astronom\u00eda sin medios \u00f3pticos, viendo al fen\u00f3meno por la se\u00f1al m\u00e1s pura que vamos a poder obtener. Finalmente, sabemos que en el <strong>Big Bang<\/strong> se crearon ondas gravitacionales primordiales &#8211;complicad\u00edsimas de ver&#8211; con este descubrimiento se van a poder calibrar nuestros instrumentos para verlas y por fin entender que sucedi\u00f3 en el origen de este\u00a0universo y tener uno de los primeros pasos en tener una <strong>teor\u00eda cu\u00e1ntica<\/strong> del espacio-tiempo, un problema que no se ha resuelto en 80 a\u00f1os.<br \/>\n<strong>\u00bfPor qu\u00e9 es relevante el descubrimiento?<\/strong><br \/>\nSi cuando Maxwell y Hertz descubrieron las ondas electromagn\u00e9ticas les hubieran hecho esta\u00a0misma pregunta, probablemente hubieran respondido lo que responder\u00e9 yo: la belleza de la naturaleza est\u00e1 contenida en un plano diferente al pragmatismo. Es decir, no ten\u00edan ni idea de que se pod\u00eda hacer; pero unos cu\u00e1ntos a\u00f1os despu\u00e9s la <strong>revoluci\u00f3n de las telecomunicaciones<\/strong> se gest\u00f3 a partir del descubrimiento de estas ondas.<br \/>\n<iframe loading=\"lazy\" src=\"\/\/giphy.com\/embed\/DdLGo6HHWq57a\" width=\"480\" height=\"263\" frameBorder=\"0\" class=\"giphy-embed\" allowFullScreen><\/iframe><\/p>\n<p><a href=\"http:\/\/giphy.com\/gifs\/vs-vader-einsten-DdLGo6HHWq57a\">via GIPHY<\/a><\/p>\n","protected":false},"template":"","meta":{"_id_youtube":"","_id_vimeo":"","_podcasts_duration":"","_podcasts_url":"","_podcasts_show":"","_prog_horario_dias":"","_prog_hora":"","_prog_duration":""},"class_list":["post-15754","archivo","type-archivo","status-publish","hentry"],"_links":{"self":[{"href":"https:\/\/nofm-radio.com\/index.php?rest_route=\/wp\/v2\/archivo\/15754","targetHints":{"allow":["GET"]}}],"collection":[{"href":"https:\/\/nofm-radio.com\/index.php?rest_route=\/wp\/v2\/archivo"}],"about":[{"href":"https:\/\/nofm-radio.com\/index.php?rest_route=\/wp\/v2\/types\/archivo"}],"wp:attachment":[{"href":"https:\/\/nofm-radio.com\/index.php?rest_route=%2Fwp%2Fv2%2Fmedia&parent=15754"}],"curies":[{"name":"wp","href":"https:\/\/api.w.org\/{rel}","templated":true}]}}

Descubrieron las #OndasGravitacionales, ¿y ahora qué?

<p>Por <strong>Diego Vidal</strong><br />
<a href="https://twitter.com/vidaleando" target="_blank" rel="noopener noreferrer">@vidaleando</a><br />
Hace más de cien años, <strong>Einstein</strong> presentó su <strong>Teoría general de la Relatividad</strong>, la cual es una teoría del espacio-tiempo donde se postula que su naturaleza es dinámica. Ayer por fin se detectó una de las predicciones más elusivas de dicha teoría, con lo cual no sólo se confirma que la humanidad está en el camino correcto (al menos en ciencia) sino que se abre la puerta a mucha investigación y desarrollo.<br />
<strong>¿Qué es el espacio-tiempo?</strong><br />
Toma una piedra y lánzala, verás que su posición cambió, es decir cambió su situación espacial; el lapso que tomó dicho desplazamiento tuvo lugar en el tiempo. Ahora bien, quita la piedra, el aire, la tierra, la luz y cualquier tipo de energía, piensa sólo en el vacío.<br />
Resulta que no está tan vacío, siguen estando el espacio y el tiempo; uno pensaría que como están quietos los podemos ignorar, pero de hecho no están quietos, son dinámicos.<br />
Por otra parte, si los separas no tienen sentido, la teoría de Einstein nos invita a pensar que el espacio y el tiempo están unidos en una misma unidad conceptual: el <strong>espacio-tiempo</strong>. A nosotros nos cuesta trabajo ver esta dupla fundamental ya que el hecho sólo es obvio a velocidades cercanas a la de la luz, pero es en éste momento donde te debes desnudar de todo <strong>antropocentrismo,</strong> ya que una gran parte del universo viaja a estas velocidades.<br />
<strong>¿Cuál es la dinámica del espacio-tiempo?</strong><br />
En ausencia de <strong>energía</strong> o masas (que son lo mismo en esta teoría), es plano; en presencia de alguna de las dos, se curva y este efecto lo sentimos como <strong>gravedad</strong>, es decir, nosotros al tratar de seguir la trayectoria más recta en un espacio-tiempo curvo es lo que explica porque gravitamos.<br />
La gravedad se codifica como curvatura, y ésta es la primera expresión dinámica ya que se ha deformado el espacio-tiempo, esto nos lleva a uno de los descubrimientos más bellos de la raza humana: <strong>geometría</strong> es igual física.<br />
<iframe loading="lazy" class="giphy-embed" src="//giphy.com/embed/xTiTnpDl9XkQbXZwxq" width="480" height="480" frameborder="0" allowfullscreen="allowfullscreen"></iframe><br />
<strong>¿Las ondas gravitacionales son una expresión dinámica?</strong><br />
A lo largo de los años los físicos han estudiado una variedad inmensa de sistemas y muchos de ellos exhiben un comportamiento ondulatorio cuando se toman desde una perspectiva colectiva. Si tomas varias moléculas de agua y las pones en un contenedor, los estímulos se transmitirán como una onda; las <strong>ondas electromagnéticas</strong> son perturbaciones locales del campo electromagnético que se propagan (muy parecido a las de agua de hecho). Por ende era de esperar que el espacio-tiempo pudiera tener un comportamiento ondulatorio, pero el hecho no fue obvio hasta que se asumieron ciertas condiciones en las ecuaciones de Einstein y ahí quedó más que claro: la teoría predice que debe haber <strong>ondas gravitacionales</strong>.<br />
<strong>¿Entonces las ondas gravitacionales son como las de radio, o las de sonido?</strong><br />
Como siempre en física: si pero no. Una onda es una conceptualización de cómo se transmite una perturbación en un sistema colectivo, al decir colectivo entendemos que hay correlación entre el punto que estoy parado y otro a una cierta distancia. Ahora bien, una onda en general tiene <strong>amplitud</strong> &#8211;si es sonido: volumen, pero en general está ligado a la potencia&#8211;,  <strong>frecuencia</strong> &#8211;en sonido: tono, en general está ligado a la energía&#8211; y una <strong>velocidad</strong>, la cual en sonido depende de las condiciones atmosféricas, y en general depende del medio.<br />
Ahora, el sonido es una onda de compresión, el aire se comprime y dilata en patrones ondulatorios (como en un resorte slinky), es por ello que en el vacío no puede existir y en un medio denso viaja más rápido. Las ondas electromagnéticas, que abarcan desde radio pasando por luz visible y llegando a <strong>rayos gamma</strong>, son oscilaciones del campo electromagnético, que se pueden imaginar como una gelatina que está presente por doquier (incluso en el vacío) y que es perturbada por objetos con carga, creando así la onda. Las <strong>ondas gravitacionales</strong> son oscilaciones del espacio-tiempo, que también se puede imaginar como una gelatina, pero una fundamental, es decir, una gelatina donde están montadas otras gelatinas como el campo electromagnético; el espacio-tiempo es perturbado por objetos con masa o energía creando así la onda gravitacional.<br />
Por otra parte, hubo gran confusión ya que en el evento dijeron que las detectaron por sonido, pero esto es incorrecto. Simplemente hicieron una analogía, moviendo completamente la <strong>frecuencia</strong>.<br />
<iframe loading="lazy" class="giphy-embed" src="//giphy.com/embed/opw9Tm0z6eipq" width="480" height="270" frameborder="0" allowfullscreen="allowfullscreen"></iframe><br />
<strong>¡Quiero hacer ondas gravitacionales! ¿Cómo le hago?</strong><br />
Simple: aplaude. Para entender porque está bien esto retomemos la analogía anterior. En el caso del sonido, el modo más sencillo de generarlo es hacer oscilar una membrana que a su vez hará oscilar el aire en compresiones y dilataciones de él mismo, las cuales llegarán a nuestros oídos y harán oscilar nuestros tímpanos, etcétera. En el caso de las ondas electromagnéticas, basta con que tenga una carga puntual y la ponga a oscilar para que perturbe el campo electromagnético alrededor de ella y esto genere las ondas; la <strong>radio</strong> es una antena que pone a oscilar un montón de electrones en la antena emisora, los cuáles a su vez ponen a oscilar al campo el cual transmite las oscilaciones por medio de ondas, al llegar a la antena receptora las ondas ponen a oscilar a los electrones de la antena y listo.<br />
En el caso de las <strong>ondas gravitacionales</strong> no basta con una partícula con masa oscilando para generarlas, una solución capitalista sería decir&#8211;¿Bueno, que tal con dos?&#8211; desgraciadamente esto tampoco resuelve el problema. El arreglo que oscile necesita generar un área &#8211;a nivel técnico: momento cuadrupolar&#8211; para poder general la onda, por suerte sus manos tienen área y tienen masa; con la masa basta para curvar el espacio-tiempo y con que aplaudan generan la oscilación. Chido.<br />
<iframe loading="lazy" class="giphy-embed" src="//giphy.com/embed/LgwoVr7YgUkrC" width="480" height="342" frameborder="0" allowfullscreen="allowfullscreen"></iframe><br />
<strong>¿Y cómo las detecto?</strong><br />
He ahí el gran problema, y es por eso que la predicción estuvo casi 100 años en la <strong>torre de marfil</strong> de las cosas que estarían chidas pero que no se han visto. La potencia de una onda gravitacional en caso de que si hayan aplaudido es de 10^(-66) Watts (lo cual es dividir 1 entre 10 seguido de 65 ceros), incluso si todo el mundo le aplaude al Papa entonces esto sería de 10^(-59) Watts, si esto lo comparamos son el sub-woofer que se va a usar en los perreos eclesiásticos &#8211;500 Watts&#8211; sería una potencia 10^61 veces más grande, lo cual es un 1 seguido de 61 ceros. De nuevo, esto no implica que las <strong>ondas gravitacionales</strong> sean ondas de sonido, sólo era una comparación de potencia, podríamos haberlas comparado con las de radio. Al ser tan tenues casi ni se perciben, si tuviera un anillo de masas chiquitas, la onda las movería casi nada; es por eso que se debe usar una técnica para medidas de muy altas precisión llamada <strong>interferometría</strong>, la cual en éste caso indujo a crear un dispositivo con brazos de cuatro kilómetros, <strong>LISA</strong>. En caso de que éste hubiera fallado, la siguiente apuesta era <strong>LIGO</strong>, un sistema de tres satélites separados por cientos de kilómetros disparándose un láser entre ellos. Si el lector lo desea luego puedo hacer un escrito describiendo a detalle estos experimentos.<br />
<iframe loading="lazy" src="https://w.soundcloud.com/player/?url=https%3A//api.soundcloud.com/tracks/246541133&amp;auto_play=false&amp;hide_related=false&amp;show_comments=true&amp;show_user=true&amp;show_reposts=false&amp;visual=true" width="100%" height="450" frameborder="no" scrolling="no"></iframe><br />
<strong>¿Por qué es importante el descubrimiento?</strong><br />
La t<strong>eoría de la relatividad general</strong> tiene cinco predicciones, ahora todas han sido probadas experimentalmente. Además, dado que la onda gravitacional viaja a la velocidad de la luz y esto se midió, se descartan todas las teorías de gravedad masiva. Por otra parte, esto inicia el campo de la <strong>astronomía gravitacional</strong>, es decir astronomía sin medios ópticos, viendo al fenómeno por la señal más pura que vamos a poder obtener. Finalmente, sabemos que en el <strong>Big Bang</strong> se crearon ondas gravitacionales primordiales &#8211;complicadísimas de ver&#8211; con este descubrimiento se van a poder calibrar nuestros instrumentos para verlas y por fin entender que sucedió en el origen de este universo y tener uno de los primeros pasos en tener una <strong>teoría cuántica</strong> del espacio-tiempo, un problema que no se ha resuelto en 80 años.<br />
<strong>¿Por qué es relevante el descubrimiento?</strong><br />
Si cuando Maxwell y Hertz descubrieron las ondas electromagnéticas les hubieran hecho esta misma pregunta, probablemente hubieran respondido lo que responderé yo: la belleza de la naturaleza está contenida en un plano diferente al pragmatismo. Es decir, no tenían ni idea de que se podía hacer; pero unos cuántos años después la <strong>revolución de las telecomunicaciones</strong> se gestó a partir del descubrimiento de estas ondas.<br />
<iframe loading="lazy" src="//giphy.com/embed/DdLGo6HHWq57a" width="480" height="263" frameBorder="0" class="giphy-embed" allowFullScreen></iframe></p>
<p><a href="http://giphy.com/gifs/vs-vader-einsten-DdLGo6HHWq57a">via GIPHY</a></p>
