{"id":16073,"date":"2016-02-26T10:00:58","date_gmt":"2016-02-26T16:00:58","guid":{"rendered":"http:\/\/nofm-radio.com\/?p=16073"},"modified":"2016-02-26T10:00:58","modified_gmt":"2016-02-26T16:00:58","slug":"nofmex-5a-noche-de-minuetes-cristo-del-santo-entierro","status":"publish","type":"archivo","link":"https:\/\/nofm-radio.com\/?archivo=nofmex-5a-noche-de-minuetes-cristo-del-santo-entierro","title":{"rendered":"#NoFMex. 5a Noche de Minuetes. Cristo del Santo Entierro"},"content":{"rendered":"<p>Por <strong>Emilia Perujo<\/strong><br \/>\n<a href=\"https:\/\/twitter.com\/emilia_perujo\" target=\"_blank\" rel=\"noopener noreferrer\">@emilia_perujo<\/a><br \/>\n<strong>\u00d3scar Muci\u00f1o<\/strong><br \/>\n<a href=\"https:\/\/twitter.com\/opmucino\" target=\"_blank\" rel=\"noopener noreferrer\">@opmucino<\/a><br \/>\nIm\u00e1genes de <strong>Felipe Bracho<\/strong><br \/>\n<a href=\"https:\/\/twitter.com\/brachosaurus\" target=\"_blank\" rel=\"noopener noreferrer\">@brachosaurus<\/a><br \/>\nUna vez muerto <strong>Jes\u00fas<\/strong> hab\u00eda que bajarlo de la cruz y preparar su cuerpo para el entierro. Esta labor no la realizaban los soldados encargados de las crucifixiones, la realizaban los amigos y familiares del difunto. Este momento de la vida de <strong>Cristo<\/strong> ha sido representado por varios artistas, un par de ellos <strong>Juan de Juni<\/strong> y <strong>Caravaggio<\/strong>.<br \/>\nEn los <strong>Museos del Vaticano<\/strong> se exhibe el <em><strong>Entierro de Cristo<\/strong><\/em> de Caravaggio, pintura de principios del siglo XVII que mide 3 x 2 metros y retrata cuando Juan y Nicodemo sostienen el cuerpo de Jes\u00fas momentos antes de postrarlo sobre el suelo, detr\u00e1s de ellos est\u00e1 la madre Mar\u00eda, la hermana Mar\u00eda de Cleofas y la disc\u00edpula Magdalena.<br \/>\nEn <strong>Valladolid<\/strong>, en el <strong>Museo de Esculturas<\/strong> se encuentra el<em><strong> Entierro de Cristo<\/strong><\/em> de <strong>Juan de Juni,<\/strong> escultura realizada durante la mitad del siglo XVI. La escena esculpida en madera policromada es la del cad\u00e1ver de Jes\u00fas ya tendido y siendo preparado para el entierro. Al centro Juan trata de consolar a la madre; a la derecha Nicodemo sostiene un trapo, con el que ha limpiado el cuerpo de Jes\u00fas, y un \u00e1nfora con ung\u00fcentos, a su lado Magdalena quien tambi\u00e9n tiene en las manos un \u00e1nfora. A la derecha Mar\u00eda Salom\u00e9 con la corona de espinas entre su manos; y Jos\u00e9 de Arimatea, quien con un pa\u00f1o sostiene una de las espinas de la corona y la muestra al espectador.<br \/>\nEn ambas obras existe un detalle que interpela al espectador. En la pintura de Caravaggio, Juan,quien sostiene el torso,toca una de las heridas en el pecho de Jes\u00fas; Nicodemo sostiene las piernas mientras voltea hacia quien observa la pintura con un gesto entre pena y reprobaci\u00f3n. Este \u201cromper la cuarta pared\u201d sin duda result\u00f3 un valioso recurso para la inoculaci\u00f3n de pena y conmiseraci\u00f3n en el p\u00fablico, tomando en cuenta las dimensiones de la pintura y de la escultura.<br \/>\nEste pasaje de la pasi\u00f3n ten\u00eda su versi\u00f3n par\u00f3dica al final de las fiestas del carnaval, durante el <strong>mi\u00e9rcoles de ceniza<\/strong>, y era el <strong>Entierro de la Sardina<\/strong>, celebraci\u00f3n que b\u00e1sicamente consist\u00eda en una procesi\u00f3n con m\u00fasica que conclu\u00eda con el entierro literal de una sardina, el pez representaba por supuesto a Jes\u00fas, a quien le gustaba le dijeran \u201cpescador de hombres\u201d.<br \/>\n<strong>Cristo del Santo Entierro<\/strong><br \/>\n<iframe loading=\"lazy\" src=\"https:\/\/www.youtube.com\/embed\/tRW7e2vieiM\" width=\"560\" height=\"315\" frameborder=\"0\" allowfullscreen=\"allowfullscreen\"><\/iframe><br \/>\nCristo del Santo Entierro: Op. 21 No. 5<br \/>\n<strong>Francisco Javier Salcedo Zepeda<\/strong>, febrero de 2012<br \/>\nForma musical: chotis<br \/>\nInterpreta: <strong>Mariachi Tradicional Ixtlauakuikani<\/strong><br \/>\nJudith Georgina Ixtl\u00e1huac Montelongo \u2013 Viol\u00edn<br \/>\nF\u00e1tima Guadalupe Rosales Barbosa &#8211; Viol\u00edn<br \/>\nMartha Elizabeth Miranda Gaspar \u2013 Vihuela<br \/>\nFrancisco Javier Salcedo Zepeda \u2013 Guitarr\u00f3n<br \/>\n<strong>Sobre la pieza<\/strong>:<br \/>\n\u201cEste Cristo me daba miedo de ni\u00f1o\u201d, comenta su compositor. No pod\u00eda creer que estuviera una persona metida en una urna. Su figura es hermosa e induce a la reflexi\u00f3n e inspira ternura y devoci\u00f3n. Al mariachi le cost\u00f3 mucho trabajo estudiarlo por sus tonalidades: La Mayor, Mi Mayor, Re Mayor y su relativa Si menor. T\u00e9cnicamente es muy completo en su armonizaci\u00f3n. Tiene unos peque\u00f1os fragmentos de escala hind\u00fa en la parte menor.<\/p>\n","protected":false},"template":"","meta":{"_id_youtube":"","_id_vimeo":"","_podcasts_duration":"","_podcasts_url":"","_podcasts_show":"","_prog_horario_dias":"","_prog_hora":"","_prog_duration":""},"class_list":["post-16073","archivo","type-archivo","status-publish","hentry"],"_links":{"self":[{"href":"https:\/\/nofm-radio.com\/index.php?rest_route=\/wp\/v2\/archivo\/16073","targetHints":{"allow":["GET"]}}],"collection":[{"href":"https:\/\/nofm-radio.com\/index.php?rest_route=\/wp\/v2\/archivo"}],"about":[{"href":"https:\/\/nofm-radio.com\/index.php?rest_route=\/wp\/v2\/types\/archivo"}],"wp:attachment":[{"href":"https:\/\/nofm-radio.com\/index.php?rest_route=%2Fwp%2Fv2%2Fmedia&parent=16073"}],"curies":[{"name":"wp","href":"https:\/\/api.w.org\/{rel}","templated":true}]}}

<p>Por <strong>Emilia Perujo</strong><br />
<a href="https://twitter.com/emilia_perujo" target="_blank" rel="noopener noreferrer">@emilia_perujo</a><br />
<strong>Óscar Muciño</strong><br />
<a href="https://twitter.com/opmucino" target="_blank" rel="noopener noreferrer">@opmucino</a><br />
Imágenes de <strong>Felipe Bracho</strong><br />
<a href="https://twitter.com/brachosaurus" target="_blank" rel="noopener noreferrer">@brachosaurus</a><br />
Una vez muerto <strong>Jesús</strong> había que bajarlo de la cruz y preparar su cuerpo para el entierro. Esta labor no la realizaban los soldados encargados de las crucifixiones, la realizaban los amigos y familiares del difunto. Este momento de la vida de <strong>Cristo</strong> ha sido representado por varios artistas, un par de ellos <strong>Juan de Juni</strong> y <strong>Caravaggio</strong>.<br />
En los <strong>Museos del Vaticano</strong> se exhibe el <em><strong>Entierro de Cristo</strong></em> de Caravaggio, pintura de principios del siglo XVII que mide 3 x 2 metros y retrata cuando Juan y Nicodemo sostienen el cuerpo de Jesús momentos antes de postrarlo sobre el suelo, detrás de ellos está la madre María, la hermana María de Cleofas y la discípula Magdalena.<br />
En <strong>Valladolid</strong>, en el <strong>Museo de Esculturas</strong> se encuentra el<em><strong> Entierro de Cristo</strong></em> de <strong>Juan de Juni,</strong> escultura realizada durante la mitad del siglo XVI. La escena esculpida en madera policromada es la del cadáver de Jesús ya tendido y siendo preparado para el entierro. Al centro Juan trata de consolar a la madre; a la derecha Nicodemo sostiene un trapo, con el que ha limpiado el cuerpo de Jesús, y un ánfora con ungüentos, a su lado Magdalena quien también tiene en las manos un ánfora. A la derecha María Salomé con la corona de espinas entre su manos; y José de Arimatea, quien con un paño sostiene una de las espinas de la corona y la muestra al espectador.<br />
En ambas obras existe un detalle que interpela al espectador. En la pintura de Caravaggio, Juan,quien sostiene el torso,toca una de las heridas en el pecho de Jesús; Nicodemo sostiene las piernas mientras voltea hacia quien observa la pintura con un gesto entre pena y reprobación. Este “romper la cuarta pared” sin duda resultó un valioso recurso para la inoculación de pena y conmiseración en el público, tomando en cuenta las dimensiones de la pintura y de la escultura.<br />
Este pasaje de la pasión tenía su versión paródica al final de las fiestas del carnaval, durante el <strong>miércoles de ceniza</strong>, y era el <strong>Entierro de la Sardina</strong>, celebración que básicamente consistía en una procesión con música que concluía con el entierro literal de una sardina, el pez representaba por supuesto a Jesús, a quien le gustaba le dijeran “pescador de hombres”.<br />
<strong>Cristo del Santo Entierro</strong><br />
<iframe loading="lazy" src="https://www.youtube.com/embed/tRW7e2vieiM" width="560" height="315" frameborder="0" allowfullscreen="allowfullscreen"></iframe><br />
Cristo del Santo Entierro: Op. 21 No. 5<br />
<strong>Francisco Javier Salcedo Zepeda</strong>, febrero de 2012<br />
Forma musical: chotis<br />
Interpreta: <strong>Mariachi Tradicional Ixtlauakuikani</strong><br />
Judith Georgina Ixtláhuac Montelongo – Violín<br />
Fátima Guadalupe Rosales Barbosa &#8211; Violín<br />
Martha Elizabeth Miranda Gaspar – Vihuela<br />
Francisco Javier Salcedo Zepeda – Guitarrón<br />
<strong>Sobre la pieza</strong>:<br />
“Este Cristo me daba miedo de niño”, comenta su compositor. No podía creer que estuviera una persona metida en una urna. Su figura es hermosa e induce a la reflexión e inspira ternura y devoción. Al mariachi le costó mucho trabajo estudiarlo por sus tonalidades: La Mayor, Mi Mayor, Re Mayor y su relativa Si menor. Técnicamente es muy completo en su armonización. Tiene unos pequeños fragmentos de escala hindú en la parte menor.</p>
