{"id":16312,"date":"2016-03-10T15:24:57","date_gmt":"2016-03-10T21:24:57","guid":{"rendered":"http:\/\/nofm-radio.com\/?p=16312"},"modified":"2016-03-10T15:24:57","modified_gmt":"2016-03-10T21:24:57","slug":"todossomosuv-8-puntos-para-entender-que-pasa-en-la-universidad-veracruzana","status":"publish","type":"archivo","link":"https:\/\/nofm-radio.com\/?archivo=todossomosuv-8-puntos-para-entender-que-pasa-en-la-universidad-veracruzana","title":{"rendered":"#TodosSomosUV: 8 puntos para entender qu\u00e9 pasa en la Universidad Veracruzana"},"content":{"rendered":"<p>Hoy por la ma\u00f1ana salieron miles de personas a la plaza principal de <strong>Xalapa<\/strong> en apoyo a la <strong>Universidad Veracruzana<\/strong>. Desde hace semanas, la comunidad universitaria se ha manifestado exigiendo, entre otras cosas que el gobierno del estado salde una deuda prespuestal a la casa de estudios. El d\u00eda de hoy, no s\u00f3lo se manifestaron en <strong>Xalapa<\/strong>, sino tambi\u00e9n en otras ciudades de Veracruz, adem\u00e1s de que los becarios que est\u00e1n en otras ciudades mostraron su apoyo. En la ciudad de M\u00e9xico, estudiantes de la UNAM, el IPN y la UAM se unir\u00e1n al apoyo con un amovilizaci\u00f3n a la representaci\u00f3n del estado.<br \/>\nHay que destacar que\u00a0los problemas de la UV con el gobierno de Duarte no son solamente de dinero, aunque eso ha sido lo m\u00e1s visible, sino que representan un trasfondo m\u00e1s complejo. Para tener m\u00e1s claro todo, les dejamos 8 puntos que explican qu\u00e9 sucede en la Universidad Veracruzana, por qu\u00e9 es s\u00edmbolo de todo lo mal que ha hecho el gobierno de<strong> Javier Duarte<\/strong>, y por qu\u00e9 hoy #<strong>TodosSomosUV<\/strong>.<br \/>\n1. Desde el a\u00f1o 2013, el <strong>gobierno de Veracruz<\/strong> ha retenido y dejado de entregar a la UV parte del presupuesto que le fue asignado, hasta ahora, la deuda asciende a 2 mil 76 millones de pesos. No se ha dado una explicaci\u00f3n ni de por qu\u00e9 no se han entregado los recursos a la casa de estudios, ni en qu\u00e9 se gastaron y por qu\u00e9. La opacidad del ejercicio presupuestal del gobierno de Javier Duarte es significativo, tan es as\u00ed que la <strong>Auditor\u00eda Superior de la Federaci\u00f3n<\/strong> declar\u00f3 esta misma semana que la actual gobernatura deja un saldo negativo en las finanzas del estado.<\/p>\n<blockquote class=\"twitter-tweet\" data-lang=\"es\">\n<p dir=\"ltr\" lang=\"es\">Advierte Duarte q no ceder\u00e1 a Universidad Veracruzana! Tremendo Buf\u00f3n! <a href=\"https:\/\/twitter.com\/hashtag\/TodosSomosUV?src=hash\">#TodosSomosUV<\/a> <a href=\"https:\/\/twitter.com\/lhan55\">@lhan55<\/a> <a href=\"https:\/\/t.co\/lG0N0dzURI\">https:\/\/t.co\/lG0N0dzURI<\/a> <a href=\"https:\/\/t.co\/f5rUzaPado\">pic.twitter.com\/f5rUzaPado<\/a><\/p>\n<p>\u2014 Violet (@ncv_Violeta) <a href=\"https:\/\/twitter.com\/ncv_Violeta\/status\/708000297147215872\">10 de marzo de 2016<\/a><\/p><\/blockquote>\n<p><script src=\"\/\/platform.twitter.com\/widgets.js\" async=\"\" charset=\"utf-8\"><\/script>2. Ante la demanda de la rectora por el <strong>pago de los recursos<\/strong>, el secretario de gobierno <strong>Flavino R\u00edos<\/strong>, sostuvo que es la Universidad quien debe, pues lo que ha dejado de entregarles, lo ha pagado al Instituto de Pensiones en beneficio de los trabajadores de la UV. Sin embargo, desde 2004, la ley exent\u00f3 a la universidad de ese pago de impuestos, por lo que el gobierno no tuvo por qu\u00e9 cubrirlos y &#8220;deducir&#8221; ese monto del presupuesto.<\/p>\n<blockquote class=\"twitter-tweet\" data-lang=\"es\"><p>\nEn el Zocalo de <a href=\"https:\/\/twitter.com\/hashtag\/Veracruz?src=hash\">#Veracruz<\/a> la UV no se toca. <a href=\"https:\/\/twitter.com\/hashtag\/TodosSomosUV?src=hash\">#TodosSomosUV<\/a> <a href=\"https:\/\/t.co\/Cd5v8wF7fC\">https:\/\/t.co\/Cd5v8wF7fC<\/a> <a href=\"https:\/\/t.co\/XhtfDflErp\">pic.twitter.com\/XhtfDflErp<\/a><br \/>\n\u2014 Regeneraci\u00f3n (@RegeneracionMx) <a href=\"https:\/\/twitter.com\/RegeneracionMx\/status\/708038511073558528\">10 de marzo de 2016<\/a>\n<\/p><\/blockquote>\n<p><script src=\"\/\/platform.twitter.com\/widgets.js\" async=\"\" charset=\"utf-8\"><\/script><br \/>\n3. \u00a0El pasado 5 de febrero, la <strong>Universidad Veracruzana<\/strong> interpuso dos demandas contra el gobierno del Estado por\u00a0Delitos Relacionados con Hechos de Corrupci\u00f3n y Cometidos por Servidores P\u00fablicos. La primera a\u00fan no ha podido ser ratificada, y la segunda est\u00e1 en proceso de integraci\u00f3n.<\/p>\n<blockquote class=\"twitter-tweet\" data-lang=\"es\">\n<p dir=\"ltr\" lang=\"es\">Universitarios desbordan la Plaza Lerdo en <a href=\"https:\/\/twitter.com\/hashtag\/Xalapa?src=hash\">#Xalapa<\/a>. <a href=\"https:\/\/twitter.com\/hashtag\/TodosSomosUV?src=hash\">#TodosSomosUV<\/a> <a href=\"https:\/\/t.co\/CIRDgQnUSo\">pic.twitter.com\/CIRDgQnUSo<\/a><\/p>\n<p>\u2014 SaraLadr\u00f3ndeGuevara (@SaraLdeG) <a href=\"https:\/\/twitter.com\/SaraLdeG\/status\/707992170066612224\">10 de marzo de 2016<\/a><\/p><\/blockquote>\n<p><script src=\"\/\/platform.twitter.com\/widgets.js\" async=\"\" charset=\"utf-8\"><\/script>4. Por la falta de recursos, la UV tiene <strong>adeudos<\/strong> de\u00a0mas de 85 millones a sindicatos\u00a0de la misma UV, a prestadores de servicios 95 millones aproximadamente y de aportaciones de seguridad social 80 millones. Tambi\u00e9n\u00a0est\u00e1n detenidas obras por m\u00e1s de 204 millones de pesos y se han dejado de hacer trabajos de mantenimiento por 350 millones. \u00a0<br \/>\n<a class=\"no-eff img-link lightbox\" href=\"http:\/\/nofm-radio.com\/wp-content\/uploads\/2016\/03\/UV3.jpg\"><img loading=\"lazy\" decoding=\"async\" class=\"size-full wp-image-16315 aligncenter\" src=\"http:\/\/nofm-radio.com\/wp-content\/uploads\/2016\/03\/UV3.jpg\" alt=\"UV3\" width=\"680\" height=\"451\" \/><\/a><br \/>\n5.\u00a0 Adem\u00e1s del adeudo mencionado, la UV rechaza por completo el <strong>recorte<\/strong> del 7% al <strong>presupuesto universitario<\/strong> que el congreso de Veracruz quiere imponer. Como lo dijeron los funcionarios en las demandas interpuestas, esto puede ser considerado un atentado a la educaci\u00f3n p\u00fablica. La UV absorbe el 32% de la demanda de aspirantes a la educaci\u00f3n superior, por lo que adeudos y recortes no s\u00f3lo afectan a nivel local, sino nacional. \u00a0<br \/>\n<a class=\"no-eff img-link lightbox\" href=\"http:\/\/nofm-radio.com\/wp-content\/uploads\/2016\/03\/UV5.jpg\"><img loading=\"lazy\" decoding=\"async\" class=\"size-full wp-image-16317 aligncenter\" src=\"http:\/\/nofm-radio.com\/wp-content\/uploads\/2016\/03\/UV5.jpg\" alt=\"UV5\" width=\"600\" height=\"400\" \/><\/a><br \/>\n6. El d\u00eda de ayer que la rectora convoc\u00f3 a la movilizaci\u00f3n de hoy, calific\u00e1ndola de la m\u00e1s importante de la historia reciente, la plaza <strong>Regina Mart\u00ednez<\/strong> (antes plaza Lerdo) fue ocupada por el <strong>Movimiento Antorchista<\/strong>, grupo afiliado al PRI, por lo que se teme que haya actos de provocaci\u00f3n o intentos por &#8220;reventar&#8221; la marcha. Otra de las maneras de desprestigiar la marcha han sido correos y mensajes de algunos miembros del sindicato de trabajadores que afirman que la marcha de hace unas semanas ha sido suficiente para dar a conocer las exigencias, y que no es necesario presentarse a la movilizaci\u00f3n de hoy.<br \/>\n<a class=\"no-eff img-link lightbox\" href=\"http:\/\/nofm-radio.com\/wp-content\/uploads\/2016\/03\/UV2.jpg\"><img loading=\"lazy\" decoding=\"async\" class=\"size-full wp-image-16314 aligncenter\" src=\"http:\/\/nofm-radio.com\/wp-content\/uploads\/2016\/03\/UV2.jpg\" alt=\"UV2\" width=\"700\" height=\"467\" \/><\/a><br \/>\n7.\u00a0Adem\u00e1s de las cuestiones de dinero, la Universidad ha reclamado mayor seguridad para la instituci\u00f3n. Durante el gobierno de Javier Duarte, estudiantes, acad\u00e9micos y funcionarios de la universidad han sido amenazados, asesinados o desparecidos. La situaci\u00f3n de<strong> violencia<\/strong> generalizada en el estado se complementa con el castigo econ\u00f3mico a las instituciones educativas. \u00a0<br \/>\n<a class=\"no-eff img-link lightbox\" href=\"http:\/\/nofm-radio.com\/wp-content\/uploads\/2016\/03\/UV4.jpeg\"><img loading=\"lazy\" decoding=\"async\" class=\"size-full wp-image-16316 aligncenter\" src=\"http:\/\/nofm-radio.com\/wp-content\/uploads\/2016\/03\/UV4.jpeg\" alt=\"UV4\" width=\"620\" height=\"383\" \/><\/a><br \/>\n8. Los problemas de la UV, son los de Veracruz y los de todo el pa\u00eds.\u00a0 El discurso de la rectora <strong>Sara Ladr\u00f3n de Guevara<\/strong> el d\u00eda de hoy fue muy claro:<\/p>\n<blockquote><p>\nNos deben el derecho a so\u00f1ar. Nos deben la esperanza en un mejor futuro. Nos deben la confianza en las instituciones. Nos deben una juventud sin miedos. Nos deben a los desaparecidos. Nos deben la paz de los violentados y las de sus familias. Nos deben recursos que son obligaciones por que no son de ellos, fueron otorgados por el pueblo. Nos deben los derechos de nuestros jubilados. Nos deben las libertades y las capacidades cr\u00edticas generadas por el conocimiento. Nos deben mayor cobertura en educaci\u00f3n superior. Nos deben mayor acceso a la educaci\u00f3n de las clases m\u00e1s desfavorecidos, muy particularmente de nuestros grupos originarios. Nos deben el respeto a la diversidad, de etnia, de color, de g\u00e9nero, de diferencias pol\u00edticas o religiosas. Nos deben la seguridad del cumplimiento de nuestras metas. Nos deben la certeza de nuestros trabajos. Nos deben los sue\u00f1os de nuestros j\u00f3venes. Nos deben los impuestos que nos han sido descontados y no enterados a Hacienda. Nos deben lo que ha sido asignado y convenido. Nos deben los valores \u00e9ticos de fraternidad y de compromiso.\n<\/p><\/blockquote>\n<blockquote class=\"twitter-tweet\" data-lang=\"es\"><p>\n&nbsp;\n<\/p><\/blockquote>\n<p><script src=\"\/\/platform.twitter.com\/widgets.js\" async=\"\" charset=\"utf-8\"><\/script><br \/>\nAs\u00ed que ya saben, muchachos y muchachas, todos atentos a lo que pasa en Veracruz. Apoyemos a la UV nos s\u00f3lo en este aspecto, apoyemos exigiendo que los funcionarios del resto de las universidades defiendan, adem\u00e1s de los presupuestos, el derecho a mantener el esp\u00edritu cr\u00edtico de las instituciones educativas.<br \/>\n&nbsp;<br \/>\n&nbsp;<\/p>\n","protected":false},"template":"","meta":{"_id_youtube":"","_id_vimeo":"","_podcasts_duration":"","_podcasts_url":"","_podcasts_show":"","_prog_horario_dias":"","_prog_hora":"","_prog_duration":""},"class_list":["post-16312","archivo","type-archivo","status-publish","hentry"],"_links":{"self":[{"href":"https:\/\/nofm-radio.com\/index.php?rest_route=\/wp\/v2\/archivo\/16312","targetHints":{"allow":["GET"]}}],"collection":[{"href":"https:\/\/nofm-radio.com\/index.php?rest_route=\/wp\/v2\/archivo"}],"about":[{"href":"https:\/\/nofm-radio.com\/index.php?rest_route=\/wp\/v2\/types\/archivo"}],"wp:attachment":[{"href":"https:\/\/nofm-radio.com\/index.php?rest_route=%2Fwp%2Fv2%2Fmedia&parent=16312"}],"curies":[{"name":"wp","href":"https:\/\/api.w.org\/{rel}","templated":true}]}}

#TodosSomosUV: 8 puntos para entender qué pasa en la Universidad Veracruzana

<p>Hoy por la mañana salieron miles de personas a la plaza principal de <strong>Xalapa</strong> en apoyo a la <strong>Universidad Veracruzana</strong>. Desde hace semanas, la comunidad universitaria se ha manifestado exigiendo, entre otras cosas que el gobierno del estado salde una deuda prespuestal a la casa de estudios. El día de hoy, no sólo se manifestaron en <strong>Xalapa</strong>, sino también en otras ciudades de Veracruz, además de que los becarios que están en otras ciudades mostraron su apoyo. En la ciudad de México, estudiantes de la UNAM, el IPN y la UAM se unirán al apoyo con un amovilización a la representación del estado.<br />
Hay que destacar que los problemas de la UV con el gobierno de Duarte no son solamente de dinero, aunque eso ha sido lo más visible, sino que representan un trasfondo más complejo. Para tener más claro todo, les dejamos 8 puntos que explican qué sucede en la Universidad Veracruzana, por qué es símbolo de todo lo mal que ha hecho el gobierno de<strong> Javier Duarte</strong>, y por qué hoy #<strong>TodosSomosUV</strong>.<br />
1. Desde el año 2013, el <strong>gobierno de Veracruz</strong> ha retenido y dejado de entregar a la UV parte del presupuesto que le fue asignado, hasta ahora, la deuda asciende a 2 mil 76 millones de pesos. No se ha dado una explicación ni de por qué no se han entregado los recursos a la casa de estudios, ni en qué se gastaron y por qué. La opacidad del ejercicio presupuestal del gobierno de Javier Duarte es significativo, tan es así que la <strong>Auditoría Superior de la Federación</strong> declaró esta misma semana que la actual gobernatura deja un saldo negativo en las finanzas del estado.</p>
<blockquote class="twitter-tweet" data-lang="es">
<p dir="ltr" lang="es">Advierte Duarte q no cederá a Universidad Veracruzana! Tremendo Bufón! <a href="https://twitter.com/hashtag/TodosSomosUV?src=hash">#TodosSomosUV</a> <a href="https://twitter.com/lhan55">@lhan55</a> <a href="https://t.co/lG0N0dzURI">https://t.co/lG0N0dzURI</a> <a href="https://t.co/f5rUzaPado">pic.twitter.com/f5rUzaPado</a></p>
<p>— Violet (@ncv_Violeta) <a href="https://twitter.com/ncv_Violeta/status/708000297147215872">10 de marzo de 2016</a></p></blockquote>
<p><script src="//platform.twitter.com/widgets.js" async="" charset="utf-8"></script>2. Ante la demanda de la rectora por el <strong>pago de los recursos</strong>, el secretario de gobierno <strong>Flavino Ríos</strong>, sostuvo que es la Universidad quien debe, pues lo que ha dejado de entregarles, lo ha pagado al Instituto de Pensiones en beneficio de los trabajadores de la UV. Sin embargo, desde 2004, la ley exentó a la universidad de ese pago de impuestos, por lo que el gobierno no tuvo por qué cubrirlos y &#8220;deducir&#8221; ese monto del presupuesto.</p>
<blockquote class="twitter-tweet" data-lang="es"><p>
En el Zocalo de <a href="https://twitter.com/hashtag/Veracruz?src=hash">#Veracruz</a> la UV no se toca. <a href="https://twitter.com/hashtag/TodosSomosUV?src=hash">#TodosSomosUV</a> <a href="https://t.co/Cd5v8wF7fC">https://t.co/Cd5v8wF7fC</a> <a href="https://t.co/XhtfDflErp">pic.twitter.com/XhtfDflErp</a><br />
— Regeneración (@RegeneracionMx) <a href="https://twitter.com/RegeneracionMx/status/708038511073558528">10 de marzo de 2016</a>
</p></blockquote>
<p><script src="//platform.twitter.com/widgets.js" async="" charset="utf-8"></script><br />
3.  El pasado 5 de febrero, la <strong>Universidad Veracruzana</strong> interpuso dos demandas contra el gobierno del Estado por Delitos Relacionados con Hechos de Corrupción y Cometidos por Servidores Públicos. La primera aún no ha podido ser ratificada, y la segunda está en proceso de integración.</p>
<blockquote class="twitter-tweet" data-lang="es">
<p dir="ltr" lang="es">Universitarios desbordan la Plaza Lerdo en <a href="https://twitter.com/hashtag/Xalapa?src=hash">#Xalapa</a>. <a href="https://twitter.com/hashtag/TodosSomosUV?src=hash">#TodosSomosUV</a> <a href="https://t.co/CIRDgQnUSo">pic.twitter.com/CIRDgQnUSo</a></p>
<p>— SaraLadróndeGuevara (@SaraLdeG) <a href="https://twitter.com/SaraLdeG/status/707992170066612224">10 de marzo de 2016</a></p></blockquote>
<p><script src="//platform.twitter.com/widgets.js" async="" charset="utf-8"></script>4. Por la falta de recursos, la UV tiene <strong>adeudos</strong> de mas de 85 millones a sindicatos de la misma UV, a prestadores de servicios 95 millones aproximadamente y de aportaciones de seguridad social 80 millones. También están detenidas obras por más de 204 millones de pesos y se han dejado de hacer trabajos de mantenimiento por 350 millones.  <br />
<a class="no-eff img-link lightbox" href="http://nofm-radio.com/wp-content/uploads/2016/03/UV3.jpg"><img loading="lazy" decoding="async" class="size-full wp-image-16315 aligncenter" src="http://nofm-radio.com/wp-content/uploads/2016/03/UV3.jpg" alt="UV3" width="680" height="451" /></a><br />
5.  Además del adeudo mencionado, la UV rechaza por completo el <strong>recorte</strong> del 7% al <strong>presupuesto universitario</strong> que el congreso de Veracruz quiere imponer. Como lo dijeron los funcionarios en las demandas interpuestas, esto puede ser considerado un atentado a la educación pública. La UV absorbe el 32% de la demanda de aspirantes a la educación superior, por lo que adeudos y recortes no sólo afectan a nivel local, sino nacional.  <br />
<a class="no-eff img-link lightbox" href="http://nofm-radio.com/wp-content/uploads/2016/03/UV5.jpg"><img loading="lazy" decoding="async" class="size-full wp-image-16317 aligncenter" src="http://nofm-radio.com/wp-content/uploads/2016/03/UV5.jpg" alt="UV5" width="600" height="400" /></a><br />
6. El día de ayer que la rectora convocó a la movilización de hoy, calificándola de la más importante de la historia reciente, la plaza <strong>Regina Martínez</strong> (antes plaza Lerdo) fue ocupada por el <strong>Movimiento Antorchista</strong>, grupo afiliado al PRI, por lo que se teme que haya actos de provocación o intentos por &#8220;reventar&#8221; la marcha. Otra de las maneras de desprestigiar la marcha han sido correos y mensajes de algunos miembros del sindicato de trabajadores que afirman que la marcha de hace unas semanas ha sido suficiente para dar a conocer las exigencias, y que no es necesario presentarse a la movilización de hoy.<br />
<a class="no-eff img-link lightbox" href="http://nofm-radio.com/wp-content/uploads/2016/03/UV2.jpg"><img loading="lazy" decoding="async" class="size-full wp-image-16314 aligncenter" src="http://nofm-radio.com/wp-content/uploads/2016/03/UV2.jpg" alt="UV2" width="700" height="467" /></a><br />
7. Además de las cuestiones de dinero, la Universidad ha reclamado mayor seguridad para la institución. Durante el gobierno de Javier Duarte, estudiantes, académicos y funcionarios de la universidad han sido amenazados, asesinados o desparecidos. La situación de<strong> violencia</strong> generalizada en el estado se complementa con el castigo económico a las instituciones educativas.  <br />
<a class="no-eff img-link lightbox" href="http://nofm-radio.com/wp-content/uploads/2016/03/UV4.jpeg"><img loading="lazy" decoding="async" class="size-full wp-image-16316 aligncenter" src="http://nofm-radio.com/wp-content/uploads/2016/03/UV4.jpeg" alt="UV4" width="620" height="383" /></a><br />
8. Los problemas de la UV, son los de Veracruz y los de todo el país.  El discurso de la rectora <strong>Sara Ladrón de Guevara</strong> el día de hoy fue muy claro:</p>
<blockquote><p>
Nos deben el derecho a soñar. Nos deben la esperanza en un mejor futuro. Nos deben la confianza en las instituciones. Nos deben una juventud sin miedos. Nos deben a los desaparecidos. Nos deben la paz de los violentados y las de sus familias. Nos deben recursos que son obligaciones por que no son de ellos, fueron otorgados por el pueblo. Nos deben los derechos de nuestros jubilados. Nos deben las libertades y las capacidades críticas generadas por el conocimiento. Nos deben mayor cobertura en educación superior. Nos deben mayor acceso a la educación de las clases más desfavorecidos, muy particularmente de nuestros grupos originarios. Nos deben el respeto a la diversidad, de etnia, de color, de género, de diferencias políticas o religiosas. Nos deben la seguridad del cumplimiento de nuestras metas. Nos deben la certeza de nuestros trabajos. Nos deben los sueños de nuestros jóvenes. Nos deben los impuestos que nos han sido descontados y no enterados a Hacienda. Nos deben lo que ha sido asignado y convenido. Nos deben los valores éticos de fraternidad y de compromiso.
</p></blockquote>
<blockquote class="twitter-tweet" data-lang="es"><p>
&nbsp;
</p></blockquote>
<p><script src="//platform.twitter.com/widgets.js" async="" charset="utf-8"></script><br />
Así que ya saben, muchachos y muchachas, todos atentos a lo que pasa en Veracruz. Apoyemos a la UV nos sólo en este aspecto, apoyemos exigiendo que los funcionarios del resto de las universidades defiendan, además de los presupuestos, el derecho a mantener el espíritu crítico de las instituciones educativas.<br />
&nbsp;<br />
&nbsp;</p>
