{"id":16431,"date":"2016-03-15T12:49:21","date_gmt":"2016-03-15T18:49:21","guid":{"rendered":"http:\/\/nofm-radio.com\/?p=16431"},"modified":"2016-03-15T12:49:21","modified_gmt":"2016-03-15T18:49:21","slug":"festival-nrmal-galeria-fotografica-de-todas-las-bandas-sabado","status":"publish","type":"archivo","link":"https:\/\/nofm-radio.com\/?archivo=festival-nrmal-galeria-fotografica-de-todas-las-bandas-sabado","title":{"rendered":"Festival Nrmal. Galer\u00eda fotogr\u00e1fica de todas las bandas (S\u00e1bado)"},"content":{"rendered":"<p>Fotos de <strong>Juan Leduc<\/strong><br \/>\n<a href=\"https:\/\/twitter.com\/nosoyjorge\" target=\"_blank\" rel=\"noopener noreferrer\">@nosoyjorge<\/a><br \/>\nEste 12 y 13 de febrero, el <strong>Festival Nrmal<\/strong> nos volvi\u00f3 locos a todos. Sin acabar absolutamente exahustos, ni adoloridos por los empujones, este festival nos mostr\u00f3 de nuevo lo bonito que es disfrutar a las bandas: verlas, sentirlas y escucharlas. Aqu\u00ed les presentamos las im\u00e1genes de c\u00f3mo vivi\u00f3 cada banda el Nrmal 2016.<br \/>\n* <strong>Sick Morrison<\/strong><br \/>\n<br \/>\n*\u00a0<strong>(sic)<\/strong><br \/>\n<br \/>\n* <strong>Coiffeur<\/strong><br \/>\n<br \/>\n* <strong>Aloa Input<\/strong><br \/>\n<br \/>\n* <strong>Los Walters<\/strong><br \/>\n<br \/>\n*<strong> Low<\/strong><br \/>\n<br \/>\n* <strong>Los Pira\u00f1as<\/strong><br \/>\n<br \/>\n* <strong>San Pedro El Cortez<\/strong><br \/>\n<br \/>\n*<strong> Follakz\u00f6id<\/strong><br \/>\n<br \/>\n* <strong>Deerhunter<\/strong><br \/>\n<br \/>\n* <strong>Mumdance<\/strong><br \/>\n<a class=\"no-eff img-link lightbox\" href=\"http:\/\/nofm-radio.com\/wp-content\/uploads\/2016\/03\/DSC_0665.jpg\"><img loading=\"lazy\" decoding=\"async\" class=\"size-full wp-image-16482 aligncenter\" src=\"http:\/\/nofm-radio.com\/wp-content\/uploads\/2016\/03\/DSC_0665.jpg\" alt=\"DSC_0665\" width=\"800\" height=\"532\" \/><\/a><br \/>\n* <strong>A Place To Bury Strangers<\/strong><br \/>\n<br \/>\n*<strong>Health<\/strong><br \/>\n<br \/>\nVe las galer\u00edas del Domingo <strong><a href=\"http:\/\/nofm-radio.com\/2016\/03\/festival-nrmal-galeria-fotografica-de-todas-las-bandas-domingo\/\" target=\"_blank\" rel=\"noopener noreferrer\">aqu\u00ed<\/a><\/strong>.<\/p>\n","protected":false},"template":"","meta":{"_id_youtube":"","_id_vimeo":"","_podcasts_duration":"","_podcasts_url":"","_podcasts_show":"","_prog_horario_dias":"","_prog_hora":"","_prog_duration":""},"class_list":["post-16431","archivo","type-archivo","status-publish","hentry"],"_links":{"self":[{"href":"https:\/\/nofm-radio.com\/index.php?rest_route=\/wp\/v2\/archivo\/16431","targetHints":{"allow":["GET"]}}],"collection":[{"href":"https:\/\/nofm-radio.com\/index.php?rest_route=\/wp\/v2\/archivo"}],"about":[{"href":"https:\/\/nofm-radio.com\/index.php?rest_route=\/wp\/v2\/types\/archivo"}],"wp:attachment":[{"href":"https:\/\/nofm-radio.com\/index.php?rest_route=%2Fwp%2Fv2%2Fmedia&parent=16431"}],"curies":[{"name":"wp","href":"https:\/\/api.w.org\/{rel}","templated":true}]}}

Festival Nrmal. Galería fotográfica de todas las bandas (Sábado)

<p>Fotos de <strong>Juan Leduc</strong><br />
<a href="https://twitter.com/nosoyjorge" target="_blank" rel="noopener noreferrer">@nosoyjorge</a><br />
Este 12 y 13 de febrero, el <strong>Festival Nrmal</strong> nos volvió locos a todos. Sin acabar absolutamente exahustos, ni adoloridos por los empujones, este festival nos mostró de nuevo lo bonito que es disfrutar a las bandas: verlas, sentirlas y escucharlas. Aquí les presentamos las imágenes de cómo vivió cada banda el Nrmal 2016.<br />
* <strong>Sick Morrison</strong><br />
<br />
* <strong>(sic)</strong><br />
<br />
* <strong>Coiffeur</strong><br />
<br />
* <strong>Aloa Input</strong><br />
<br />
* <strong>Los Walters</strong><br />
<br />
*<strong> Low</strong><br />
<br />
* <strong>Los Pirañas</strong><br />
<br />
* <strong>San Pedro El Cortez</strong><br />
<br />
*<strong> Follakzöid</strong><br />
<br />
* <strong>Deerhunter</strong><br />
<br />
* <strong>Mumdance</strong><br />
<a class="no-eff img-link lightbox" href="http://nofm-radio.com/wp-content/uploads/2016/03/DSC_0665.jpg"><img loading="lazy" decoding="async" class="size-full wp-image-16482 aligncenter" src="http://nofm-radio.com/wp-content/uploads/2016/03/DSC_0665.jpg" alt="DSC_0665" width="800" height="532" /></a><br />
* <strong>A Place To Bury Strangers</strong><br />
<br />
*<strong>Health</strong><br />
<br />
Ve las galerías del Domingo <strong><a href="http://nofm-radio.com/2016/03/festival-nrmal-galeria-fotografica-de-todas-las-bandas-domingo/" target="_blank" rel="noopener noreferrer">aquí</a></strong>.</p>
