{"id":16584,"date":"2016-03-18T10:00:58","date_gmt":"2016-03-18T16:00:58","guid":{"rendered":"http:\/\/nofm-radio.com\/?p=16584"},"modified":"2016-03-18T10:00:58","modified_gmt":"2016-03-18T16:00:58","slug":"nofmex-5a-noche-de-minuetes-el-senor-del-consuelo","status":"publish","type":"archivo","link":"https:\/\/nofm-radio.com\/?archivo=nofmex-5a-noche-de-minuetes-el-senor-del-consuelo","title":{"rendered":"#NoFMex: 5a Noche de Minuetes. El Se\u00f1or del Consuelo"},"content":{"rendered":"<p>Por <strong>Emilia Perujo<\/strong><br \/>\n<a href=\"https:\/\/twitter.com\/emilia_perujo\" target=\"_blank\" rel=\"noopener noreferrer\">@emilia_perujo<\/a><br \/>\n<strong>\u00d3scar Muci\u00f1o<\/strong><br \/>\n<a href=\"https:\/\/twitter.com\/opmucino\" target=\"_blank\" rel=\"noopener noreferrer\">@opmucino<\/a><br \/>\nIm\u00e1genes de <strong>Felipe Bracho<\/strong><br \/>\n<a href=\"https:\/\/twitter.com\/brachosaurus\" target=\"_blank\" rel=\"noopener noreferrer\">@brachosaurus<\/a><br \/>\nLa <strong>penas<\/strong> afligen el \u00e1nimo y si contin\u00faan pueden afectar al cuerpo. Las alegr\u00edas generan un consuelo, son un gozo, nos distraen de nuestros pensamientos tristes y afligidos. El verbo consolar es un verbo transitivo, esto significa que tiene un complemento, o un complemento donde recae la acci\u00f3n. El <strong>consuelo<\/strong> a uno mismo no en todas las ocasiones es fruct\u00edfero, muchas veces necesitamos ser consolados. Los otros con su escucha o sus palabras nos quitan pesos emocionales. La importancia del otro en nuestras vidas.<br \/>\nEl consuelo es otra de las advocaciones de <strong>Cristo<\/strong>, es curioso que las oraciones hasta este se\u00f1or busque aliviar mediante la comparaci\u00f3n de los sufrimientos de Cristo con nuestros sufrimientos, como si el ver a a alguien m\u00e1s en el suelo que nosotros nos debiera aliviar.<br \/>\n\u00bfC\u00f3mo mostrarte mis manos vac\u00edas,<br \/>\ncuando las tuyas est\u00e1n llenas de heridas?<br \/>\nEn muchas ocasiones la <strong>religi\u00f3n<\/strong> sirve como piedra de toque a las personas que sufren aflicciones, les ofrece un consuelo, y no a trav\u00e9s de la comparaci\u00f3n sino como una idea que lo que nos ocurre es parte de un plan integral del universo.<br \/>\nLas formas de interiorizar el sufrimiento son variadas, al igual que las formas en que se expresa hacia el exterior. Y las formas de consuelo deben adaptarse a la constituci\u00f3n psicol\u00f3gica de cada sufriente para que a \u00e9ste le sean provechosas, como dice un refr\u00e1n nadie experimenta en cabeza ajena.<br \/>\n<strong>El Se\u00f1or del Consuelo<\/strong><br \/>\n<iframe loading=\"lazy\" src=\"https:\/\/www.youtube.com\/embed\/7aTL6MT_wHw\" width=\"560\" height=\"315\" frameborder=\"0\" allowfullscreen=\"allowfullscreen\"><\/iframe><br \/>\n<strong>El Se\u00f1or del Consuelo: Op. 14 No. 14<\/strong><br \/>\n<strong>Francisco Javier Salcedo Zepeda<\/strong>, agosto de 2011<br \/>\nForma musical: vals<br \/>\nInterpreta: <strong>Mariachi Tradicional Cocul\u00e1n<\/strong><br \/>\nUriel Israel Fletes Ib\u00e1\u00f1ez \u2013 Viol\u00edn<br \/>\nAdriana Chavar\u00edn Armenta &#8211; Viol\u00edn<br \/>\nJos\u00e9 Miguel Quintero Maldonado \u2013 Vihuela<br \/>\nJes\u00fas Enrique Coronado Cuevas \u2013 Guitarr\u00f3n<br \/>\nSobre el minuete:<br \/>\nEl<strong> Se\u00f1or del Consuelo<\/strong> es el Cristo del barrio de San Juan. Es un Cristo de una gran belleza y se dice que es el segundo m\u00e1s antiguo despu\u00e9s del Se\u00f1or del Perd\u00f3n. Sobre esta imagen, Francisco Javier Salcedo agrega que un dato que no se ha mencionado es que durante la Guerra Cristera fue balaceado su cuerpo, y durante muchos a\u00f1os estuvo a sus pies un recipiente con las balas extra\u00eddas de \u00e9l.<\/p>\n","protected":false},"template":"","meta":{"_id_youtube":"","_id_vimeo":"","_podcasts_duration":"","_podcasts_url":"","_podcasts_show":"","_prog_horario_dias":"","_prog_hora":"","_prog_duration":""},"class_list":["post-16584","archivo","type-archivo","status-publish","hentry"],"_links":{"self":[{"href":"https:\/\/nofm-radio.com\/index.php?rest_route=\/wp\/v2\/archivo\/16584","targetHints":{"allow":["GET"]}}],"collection":[{"href":"https:\/\/nofm-radio.com\/index.php?rest_route=\/wp\/v2\/archivo"}],"about":[{"href":"https:\/\/nofm-radio.com\/index.php?rest_route=\/wp\/v2\/types\/archivo"}],"wp:attachment":[{"href":"https:\/\/nofm-radio.com\/index.php?rest_route=%2Fwp%2Fv2%2Fmedia&parent=16584"}],"curies":[{"name":"wp","href":"https:\/\/api.w.org\/{rel}","templated":true}]}}

#NoFMex: 5a Noche de Minuetes. El Señor del Consuelo

<p>Por <strong>Emilia Perujo</strong><br />
<a href="https://twitter.com/emilia_perujo" target="_blank" rel="noopener noreferrer">@emilia_perujo</a><br />
<strong>Óscar Muciño</strong><br />
<a href="https://twitter.com/opmucino" target="_blank" rel="noopener noreferrer">@opmucino</a><br />
Imágenes de <strong>Felipe Bracho</strong><br />
<a href="https://twitter.com/brachosaurus" target="_blank" rel="noopener noreferrer">@brachosaurus</a><br />
La <strong>penas</strong> afligen el ánimo y si continúan pueden afectar al cuerpo. Las alegrías generan un consuelo, son un gozo, nos distraen de nuestros pensamientos tristes y afligidos. El verbo consolar es un verbo transitivo, esto significa que tiene un complemento, o un complemento donde recae la acción. El <strong>consuelo</strong> a uno mismo no en todas las ocasiones es fructífero, muchas veces necesitamos ser consolados. Los otros con su escucha o sus palabras nos quitan pesos emocionales. La importancia del otro en nuestras vidas.<br />
El consuelo es otra de las advocaciones de <strong>Cristo</strong>, es curioso que las oraciones hasta este señor busque aliviar mediante la comparación de los sufrimientos de Cristo con nuestros sufrimientos, como si el ver a a alguien más en el suelo que nosotros nos debiera aliviar.<br />
¿Cómo mostrarte mis manos vacías,<br />
cuando las tuyas están llenas de heridas?<br />
En muchas ocasiones la <strong>religión</strong> sirve como piedra de toque a las personas que sufren aflicciones, les ofrece un consuelo, y no a través de la comparación sino como una idea que lo que nos ocurre es parte de un plan integral del universo.<br />
Las formas de interiorizar el sufrimiento son variadas, al igual que las formas en que se expresa hacia el exterior. Y las formas de consuelo deben adaptarse a la constitución psicológica de cada sufriente para que a éste le sean provechosas, como dice un refrán nadie experimenta en cabeza ajena.<br />
<strong>El Señor del Consuelo</strong><br />
<iframe loading="lazy" src="https://www.youtube.com/embed/7aTL6MT_wHw" width="560" height="315" frameborder="0" allowfullscreen="allowfullscreen"></iframe><br />
<strong>El Señor del Consuelo: Op. 14 No. 14</strong><br />
<strong>Francisco Javier Salcedo Zepeda</strong>, agosto de 2011<br />
Forma musical: vals<br />
Interpreta: <strong>Mariachi Tradicional Coculán</strong><br />
Uriel Israel Fletes Ibáñez – Violín<br />
Adriana Chavarín Armenta &#8211; Violín<br />
José Miguel Quintero Maldonado – Vihuela<br />
Jesús Enrique Coronado Cuevas – Guitarrón<br />
Sobre el minuete:<br />
El<strong> Señor del Consuelo</strong> es el Cristo del barrio de San Juan. Es un Cristo de una gran belleza y se dice que es el segundo más antiguo después del Señor del Perdón. Sobre esta imagen, Francisco Javier Salcedo agrega que un dato que no se ha mencionado es que durante la Guerra Cristera fue balaceado su cuerpo, y durante muchos años estuvo a sus pies un recipiente con las balas extraídas de él.</p>
