{"id":16643,"date":"2016-03-21T12:30:37","date_gmt":"2016-03-21T18:30:37","guid":{"rendered":"http:\/\/nofm-radio.com\/?p=16643"},"modified":"2016-03-21T12:30:37","modified_gmt":"2016-03-21T18:30:37","slug":"nationalgeograffiti-31-no-hay-malas-bandas-de-rock-hay-gustos-mamones","status":"publish","type":"archivo","link":"https:\/\/nofm-radio.com\/?archivo=nationalgeograffiti-31-no-hay-malas-bandas-de-rock-hay-gustos-mamones","title":{"rendered":"#NationalGeograffiti 31: No hay malas bandas de rock, hay gustos mamones"},"content":{"rendered":"<p>Por <strong>Christopher Nilton Arredondo<\/strong><br \/>\n<a href=\"https:\/\/twitter.com\/niltopher\" target=\"_blank\" rel=\"noopener noreferrer\">@niltopher<\/a><br \/>\nEstimado lector, nuevamente este columnista de poca monta quiere abusar de tu paciencia para sugerirte un ejercicio in\u00fatil, pero como para \u00e9l (o sea yo, pero en tercera persona) son mamadas bien trascendentes\u2026 bueno, ya ves c\u00f3mo es ese g\u00fcey desconsiderado.<br \/>\nPiensa en una mala banda de rock-pop\u2026 F\u00e1cil, \u00bfno? Bueno, ahora subamos la apuesta: piensa en una <strong>mala banda<\/strong>, pero por \u201cmala\u201d nos vamos a concentrar en un nivel t\u00e9cnico, o sea, piensa en un cantante particularmente desafinado, en un mal guitarrista o en un mal bajista o en un mal baterista, en una sucesi\u00f3n de acordes incorrecta para la escala en la que est\u00e9 la melod\u00eda; cosas as\u00ed. Y con \u201cmalos\u201d guitarristas, bajistas o bateristas, tampoco estamos pensando en fulanos que no puedan hacer solos de muchas notas bien r\u00e1pidas a lo <strong>Joe Satriani<\/strong>; m\u00e1s bien pensamos en gente sin destreza alguna, que pisen el acorde incorrecto, que pierdan el impulso r\u00edtmico de las canciones, etc\u00e9tera.<br \/>\nSi al pensar estas cosas te pas\u00f3 lo que a m\u00ed, entonces habr\u00e1s concluido que no hay tantas malas bandas como cre\u00edas; o bien, lo que las hace malas no tiene que ver con <strong>cuestiones t\u00e9cnicas<\/strong> realmente. En el <strong>rock-pop<\/strong> hay casos de colores de voz que no son agradables para cierto p\u00fablico; tambi\u00e9n hay colores de voz muy bonitos pero con una t\u00e9cnica deficiente para cantar (gente que no puede controlar su emisi\u00f3n de aire y se desinfla pronto, o que no sabe c\u00f3mo dirigirse a los resonadores naturales del rostro para producir un canto sonoro y reluciente con el menor esfuerzo posible); en la m\u00fasica popular, estas cuestiones t\u00e9cnicas se van descubriendo conforme se gana experiencia y, a veces, los <strong>artistas populares<\/strong> arrastran por mucho tiempo taras t\u00e9cnicas que llegan a considerarse virtudes incluso.<br \/>\n<a class=\"no-eff img-link lightbox\" href=\"http:\/\/nofm-radio.com\/wp-content\/uploads\/2016\/03\/National1.jpg\"><img loading=\"lazy\" decoding=\"async\" class=\"size-full wp-image-16666 aligncenter\" src=\"http:\/\/nofm-radio.com\/wp-content\/uploads\/2016\/03\/National1.jpg\" alt=\"National1\" width=\"540\" height=\"360\" \/><\/a><br \/>\nEl punto es que nada de esto nos amedrenta a la hora de escoger a nuestras <strong>bandas favoritas<\/strong>. Nos quedamos con las rolas que nos conmuevan, que agiten nuestros estados an\u00edmicos sin importar c\u00f3mo ni por qu\u00e9 y a esa banda le decimos \u201cbuena banda\u201d. En cambio, a las que no consiguen eso las menospreciamos y en algunos casos hasta las rechazamos en\u00e9rgicamente.<br \/>\nCon los aumentos del poder adquisitivo de muchas familias y del nivel de escolarizaci\u00f3n de las sociedades en general, hay entre los int\u00e9rpretes de <strong>m\u00fasica rock-pop<\/strong> actuales un nivel t\u00e9cnico mayor que el que hab\u00eda entre los exponentes originales del g\u00e9nero. Acude a nuestra mente esa analog\u00eda que se convirti\u00f3 en t\u00edtulo de un disco de <strong>Oasis<\/strong>, \u201cpararse en los hombros de los gigantes\u201d, que nos dice que sin los intentos rudimentarios de los primeros, los grados de sofisticaci\u00f3n de los segundos y terceros no hubieran sido posibles. Esta reflexi\u00f3n viene a cuento porque reci\u00e9n he pasado por algunas experiencias que encuentro curiosas, una serie de fen\u00f3menos en apariencia aislados que, por otra parte, pueden estas m\u00e1s vinculados de lo que se ve a simple vista.<br \/>\nDe regreso entonces con lo del m\u00e1s <strong>alto nivel t\u00e9cnico<\/strong> de bandas recientes, creo que eso permite que existan un n\u00famero alt\u00edsimo de bandas de un nivel de ejecuci\u00f3n decente, las suficientes para ponerlas a pu\u00f1os en el cartel de un <strong>festival de rock<\/strong>. Y de regreso a lo que dec\u00eda sobre nuestra idea de \u201cmala\u201d y \u201cbuena\u201d banda, participamos en una jerarquizaci\u00f3n constante, donde las bandas que m\u00e1s nos gustan aparecen con letras m\u00e1s grandes en el cartel, cierran el festival en una especie de <strong>Prime Time<\/strong> de los conciertos masivos y nos frustra tener que soplarnos las presentaciones de grupos que no conocemos y no nos interesaba conocer.<br \/>\nTras el nuevo talento que la gente abuchea en un <strong>Vive Latino<\/strong>, tras las rese\u00f1as positivas del espect\u00e1culo que otro nuevo talento dio en un festival m\u00e1s modesto, tras la controversia porque una banda joven abre el concierto en el <strong>Foro Sol<\/strong> de una de las figuras fundadoras de nuestro g\u00e9nero de g\u00e9neros, se esconde el mismo principio jerarquizador y el mismo fen\u00f3meno de desarrollo t\u00e9cnico. El resumen de esta reflexi\u00f3n es que, en general, no hay bandas malas, hay <strong>p\u00fablico mam\u00f3n<\/strong>; mam\u00f3n entendido, si la ret\u00f3rica o la sem\u00e1ntica me lo permiten, como sin\u00f3nimo de \u201cparticular\u201d o \u201csingular\u201d.<br \/>\n<a class=\"no-eff img-link lightbox\" href=\"http:\/\/nofm-radio.com\/wp-content\/uploads\/2016\/03\/National2.jpg\"><img loading=\"lazy\" decoding=\"async\" class=\"size-full wp-image-16667 aligncenter\" src=\"http:\/\/nofm-radio.com\/wp-content\/uploads\/2016\/03\/National2.jpg\" alt=\"National2\" width=\"500\" height=\"324\" \/><\/a><br \/>\nA partir de esta conclusi\u00f3n parcial vienen otros temas para pensarse: cu\u00e1les son esas cosas m\u00e1s all\u00e1 de las habilidades t\u00e9cnicas que nos permiten hablar de buenas y malas bandas de rock, por ejemplo; o si existe alg\u00fan tipo de manipulaci\u00f3n de alg\u00fan poder invisible (o visible) en torno a la elecci\u00f3n de las bandas \u201cbuenas\u201d por consenso generalizado. Reflexiones como las rese\u00f1as de festivales (Marvin, Nrmal, Corona Capital, Vive Latino, Ajusco, etc.), notas sobre el ascenso de una banda (por ejemplo Apolo, agrupaci\u00f3n sobre la que hay una opini\u00f3n generalizada de \u201cbuena banda\u201d), o el debate en torno a los teloneros de los Stones se ver\u00edan, si no beneficiados, tal vez aderezados por un ejercicio como el que sugieren estas l\u00edneas.<\/p>\n","protected":false},"template":"","meta":{"_id_youtube":"","_id_vimeo":"","_podcasts_duration":"","_podcasts_url":"","_podcasts_show":"","_prog_horario_dias":"","_prog_hora":"","_prog_duration":""},"class_list":["post-16643","archivo","type-archivo","status-publish","hentry"],"_links":{"self":[{"href":"https:\/\/nofm-radio.com\/index.php?rest_route=\/wp\/v2\/archivo\/16643","targetHints":{"allow":["GET"]}}],"collection":[{"href":"https:\/\/nofm-radio.com\/index.php?rest_route=\/wp\/v2\/archivo"}],"about":[{"href":"https:\/\/nofm-radio.com\/index.php?rest_route=\/wp\/v2\/types\/archivo"}],"wp:attachment":[{"href":"https:\/\/nofm-radio.com\/index.php?rest_route=%2Fwp%2Fv2%2Fmedia&parent=16643"}],"curies":[{"name":"wp","href":"https:\/\/api.w.org\/{rel}","templated":true}]}}

<p>Por <strong>Christopher Nilton Arredondo</strong><br />
<a href="https://twitter.com/niltopher" target="_blank" rel="noopener noreferrer">@niltopher</a><br />
Estimado lector, nuevamente este columnista de poca monta quiere abusar de tu paciencia para sugerirte un ejercicio inútil, pero como para él (o sea yo, pero en tercera persona) son mamadas bien trascendentes… bueno, ya ves cómo es ese güey desconsiderado.<br />
Piensa en una mala banda de rock-pop… Fácil, ¿no? Bueno, ahora subamos la apuesta: piensa en una <strong>mala banda</strong>, pero por “mala” nos vamos a concentrar en un nivel técnico, o sea, piensa en un cantante particularmente desafinado, en un mal guitarrista o en un mal bajista o en un mal baterista, en una sucesión de acordes incorrecta para la escala en la que esté la melodía; cosas así. Y con “malos” guitarristas, bajistas o bateristas, tampoco estamos pensando en fulanos que no puedan hacer solos de muchas notas bien rápidas a lo <strong>Joe Satriani</strong>; más bien pensamos en gente sin destreza alguna, que pisen el acorde incorrecto, que pierdan el impulso rítmico de las canciones, etcétera.<br />
Si al pensar estas cosas te pasó lo que a mí, entonces habrás concluido que no hay tantas malas bandas como creías; o bien, lo que las hace malas no tiene que ver con <strong>cuestiones técnicas</strong> realmente. En el <strong>rock-pop</strong> hay casos de colores de voz que no son agradables para cierto público; también hay colores de voz muy bonitos pero con una técnica deficiente para cantar (gente que no puede controlar su emisión de aire y se desinfla pronto, o que no sabe cómo dirigirse a los resonadores naturales del rostro para producir un canto sonoro y reluciente con el menor esfuerzo posible); en la música popular, estas cuestiones técnicas se van descubriendo conforme se gana experiencia y, a veces, los <strong>artistas populares</strong> arrastran por mucho tiempo taras técnicas que llegan a considerarse virtudes incluso.<br />
<a class="no-eff img-link lightbox" href="http://nofm-radio.com/wp-content/uploads/2016/03/National1.jpg"><img loading="lazy" decoding="async" class="size-full wp-image-16666 aligncenter" src="http://nofm-radio.com/wp-content/uploads/2016/03/National1.jpg" alt="National1" width="540" height="360" /></a><br />
El punto es que nada de esto nos amedrenta a la hora de escoger a nuestras <strong>bandas favoritas</strong>. Nos quedamos con las rolas que nos conmuevan, que agiten nuestros estados anímicos sin importar cómo ni por qué y a esa banda le decimos “buena banda”. En cambio, a las que no consiguen eso las menospreciamos y en algunos casos hasta las rechazamos enérgicamente.<br />
Con los aumentos del poder adquisitivo de muchas familias y del nivel de escolarización de las sociedades en general, hay entre los intérpretes de <strong>música rock-pop</strong> actuales un nivel técnico mayor que el que había entre los exponentes originales del género. Acude a nuestra mente esa analogía que se convirtió en título de un disco de <strong>Oasis</strong>, “pararse en los hombros de los gigantes”, que nos dice que sin los intentos rudimentarios de los primeros, los grados de sofisticación de los segundos y terceros no hubieran sido posibles. Esta reflexión viene a cuento porque recién he pasado por algunas experiencias que encuentro curiosas, una serie de fenómenos en apariencia aislados que, por otra parte, pueden estas más vinculados de lo que se ve a simple vista.<br />
De regreso entonces con lo del más <strong>alto nivel técnico</strong> de bandas recientes, creo que eso permite que existan un número altísimo de bandas de un nivel de ejecución decente, las suficientes para ponerlas a puños en el cartel de un <strong>festival de rock</strong>. Y de regreso a lo que decía sobre nuestra idea de “mala” y “buena” banda, participamos en una jerarquización constante, donde las bandas que más nos gustan aparecen con letras más grandes en el cartel, cierran el festival en una especie de <strong>Prime Time</strong> de los conciertos masivos y nos frustra tener que soplarnos las presentaciones de grupos que no conocemos y no nos interesaba conocer.<br />
Tras el nuevo talento que la gente abuchea en un <strong>Vive Latino</strong>, tras las reseñas positivas del espectáculo que otro nuevo talento dio en un festival más modesto, tras la controversia porque una banda joven abre el concierto en el <strong>Foro Sol</strong> de una de las figuras fundadoras de nuestro género de géneros, se esconde el mismo principio jerarquizador y el mismo fenómeno de desarrollo técnico. El resumen de esta reflexión es que, en general, no hay bandas malas, hay <strong>público mamón</strong>; mamón entendido, si la retórica o la semántica me lo permiten, como sinónimo de “particular” o “singular”.<br />
<a class="no-eff img-link lightbox" href="http://nofm-radio.com/wp-content/uploads/2016/03/National2.jpg"><img loading="lazy" decoding="async" class="size-full wp-image-16667 aligncenter" src="http://nofm-radio.com/wp-content/uploads/2016/03/National2.jpg" alt="National2" width="500" height="324" /></a><br />
A partir de esta conclusión parcial vienen otros temas para pensarse: cuáles son esas cosas más allá de las habilidades técnicas que nos permiten hablar de buenas y malas bandas de rock, por ejemplo; o si existe algún tipo de manipulación de algún poder invisible (o visible) en torno a la elección de las bandas “buenas” por consenso generalizado. Reflexiones como las reseñas de festivales (Marvin, Nrmal, Corona Capital, Vive Latino, Ajusco, etc.), notas sobre el ascenso de una banda (por ejemplo Apolo, agrupación sobre la que hay una opinión generalizada de “buena banda”), o el debate en torno a los teloneros de los Stones se verían, si no beneficiados, tal vez aderezados por un ejercicio como el que sugieren estas líneas.</p>
