{"id":16678,"date":"2016-03-21T12:49:50","date_gmt":"2016-03-21T18:49:50","guid":{"rendered":"http:\/\/nofm-radio.com\/?p=16678"},"modified":"2016-03-21T12:49:50","modified_gmt":"2016-03-21T18:49:50","slug":"enelajo-ventiladores-gigantes","status":"publish","type":"archivo","link":"https:\/\/nofm-radio.com\/?archivo=enelajo-ventiladores-gigantes","title":{"rendered":"#EnElAjo: Ventiladores gigantes"},"content":{"rendered":"<p>Por <strong>Manuel de J. Jim\u00e9nez<\/strong><br \/>\nAnte la actual crisis ambiental en la muy imperial<strong> CDMX<\/strong> (parafraseando un t\u00edtulo de Benjam\u00edn Morales), se buscan responsables: el nuevo reglamento de tr\u00e1nsito, la decisi\u00f3n de la <strong>SCJN<\/strong> que permiti\u00f3 a los veh\u00edculos viejos acceder a la calcoman\u00eda cero, la corrupci\u00f3n en <strong>Verificentros<\/strong>, la ineficiencia del <strong>trasporte p\u00fablico<\/strong>, etc\u00e9tera. A su vez, las opiniones son diversas sobre la <strong>contingencia ambiental<\/strong>: personas que afirman que tarde o temprano moriremos sorbiendo la nata de gases, gente que culpa a las autoridades, gente que culpa a la ciudadan\u00eda, amantes de la teor\u00eda de la conspiraci\u00f3n que consideran, literal y metaf\u00f3ricamente, que esto es una \u201ccortina de humo\u201d para desviar la atenci\u00f3n. La contaminaci\u00f3n, dicen, siempre ha estado all\u00ed como un manto tenebroso.<br \/>\nEn esta ocasi\u00f3n, no entraremos en el juego de responsabilidades individuales y colectivas, basta atestiguar que es un problema que est\u00e1 all\u00ed y que no desparecer\u00e1 hasta que exista buena fe. La mayor\u00eda de los<strong> habitantes de la ciudad<\/strong> siempre hemos vivido bajo los gases del infecto invernadero, con los ojos irritados, con tosecitas \u201cnormales\u201d. S\u00f3lo algunos mayores rememoran el aire dulce de esa \u201c<strong>regi\u00f3n trasparente<\/strong>\u201d que populariz\u00f3 Fuentes con su novela o c\u00f3mo flu\u00edan r\u00edos en lo que ahora son avenidas que ir\u00f3nicamente siguen llevando nombres lacustres (R\u00edo Piedad, R\u00edo Churubusco, r\u00edo de los Remedios). Ahora, en las riberas de la ciudad, contemplamos los \u201carroyos vehiculares\u201d.<br \/>\n<a class=\"no-eff img-link lightbox\" href=\"http:\/\/nofm-radio.com\/wp-content\/uploads\/2016\/03\/Contingencia3.jpeg\"><img loading=\"lazy\" decoding=\"async\" class=\"aligncenter wp-image-16683\" src=\"http:\/\/nofm-radio.com\/wp-content\/uploads\/2016\/03\/Contingencia3.jpeg\" alt=\"Contingencia3\" width=\"640\" height=\"320\" \/><\/a><br \/>\n&nbsp;<br \/>\n\u00bf<strong>Desterritorializaci\u00f3n<\/strong> o broma de la posmodernidad? En fin, esa ciudad buc\u00f3lica se refugia en la memoria y puede rastrearse en las p\u00e1ginas de la literatura chilanga.<br \/>\nLa imagen de la \u201cregi\u00f3n m\u00e1s transparente\u201d no es genuina de Carlos Fuentes. \u00c9l la toma de un ensayo de <strong>Alfonso Reyes<\/strong>:<em><strong> Visi\u00f3n del An\u00e1huac<\/strong><\/em>. A su vez, parece que el escritor regiomontano arranca la imagen de otra fuente. \u00danicamente coloca el ep\u00edgrafe: \u201cViajero: has llegado a la regi\u00f3n m\u00e1s trasparente del aire\u201d. Los estudiosos no se ponen de acuerdo de d\u00f3nde sali\u00f3 esa frase. Algunos consideran que proviene de alg\u00fan texto de <strong>Alexander von Humboldt<\/strong>, quien describi\u00f3 majestuosamente la ciudad de los palacios; otros consideran que viene de alguna cr\u00f3nica de la Conquista; algunos m\u00e1s afirman que es una invenci\u00f3n del propio Reyes. Sea cual fuera el origen, la imagen construy\u00f3 un t\u00f3pico: la atm\u00f3sfera id\u00edlica de la ciudad. El lugar de las trasparencias, de los vientos di\u00e1fanos, tan usado y socorrido en el l\u00e9xico de la poes\u00eda mexicana. Aunque la ciudad haya permanecido siempre en una nebulosa, se cree que sus or\u00edgenes son pr\u00edstinos. Existe un impulso en el chilango, ahora cedemexique\u00f1o, para regresar al momento acu\u00e1tico de la ciudad, primigenio, incluso antes de la m\u00edtica llegada de los mexicas y su peregrinaje desde Aztl\u00e1n. All\u00ed quiz\u00e1s se puede respirar ese aire puro y renacer. Existe un anhelo por la trasparencia de los cuerpos, pues tambi\u00e9n es lugar com\u00fan la complexi\u00f3n opaca del ser <strong>chilango<\/strong>.<br \/>\n<a class=\"no-eff img-link lightbox\" href=\"http:\/\/nofm-radio.com\/wp-content\/uploads\/2016\/03\/Contingencia1.jpg\"><img loading=\"lazy\" decoding=\"async\" class=\"size-full wp-image-16680 aligncenter\" src=\"http:\/\/nofm-radio.com\/wp-content\/uploads\/2016\/03\/Contingencia1.jpg\" alt=\"Contingencia1\" width=\"619\" height=\"330\" \/><\/a><br \/>\nPensemos en la poes\u00eda de la ciudad. En la Colonia, ya la <em><strong>Grandeza mexicana<\/strong><\/em> de Balbuena vislumbra la configuraci\u00f3n barroca de la capital del virreinato, sus riquezas y pobrezas: la mancha confusa en su esp\u00edritu. A pesar de ello, se sostiene el elogio en todo el poema. Despu\u00e9s, en el siglo XX, ante la esquizofrenia que provoca vivir al interior de la mole, los poetas vituperaron al monstruo. Para ese entonces, la metr\u00f3poli ya luc\u00eda como una m\u00e1cula voraz. <strong>Efra\u00edn Huerta<\/strong>, en el que probablemente sea el poema m\u00e1s emblem\u00e1tico de la ciudad, \u201c<strong>Declaraci\u00f3n de odio<\/strong>\u201d, describe: \u201cEsta ciudad de ceniza y tezontle cada d\u00eda menos puro,\/ de acero, sangre y apagado sudor\u201d. En otro momento sufre: \u201cCiudad tan complicada, hervidero de envidias,\/ criadero de virtudes deshechas al cabo de una hora,\/ p\u00e1ramo sofocante, nido blando en que somos\/ como palabra ardiente deso\u00edda,\u201d. De los \u00faltimos acercamientos a la tradici\u00f3n po\u00e9tica de la ciudad, se puede citar <em><strong>Tr\u00e1nsito<\/strong><\/em> de <strong>Claudina Domingo<\/strong>, donde la poeta se ensucia de palabras y cruza las voces de los objetos metropolitanos.<br \/>\nEn definitiva persiste un malestar en los pulmones de la urbe (esas tosecitas \u201cnormales\u201d). Reconsideremos la propuesta de los ventiladores gigantes del Ing. Heberto Castillo para hacer circular los vientos.<\/p>\n","protected":false},"template":"","meta":{"_id_youtube":"","_id_vimeo":"","_podcasts_duration":"","_podcasts_url":"","_podcasts_show":"","_prog_horario_dias":"","_prog_hora":"","_prog_duration":""},"class_list":["post-16678","archivo","type-archivo","status-publish","hentry"],"_links":{"self":[{"href":"https:\/\/nofm-radio.com\/index.php?rest_route=\/wp\/v2\/archivo\/16678","targetHints":{"allow":["GET"]}}],"collection":[{"href":"https:\/\/nofm-radio.com\/index.php?rest_route=\/wp\/v2\/archivo"}],"about":[{"href":"https:\/\/nofm-radio.com\/index.php?rest_route=\/wp\/v2\/types\/archivo"}],"wp:attachment":[{"href":"https:\/\/nofm-radio.com\/index.php?rest_route=%2Fwp%2Fv2%2Fmedia&parent=16678"}],"curies":[{"name":"wp","href":"https:\/\/api.w.org\/{rel}","templated":true}]}}

<p>Por <strong>Manuel de J. Jiménez</strong><br />
Ante la actual crisis ambiental en la muy imperial<strong> CDMX</strong> (parafraseando un título de Benjamín Morales), se buscan responsables: el nuevo reglamento de tránsito, la decisión de la <strong>SCJN</strong> que permitió a los vehículos viejos acceder a la calcomanía cero, la corrupción en <strong>Verificentros</strong>, la ineficiencia del <strong>trasporte público</strong>, etcétera. A su vez, las opiniones son diversas sobre la <strong>contingencia ambiental</strong>: personas que afirman que tarde o temprano moriremos sorbiendo la nata de gases, gente que culpa a las autoridades, gente que culpa a la ciudadanía, amantes de la teoría de la conspiración que consideran, literal y metafóricamente, que esto es una “cortina de humo” para desviar la atención. La contaminación, dicen, siempre ha estado allí como un manto tenebroso.<br />
En esta ocasión, no entraremos en el juego de responsabilidades individuales y colectivas, basta atestiguar que es un problema que está allí y que no desparecerá hasta que exista buena fe. La mayoría de los<strong> habitantes de la ciudad</strong> siempre hemos vivido bajo los gases del infecto invernadero, con los ojos irritados, con tosecitas “normales”. Sólo algunos mayores rememoran el aire dulce de esa “<strong>región trasparente</strong>” que popularizó Fuentes con su novela o cómo fluían ríos en lo que ahora son avenidas que irónicamente siguen llevando nombres lacustres (Río Piedad, Río Churubusco, río de los Remedios). Ahora, en las riberas de la ciudad, contemplamos los “arroyos vehiculares”.<br />
<a class="no-eff img-link lightbox" href="http://nofm-radio.com/wp-content/uploads/2016/03/Contingencia3.jpeg"><img loading="lazy" decoding="async" class="aligncenter wp-image-16683" src="http://nofm-radio.com/wp-content/uploads/2016/03/Contingencia3.jpeg" alt="Contingencia3" width="640" height="320" /></a><br />
&nbsp;<br />
¿<strong>Desterritorialización</strong> o broma de la posmodernidad? En fin, esa ciudad bucólica se refugia en la memoria y puede rastrearse en las páginas de la literatura chilanga.<br />
La imagen de la “región más transparente” no es genuina de Carlos Fuentes. Él la toma de un ensayo de <strong>Alfonso Reyes</strong>:<em><strong> Visión del Anáhuac</strong></em>. A su vez, parece que el escritor regiomontano arranca la imagen de otra fuente. Únicamente coloca el epígrafe: “Viajero: has llegado a la región más trasparente del aire”. Los estudiosos no se ponen de acuerdo de dónde salió esa frase. Algunos consideran que proviene de algún texto de <strong>Alexander von Humboldt</strong>, quien describió majestuosamente la ciudad de los palacios; otros consideran que viene de alguna crónica de la Conquista; algunos más afirman que es una invención del propio Reyes. Sea cual fuera el origen, la imagen construyó un tópico: la atmósfera idílica de la ciudad. El lugar de las trasparencias, de los vientos diáfanos, tan usado y socorrido en el léxico de la poesía mexicana. Aunque la ciudad haya permanecido siempre en una nebulosa, se cree que sus orígenes son prístinos. Existe un impulso en el chilango, ahora cedemexiqueño, para regresar al momento acuático de la ciudad, primigenio, incluso antes de la mítica llegada de los mexicas y su peregrinaje desde Aztlán. Allí quizás se puede respirar ese aire puro y renacer. Existe un anhelo por la trasparencia de los cuerpos, pues también es lugar común la complexión opaca del ser <strong>chilango</strong>.<br />
<a class="no-eff img-link lightbox" href="http://nofm-radio.com/wp-content/uploads/2016/03/Contingencia1.jpg"><img loading="lazy" decoding="async" class="size-full wp-image-16680 aligncenter" src="http://nofm-radio.com/wp-content/uploads/2016/03/Contingencia1.jpg" alt="Contingencia1" width="619" height="330" /></a><br />
Pensemos en la poesía de la ciudad. En la Colonia, ya la <em><strong>Grandeza mexicana</strong></em> de Balbuena vislumbra la configuración barroca de la capital del virreinato, sus riquezas y pobrezas: la mancha confusa en su espíritu. A pesar de ello, se sostiene el elogio en todo el poema. Después, en el siglo XX, ante la esquizofrenia que provoca vivir al interior de la mole, los poetas vituperaron al monstruo. Para ese entonces, la metrópoli ya lucía como una mácula voraz. <strong>Efraín Huerta</strong>, en el que probablemente sea el poema más emblemático de la ciudad, “<strong>Declaración de odio</strong>”, describe: “Esta ciudad de ceniza y tezontle cada día menos puro,/ de acero, sangre y apagado sudor”. En otro momento sufre: “Ciudad tan complicada, hervidero de envidias,/ criadero de virtudes deshechas al cabo de una hora,/ páramo sofocante, nido blando en que somos/ como palabra ardiente desoída,”. De los últimos acercamientos a la tradición poética de la ciudad, se puede citar <em><strong>Tránsito</strong></em> de <strong>Claudina Domingo</strong>, donde la poeta se ensucia de palabras y cruza las voces de los objetos metropolitanos.<br />
En definitiva persiste un malestar en los pulmones de la urbe (esas tosecitas “normales”). Reconsideremos la propuesta de los ventiladores gigantes del Ing. Heberto Castillo para hacer circular los vientos.</p>
