{"id":16852,"date":"2016-04-06T12:59:53","date_gmt":"2016-04-06T17:59:53","guid":{"rendered":"http:\/\/nofm-radio.com\/?p=16852"},"modified":"2016-04-06T12:59:53","modified_gmt":"2016-04-06T17:59:53","slug":"yoacuso-la-estupidez-no-se-cura-con-aspirinas","status":"publish","type":"archivo","link":"https:\/\/nofm-radio.com\/?archivo=yoacuso-la-estupidez-no-se-cura-con-aspirinas","title":{"rendered":"#YoAcuso. La estupidez no se cura con aspirinas"},"content":{"rendered":"<p>Por <strong>Diego Mej\u00eda<\/strong><br \/>\n<a href=\"https:\/\/twitter.com\/diegmej\" target=\"_blank\" rel=\"noopener noreferrer\">@diegmej<\/a><br \/>\nLa<strong> sobredimensi\u00f3n<\/strong> de la cosas, gesto inequ\u00edvoco de la estupidez y la maldad, es la manera que tienen las <strong>estructuras de poder<\/strong> para inocular el terrible virus del <strong>miedo<\/strong> en las sociedades.<br \/>\nExageran desde su lectura sesgada, su lenguaje a medias, porque temen perder privilegios y su posici\u00f3n ante la<strong> ley<\/strong>. Redundan en los riesgos y las amenazas para sustentar sus perversiones: dicen defender el <strong>Estado de derecho<\/strong>, pero lo \u00fanico que buscan es manipular los brazos punitivos del Estado para cuidar sus verdes parcelas en las que florecen la <strong>corrupci\u00f3n<\/strong> y la <strong>transa<\/strong>.<br \/>\nDicen, adem\u00e1s, que el orden y la seguridad (\u00bflas de qui\u00e9nes?), deben ser los pilares sobre los cuales se erija la <strong>naci\u00f3n<\/strong>. Pero enga\u00f1an: les aterra la movilizaci\u00f3n, la <strong>organizaci\u00f3n<\/strong> y la conjugaci\u00f3n de las <strong>quejas ciudadanas<\/strong>. Les aterra, aunque la <strong>disidencia<\/strong> s\u00f3lo sea una palabra que flota entre la gris nata de la contaminaci\u00f3n.<br \/>\n<strong><a href=\"http:\/\/nofm-radio.com\/2016\/03\/8-puntos-para-entender-los-riesgos-del-estado-de-excepcion\/\" target=\"_blank\" rel=\"noopener noreferrer\">La modificaci\u00f3n art. 29 de la Constituci\u00f3n Pol\u00edtica<\/a><\/strong> es el desplante que corrobora la estupidez y el miedo. Pero tambi\u00e9n es la pieza que cierra el rompecabezas (no hacer alusi\u00f3n a <strong>granaderos<\/strong> con toletes conteniendo la movilizaci\u00f3n ciudadana) de la desilusi\u00f3n: Nada pas\u00f3 en las calles mientras se legislaba y aprobaba la modificaci\u00f3n (un abigarrado laberinto de palabras que nada definen y que mucho confunden); de fondo la idea de \u201c<strong>estado de emergencia<\/strong>\u201d, uno escucha y lee. Y nada en la calle pas\u00f3, y la queja se redujo, como tantas otras veces, a tuits, a estados de FB, a mentadas de madre por <em>wassup<\/em>, a conversaciones sobre el peligro de la modificaci\u00f3n con tres capuchinos en la mesa, los camel y espera de una rebanada de pastel de frambuesa.<br \/>\nPero luego uno piensa, a veces s\u00ed se piensa, a qu\u00e9 carajos se refieren con la emergencia, qu\u00e9 carajos se defiende con la pretensi\u00f3n de la emergencia. Para qu\u00e9 un escudo de protecci\u00f3n para una sociedad que pega chato.<br \/>\n<a class=\"no-eff img-link lightbox\" href=\"http:\/\/nofm-radio.com\/wp-content\/uploads\/2016\/04\/YoAcuso.jpg\"><img loading=\"lazy\" decoding=\"async\" class=\"size-full wp-image-16853 aligncenter\" src=\"http:\/\/nofm-radio.com\/wp-content\/uploads\/2016\/04\/YoAcuso.jpg\" alt=\"YoAcuso\" width=\"624\" height=\"351\" \/><\/a><br \/>\nHace a\u00f1o y medio, despu\u00e9s de la <strong>Noche de Iguala<\/strong>, retomamos las calles con una pretensi\u00f3n de <strong>justicia<\/strong>, un acto amoroso en medio del horror. Sucedieron despu\u00e9s las acciones globales, y el <strong>#FueElEstado<\/strong>, y las canciones y los god\u00ednez y los chairos y los nacos y los fresas y las amas de casa y los ni\u00f1os y los homosexuales y los macholibrepensadores y las diferencias se articularon y los prejuicios se quedaron en la banqueta porque bajamos juntos a la calle. Ah\u00ed en ese lugar secuestrado por 5 millones de autos, caminamos como buscando los residuos de esa idea de la <strong>naci\u00f3n<\/strong>, y gritamos y cantamos, y algunos se pintaron las caras y hubo muchas l\u00e1grimas, y ojos de sorpresa y construimos otra ciudad, al menos una idea, y marchamos de noche, de d\u00eda, de madrugada, de muchas maneras. Hasta que los pasos de fuerza se volvieron sonidos mon\u00f3tonos, y regresamos a las banquetas y los autos volvieron a imponer su neum\u00e1tica violencia, y volvimos a voltear la cara, y a no vernos, y buscar la oscuridad y los aud\u00edfonos, a los escritorios y la terrible decadencia de los d\u00edas. Y ese <strong>espacio p\u00fablico<\/strong> lo cedimos al miedo y la mediocridad, y mientras el pa\u00eds sucede en emergencia, mientras el terror llueve sobre las secas parcelas de la patria, nos convencimos que las cosas no cambiar\u00edan y la emergencia nos la quitamos con aspirinas.<br \/>\nEntonces regresa la pregunta, de qu\u00e9 se cuidan, a qu\u00e9 temen, si nosotros tememos a nosotros mismos, si nosotros tememos incluso a temer, por qu\u00e9 exageran su protecci\u00f3n si no la hacemos de pedo siempre y cuando haya <strong>wifi<\/strong>, unos tacos y dos bacachos.<br \/>\nPor qu\u00e9 si reviven aquel vestigio del delito de \u201csedici\u00f3n\u201d, nos hemos dejado vencer y nos desarticulamos. Basta con leer las reacciones por el <strong>Hoy no circula<\/strong>, el sencillo y el doble, y darnos cuenta de las prioridades y deseos. Defendemos el coche porque nos asegura una soledad aunque incluya horas de tr\u00e1fico y estr\u00e9s, pero sobre \u00e9l, dentro de \u00e9l, somos nosotros y no importa de los de afuera nada. Lo m\u00e1s terrible es que ni los automovilistas defendieron sus coches, ni su <strong>\u201cderecho\u201d de movilidad<\/strong>.<br \/>\n<a class=\"no-eff img-link lightbox\" href=\"http:\/\/nofm-radio.com\/wp-content\/uploads\/2016\/04\/YoAcuso3.gif\"><img loading=\"lazy\" decoding=\"async\" class=\"alignnone size-full wp-image-16855\" src=\"http:\/\/nofm-radio.com\/wp-content\/uploads\/2016\/04\/YoAcuso3.gif\" alt=\"YoAcuso3\" width=\"728\" height=\"641\" \/><\/a><br \/>\nEstamos en emergencias desde hace mucho tiempo, desde hace muchos <strong>muertos<\/strong>. Si los legisladores hicieron su <strong>ley de terror<\/strong>, s\u00f3lo nos queda tomar las calles y hacer sus pesadillas realidad: tomemos las calles en nombre de todos y lloremos y cantemos, y seamos uno en plural, un uno de diferencias y especificidades, un uno diverso y hermoso, terrible. Seamos <strong>emergencia<\/strong>, emerjamos de la inmundicia de nuestra mediocridad.<\/p>\n","protected":false},"template":"","meta":{"_id_youtube":"","_id_vimeo":"","_podcasts_duration":"","_podcasts_url":"","_podcasts_show":"","_prog_horario_dias":"","_prog_hora":"","_prog_duration":""},"class_list":["post-16852","archivo","type-archivo","status-publish","hentry"],"_links":{"self":[{"href":"https:\/\/nofm-radio.com\/index.php?rest_route=\/wp\/v2\/archivo\/16852","targetHints":{"allow":["GET"]}}],"collection":[{"href":"https:\/\/nofm-radio.com\/index.php?rest_route=\/wp\/v2\/archivo"}],"about":[{"href":"https:\/\/nofm-radio.com\/index.php?rest_route=\/wp\/v2\/types\/archivo"}],"wp:attachment":[{"href":"https:\/\/nofm-radio.com\/index.php?rest_route=%2Fwp%2Fv2%2Fmedia&parent=16852"}],"curies":[{"name":"wp","href":"https:\/\/api.w.org\/{rel}","templated":true}]}}

<p>Por <strong>Diego Mejía</strong><br />
<a href="https://twitter.com/diegmej" target="_blank" rel="noopener noreferrer">@diegmej</a><br />
La<strong> sobredimensión</strong> de la cosas, gesto inequívoco de la estupidez y la maldad, es la manera que tienen las <strong>estructuras de poder</strong> para inocular el terrible virus del <strong>miedo</strong> en las sociedades.<br />
Exageran desde su lectura sesgada, su lenguaje a medias, porque temen perder privilegios y su posición ante la<strong> ley</strong>. Redundan en los riesgos y las amenazas para sustentar sus perversiones: dicen defender el <strong>Estado de derecho</strong>, pero lo único que buscan es manipular los brazos punitivos del Estado para cuidar sus verdes parcelas en las que florecen la <strong>corrupción</strong> y la <strong>transa</strong>.<br />
Dicen, además, que el orden y la seguridad (¿las de quiénes?), deben ser los pilares sobre los cuales se erija la <strong>nación</strong>. Pero engañan: les aterra la movilización, la <strong>organización</strong> y la conjugación de las <strong>quejas ciudadanas</strong>. Les aterra, aunque la <strong>disidencia</strong> sólo sea una palabra que flota entre la gris nata de la contaminación.<br />
<strong><a href="http://nofm-radio.com/2016/03/8-puntos-para-entender-los-riesgos-del-estado-de-excepcion/" target="_blank" rel="noopener noreferrer">La modificación art. 29 de la Constitución Política</a></strong> es el desplante que corrobora la estupidez y el miedo. Pero también es la pieza que cierra el rompecabezas (no hacer alusión a <strong>granaderos</strong> con toletes conteniendo la movilización ciudadana) de la desilusión: Nada pasó en las calles mientras se legislaba y aprobaba la modificación (un abigarrado laberinto de palabras que nada definen y que mucho confunden); de fondo la idea de “<strong>estado de emergencia</strong>”, uno escucha y lee. Y nada en la calle pasó, y la queja se redujo, como tantas otras veces, a tuits, a estados de FB, a mentadas de madre por <em>wassup</em>, a conversaciones sobre el peligro de la modificación con tres capuchinos en la mesa, los camel y espera de una rebanada de pastel de frambuesa.<br />
Pero luego uno piensa, a veces sí se piensa, a qué carajos se refieren con la emergencia, qué carajos se defiende con la pretensión de la emergencia. Para qué un escudo de protección para una sociedad que pega chato.<br />
<a class="no-eff img-link lightbox" href="http://nofm-radio.com/wp-content/uploads/2016/04/YoAcuso.jpg"><img loading="lazy" decoding="async" class="size-full wp-image-16853 aligncenter" src="http://nofm-radio.com/wp-content/uploads/2016/04/YoAcuso.jpg" alt="YoAcuso" width="624" height="351" /></a><br />
Hace año y medio, después de la <strong>Noche de Iguala</strong>, retomamos las calles con una pretensión de <strong>justicia</strong>, un acto amoroso en medio del horror. Sucedieron después las acciones globales, y el <strong>#FueElEstado</strong>, y las canciones y los godínez y los chairos y los nacos y los fresas y las amas de casa y los niños y los homosexuales y los macholibrepensadores y las diferencias se articularon y los prejuicios se quedaron en la banqueta porque bajamos juntos a la calle. Ahí en ese lugar secuestrado por 5 millones de autos, caminamos como buscando los residuos de esa idea de la <strong>nación</strong>, y gritamos y cantamos, y algunos se pintaron las caras y hubo muchas lágrimas, y ojos de sorpresa y construimos otra ciudad, al menos una idea, y marchamos de noche, de día, de madrugada, de muchas maneras. Hasta que los pasos de fuerza se volvieron sonidos monótonos, y regresamos a las banquetas y los autos volvieron a imponer su neumática violencia, y volvimos a voltear la cara, y a no vernos, y buscar la oscuridad y los audífonos, a los escritorios y la terrible decadencia de los días. Y ese <strong>espacio público</strong> lo cedimos al miedo y la mediocridad, y mientras el país sucede en emergencia, mientras el terror llueve sobre las secas parcelas de la patria, nos convencimos que las cosas no cambiarían y la emergencia nos la quitamos con aspirinas.<br />
Entonces regresa la pregunta, de qué se cuidan, a qué temen, si nosotros tememos a nosotros mismos, si nosotros tememos incluso a temer, por qué exageran su protección si no la hacemos de pedo siempre y cuando haya <strong>wifi</strong>, unos tacos y dos bacachos.<br />
Por qué si reviven aquel vestigio del delito de “sedición”, nos hemos dejado vencer y nos desarticulamos. Basta con leer las reacciones por el <strong>Hoy no circula</strong>, el sencillo y el doble, y darnos cuenta de las prioridades y deseos. Defendemos el coche porque nos asegura una soledad aunque incluya horas de tráfico y estrés, pero sobre él, dentro de él, somos nosotros y no importa de los de afuera nada. Lo más terrible es que ni los automovilistas defendieron sus coches, ni su <strong>“derecho” de movilidad</strong>.<br />
<a class="no-eff img-link lightbox" href="http://nofm-radio.com/wp-content/uploads/2016/04/YoAcuso3.gif"><img loading="lazy" decoding="async" class="alignnone size-full wp-image-16855" src="http://nofm-radio.com/wp-content/uploads/2016/04/YoAcuso3.gif" alt="YoAcuso3" width="728" height="641" /></a><br />
Estamos en emergencias desde hace mucho tiempo, desde hace muchos <strong>muertos</strong>. Si los legisladores hicieron su <strong>ley de terror</strong>, sólo nos queda tomar las calles y hacer sus pesadillas realidad: tomemos las calles en nombre de todos y lloremos y cantemos, y seamos uno en plural, un uno de diferencias y especificidades, un uno diverso y hermoso, terrible. Seamos <strong>emergencia</strong>, emerjamos de la inmundicia de nuestra mediocridad.</p>
