{"id":17007,"date":"2016-04-13T13:02:37","date_gmt":"2016-04-13T18:02:37","guid":{"rendered":"http:\/\/nofm-radio.com\/?p=17007"},"modified":"2016-04-13T13:02:37","modified_gmt":"2016-04-13T18:02:37","slug":"imagenes-en-voz-alta-contra-la-violencia-hacia-las-mujeres-convocatoria-abierta","status":"publish","type":"archivo","link":"https:\/\/nofm-radio.com\/?archivo=imagenes-en-voz-alta-contra-la-violencia-hacia-las-mujeres-convocatoria-abierta","title":{"rendered":"Im\u00e1genes en Voz Alta. Contra la violencia hacia las mujeres. Convocatoria Abierta"},"content":{"rendered":"<p>El <strong>g\u00e9nero<\/strong> importa. De esa frase parten los ilustradores de <strong>Im\u00e1genes en Voz Alta<\/strong> para crear su nueva convocatoria Contra la violencia hacia las mujeres, lanzada el d\u00eda de hoy.<br \/>\nIm\u00e1genes en Voz Alta es un banco de im\u00e1genes originales gratuitas donadas por sus autores para difundir y denunciar problemas de inter\u00e9s p\u00fablico. La primera convocatoria se realiz\u00f3 a partir del caso <strong>Ayotzinapa<\/strong>, y han continuado con otros como <strong>Libertad de expresi\u00f3n<\/strong> y la <strong>violencia de g\u00e9nero<\/strong>. Ahora quieren hacer mayor \u00e9nfasis en este \u00faltimo tema que se ha normalizado e incrementado desde el <strong>acoso callejero<\/strong> hasta los <strong>feminicidios<\/strong>.<br \/>\nLes dejamos la convocatoria completa y algunos de los carteles que ya han compartido algunos ilustradores.<\/p>\n<p style=\"text-align: center;\"><strong>Convocatoria abierta: \u00abContra la violencia hacia las mujeres\u00bb<\/strong><\/p>\n<p style=\"text-align: left;\">Todos los d\u00edas, una cantidad incuantificable de mujeres es violentada de diferentes maneras: violencia intrafamiliar, acoso callejero, inequidad laboral, secuestros, trata, violaciones, feminicidios\u2026<\/p>\n<p>Somos una sociedad que permite odiar a las mujeres y les niega acceso incondicional a sus derechos humanos. Decidimos de antemano que las mujeres son culpables de la violencia que viven. Educamos a los ni\u00f1os ligando la <strong>masculinidad<\/strong> a la violencia y el odio, y a las ni\u00f1as en la <strong>feminidad<\/strong> subordinada y silenciosa.<br \/>\nEl g\u00e9nero importa. Los hombres y las mujeres experimentan el mundo de forma diferente. Muchos hombres no piensan de forma activa sobre el g\u00e9nero, ni se dan cuenta de sus implicaciones y eso es parte del problema. Muchos hombres hoy en d\u00eda dicen que las cosas est\u00e1n bien y no hacen nada para cambiarlo.<br \/>\nLa violencia de g\u00e9nero se legitima y perpet\u00faa si nos mantenemos en silencio, si no se denuncia, si negamos nuestra solidaridad a las mujeres que son v\u00edctimas de la brutalidad. Hag\u00e1mosla visible para evidenciar el gran error en que nos encontramos como sociedad, presentemos alternativas que fomenten la <strong>equidad<\/strong>.<br \/>\nLa cultura no hace a la gente. La gente hace a la <strong>cultura<\/strong>. Si los derechos humanos de las mujeres no son parte de nuestra cultura, entonces debemos crear una nueva.<br \/>\nInvitamos a dise\u00f1adores, ilustradores y artistas mexicanos y extranjeros a donar y conformar un banco de im\u00e1genes gratuitas y libres de derechos, que puedan ser compartidas libremente en redes sociales y medios electr\u00f3nicos o impresos; adem\u00e1s ser descargadas en formato de alta calidad para imprimirse, distribuirse y usarse en manifestaciones individuales o colectivas.<br \/>\nEnv\u00eda tu cartel a <strong>imagenesenvozalta@gmail.com<\/strong><br \/>\nEsta convocatoria es abierta, sin l\u00edmite de tiempo, y puede participar cualquier persona interesada en manifestarse por medio de un cartel, ilustraci\u00f3n, fotograf\u00eda o dibujo, que pasar\u00e1 a formar parte del banco de im\u00e1genes que se pueden compartir libremente en redes sociales, o bien descargarse gratuitamente, para imprimirlas, distribuirlas y usarlas en manifestaciones individuales o colectivas.<br \/>\nDescarga la pleca de Im\u00e1genes en voz alta: <a href=\"https:\/\/drive.google.com\/file\/d\/0B9NGW9M2Om8-OHVxYkltQ2lVNFU\/view\">https:\/\/goo.gl\/P0n8Fj<\/a><br \/>\nReal\u00edzalo en blanco y negro (de preferencia).<br \/>\nSi es a color: RGB<br \/>\nTama\u00f1o: tabloide<br \/>\nResoluci\u00f3n: 300 dpi<br \/>\nFormato: JPG<br \/>\n<a href=\"http:\/\/elsilencionoesopcion.org\/\" target=\"_blank\" rel=\"noopener noreferrer\"><strong>http:\/\/elsilencionoesopcion.org<\/strong><\/a><br \/>\n<strong> <a href=\"http:\/\/imagenesenvozalta.tumblr.com\/\" target=\"_blank\" rel=\"noopener noreferrer\">http:\/\/imagenesenvozalta.tumblr.com<\/a><\/strong><br \/>\n<strong> <a href=\"https:\/\/twitter.com\/imgsenvozalta\" target=\"_blank\" rel=\"noopener noreferrer\">@imgsenvozalta<\/a><\/strong><br \/>\n<strong> <a href=\"https:\/\/www.facebook.com\/imagenesenvozalta\/\" target=\"_blank\" rel=\"noopener noreferrer\">Im\u00e1genes en Voz Alta<\/a><\/strong><br \/>\n<\/p>\n","protected":false},"template":"","meta":{"_id_youtube":"","_id_vimeo":"","_podcasts_duration":"","_podcasts_url":"","_podcasts_show":"","_prog_horario_dias":"","_prog_hora":"","_prog_duration":""},"class_list":["post-17007","archivo","type-archivo","status-publish","hentry"],"_links":{"self":[{"href":"https:\/\/nofm-radio.com\/index.php?rest_route=\/wp\/v2\/archivo\/17007","targetHints":{"allow":["GET"]}}],"collection":[{"href":"https:\/\/nofm-radio.com\/index.php?rest_route=\/wp\/v2\/archivo"}],"about":[{"href":"https:\/\/nofm-radio.com\/index.php?rest_route=\/wp\/v2\/types\/archivo"}],"wp:attachment":[{"href":"https:\/\/nofm-radio.com\/index.php?rest_route=%2Fwp%2Fv2%2Fmedia&parent=17007"}],"curies":[{"name":"wp","href":"https:\/\/api.w.org\/{rel}","templated":true}]}}

Imágenes en Voz Alta. Contra la violencia hacia las mujeres. Convocatoria Abierta

<p>El <strong>género</strong> importa. De esa frase parten los ilustradores de <strong>Imágenes en Voz Alta</strong> para crear su nueva convocatoria Contra la violencia hacia las mujeres, lanzada el día de hoy.<br />
Imágenes en Voz Alta es un banco de imágenes originales gratuitas donadas por sus autores para difundir y denunciar problemas de interés público. La primera convocatoria se realizó a partir del caso <strong>Ayotzinapa</strong>, y han continuado con otros como <strong>Libertad de expresión</strong> y la <strong>violencia de género</strong>. Ahora quieren hacer mayor énfasis en este último tema que se ha normalizado e incrementado desde el <strong>acoso callejero</strong> hasta los <strong>feminicidios</strong>.<br />
Les dejamos la convocatoria completa y algunos de los carteles que ya han compartido algunos ilustradores.</p>
<p style="text-align: center;"><strong>Convocatoria abierta: «Contra la violencia hacia las mujeres»</strong></p>
<p style="text-align: left;">Todos los días, una cantidad incuantificable de mujeres es violentada de diferentes maneras: violencia intrafamiliar, acoso callejero, inequidad laboral, secuestros, trata, violaciones, feminicidios…</p>
<p>Somos una sociedad que permite odiar a las mujeres y les niega acceso incondicional a sus derechos humanos. Decidimos de antemano que las mujeres son culpables de la violencia que viven. Educamos a los niños ligando la <strong>masculinidad</strong> a la violencia y el odio, y a las niñas en la <strong>feminidad</strong> subordinada y silenciosa.<br />
El género importa. Los hombres y las mujeres experimentan el mundo de forma diferente. Muchos hombres no piensan de forma activa sobre el género, ni se dan cuenta de sus implicaciones y eso es parte del problema. Muchos hombres hoy en día dicen que las cosas están bien y no hacen nada para cambiarlo.<br />
La violencia de género se legitima y perpetúa si nos mantenemos en silencio, si no se denuncia, si negamos nuestra solidaridad a las mujeres que son víctimas de la brutalidad. Hagámosla visible para evidenciar el gran error en que nos encontramos como sociedad, presentemos alternativas que fomenten la <strong>equidad</strong>.<br />
La cultura no hace a la gente. La gente hace a la <strong>cultura</strong>. Si los derechos humanos de las mujeres no son parte de nuestra cultura, entonces debemos crear una nueva.<br />
Invitamos a diseñadores, ilustradores y artistas mexicanos y extranjeros a donar y conformar un banco de imágenes gratuitas y libres de derechos, que puedan ser compartidas libremente en redes sociales y medios electrónicos o impresos; además ser descargadas en formato de alta calidad para imprimirse, distribuirse y usarse en manifestaciones individuales o colectivas.<br />
Envía tu cartel a <strong>imagenesenvozalta@gmail.com</strong><br />
Esta convocatoria es abierta, sin límite de tiempo, y puede participar cualquier persona interesada en manifestarse por medio de un cartel, ilustración, fotografía o dibujo, que pasará a formar parte del banco de imágenes que se pueden compartir libremente en redes sociales, o bien descargarse gratuitamente, para imprimirlas, distribuirlas y usarlas en manifestaciones individuales o colectivas.<br />
Descarga la pleca de Imágenes en voz alta: <a href="https://drive.google.com/file/d/0B9NGW9M2Om8-OHVxYkltQ2lVNFU/view">https://goo.gl/P0n8Fj</a><br />
Realízalo en blanco y negro (de preferencia).<br />
Si es a color: RGB<br />
Tamaño: tabloide<br />
Resolución: 300 dpi<br />
Formato: JPG<br />
<a href="http://elsilencionoesopcion.org/" target="_blank" rel="noopener noreferrer"><strong>http://elsilencionoesopcion.org</strong></a><br />
<strong> <a href="http://imagenesenvozalta.tumblr.com/" target="_blank" rel="noopener noreferrer">http://imagenesenvozalta.tumblr.com</a></strong><br />
<strong> <a href="https://twitter.com/imgsenvozalta" target="_blank" rel="noopener noreferrer">@imgsenvozalta</a></strong><br />
<strong> <a href="https://www.facebook.com/imagenesenvozalta/" target="_blank" rel="noopener noreferrer">Imágenes en Voz Alta</a></strong><br />
</p>
