{"id":17022,"date":"2016-04-13T14:02:05","date_gmt":"2016-04-13T19:02:05","guid":{"rendered":"http:\/\/nofm-radio.com\/?p=17022"},"modified":"2016-04-13T14:02:05","modified_gmt":"2016-04-13T19:02:05","slug":"en-republique-nadie-sabe-cuando-llegara-abril-sobre-las-protestas-en-paris","status":"publish","type":"archivo","link":"https:\/\/nofm-radio.com\/?archivo=en-republique-nadie-sabe-cuando-llegara-abril-sobre-las-protestas-en-paris","title":{"rendered":"En R\u00e9publique, nadie sabe cu\u00e1ndo llegar\u00e1 abril. Sobre las protestas en Par\u00eds"},"content":{"rendered":"<p>Por <strong>Pablo Lapuente Tiana<\/strong><br \/>\n<a href=\"https:\/\/twitter.com\/lapuentetiana\" target=\"_blank\" rel=\"noopener noreferrer\">@lapuentetiana<\/a><br \/>\n<em>Texto publicado en<\/em> <a href=\"http:\/\/ctxt.es\/es\/20160406\/Politica\/5381\/indignados-Par%C3%ADs-nuit-debout-protestas-Hollande-Valls-Europa.htm\" target=\"_blank\" rel=\"noopener noreferrer\"><strong>Contexto y Acci\u00f3n<\/strong><\/a><br \/>\nLa <strong>plaza de la Rep\u00fablica<\/strong> ha vuelto a ser evacuada por la polic\u00eda, como casi todas las ma\u00f1anas desde el <strong>31 de marzo<\/strong>. Hoy es 11 de abril, 42 de marzo del nuevo calendario, la plaza est\u00e1 vac\u00eda, de la noche de ayer s\u00f3lo quedan restos de carteles, gente desperdigada y coches de polic\u00eda vigilando, \u00bfvigilando qu\u00e9? Vigilando la plaza, nada m\u00e1s. Dentro de unas horas volver\u00e1n las lonas, las comisiones, las aglomeraciones, a las seis habr\u00e1 asamblea, la <a href=\"https:\/\/www.facebook.com\/NuitDebout\/?pnref=story\" target=\"_blank\" rel=\"noopener noreferrer\"><strong>Nuit Debout<\/strong> <\/a>volver\u00e1 a tomar lo que le pertenece. Como los d\u00edas previos, circular\u00e1n por las <strong>redes sociales<\/strong> impresionantes im\u00e1genes de dos, tres mil personas sentadas en el suelo, reunidas en asamblea, igual que las del a\u00f1os 2011, como interpelando a los ausentes: \u2018\u00bfy t\u00fa qu\u00e9 haces que no est\u00e1s aqu\u00ed?\u2019<br \/>\n\u00bfY nosotros? Los que estamos, \u2018\u00bfnosotros qu\u00e9 hacemos aqu\u00ed?\u2019 De alg\u00fan modo, de eso es de lo que se habla en las incontables conversaciones a lo largo de estos d\u00edas. La respuesta no es un\u00edvoca, igual que no lo era en las <strong>plazas ocupadas<\/strong> de 2011. Necesitamos tiempo y espacio para explicar qu\u00e9 hacemos aqu\u00ed, por eso comenzamos luchando por conquistar un \u00e1gora. Tenemos una necesidad pol\u00edtica de contarnos nuestra vida, me dice Hanane, de 50 a\u00f1os, que encuentro deambulando por la plaza: \u201cEstos cinco a\u00f1os de <strong>Hollande<\/strong> han sido una larga lista de traiciones a las esperanzas de mucha gente como yo: su gobierno se ha puesto de lado de la patronal, ha recortado el sector p\u00fablico, ha aplicado leyes de excepci\u00f3n, etc\u00e9tera. Sab\u00edamos que estas cosas las hac\u00eda la derecha, ahora sabemos que cierta izquierda tambi\u00e9n. Dentro de un a\u00f1o hay elecciones y prometen ser un desastre \u00bfQu\u00e9 hacemos? No s\u00e9, supongo que por eso venimos aqu\u00ed, para ver qu\u00e9 hacer. Si todos los que estamos aqu\u00ed tenemos algo en com\u00fan, es que nos faltan instrucciones para frenar los atropellos de las \u00e9lites. Estamos obligados a debatir desde lo m\u00e1s b\u00e1sico, sentados en el suelo\u201d.<br \/>\n<a class=\"no-eff img-link lightbox\" href=\"http:\/\/nofm-radio.com\/wp-content\/uploads\/2016\/04\/Par\u00eds2.jpg\"><img loading=\"lazy\" decoding=\"async\" class=\"size-full wp-image-17024 aligncenter\" src=\"http:\/\/nofm-radio.com\/wp-content\/uploads\/2016\/04\/Par\u00eds2.jpg\" alt=\"Par\u00eds2\" width=\"600\" height=\"337\" \/><\/a><br \/>\nLe pregunto por la asamblea a Savannah, una estudiante de 25 a\u00f1os, que dice no tener ninguna experiencia pol\u00edtica previa: \u201cYo creo que celebramos asambleas como una especie de terapia colectiva. Tenemos una enorme necesidad de compartir el malestar con el que hemos estado viviendo cada uno de nosotros: el paro, la falta de perspectivas, la degradaci\u00f3n de las <strong>relaciones sociales<\/strong>, y tantas otras cosas. Al principio, la<strong> asamblea<\/strong> comenz\u00f3 reproduciendo estructuras pol\u00edticas que ya conoc\u00edamos, como los parlamentos, pero creo que nos estamos dando cuenta de lo in\u00fatil que es pretender convertirla en un aparato de toma de decisiones. No digo que no tengamos que hacer pol\u00edtica, pero s\u00ed hay que perder el miedo a la ineficacia. No hemos hecho esto nunca antes, demos, pues, todo el tiempo del mundo para deliberar\u201d.<br \/>\nLlama la atenci\u00f3n que poca gente se queje de la duraci\u00f3n o de la falta de rumbo de las asambleas. En las reuniones de las comisiones algunas personas defienden este principio: ordenar la discusi\u00f3n colectiva como pretendemos es ut\u00f3pico, hay que aceptar que gestionamos el caos. El protocolo de toma de decisiones puesto en marcha hace una semana no acaba de cuajar, el orden del d\u00eda, al igual que el moderador, tiene a menudo dificultades para imponerse. Existe la sensaci\u00f3n de que la tecnolog\u00eda asamblearia es perpetuamente inestable. Juliette, 27 a\u00f1os, no cree que est\u00e9 mal: \u201c\u00bfPor qu\u00e9 tendr\u00edamos que <strong>tomar decisiones<\/strong> en la asamblea? Su verdadera fuerza consiste en ofrecer un espacio de encuentro, de reconocimiento de lo com\u00fan, que es muy necesario en este pa\u00eds. Creo que esa es una de las razones por las que permanecemos sentados cuatro o cinco horas en una asamblea que a menudo no va a ninguna parte. Nos impresiona encontrarnos con nuestros compatriotas en la tribuna y que esa distancia entre el hablante y el oyente no exista\u201d.<br \/>\n<a class=\"no-eff img-link lightbox\" href=\"http:\/\/nofm-radio.com\/wp-content\/uploads\/2016\/04\/Par\u00eds3.jpg\"><img loading=\"lazy\" decoding=\"async\" class=\"size-full wp-image-17025 aligncenter\" src=\"http:\/\/nofm-radio.com\/wp-content\/uploads\/2016\/04\/Par\u00eds3.jpg\" alt=\"Par\u00eds3\" width=\"960\" height=\"540\" \/><\/a><br \/>\nA Coralie, 32 a\u00f1os, le interesa que la asamblea funcione, pero tampoco como \u00f3rgano decisorio: \u201cNo creo que en la asamblea existan tomas de decisi\u00f3n muy claras, pero no me parece importante. Lo importante es que haya <strong>manifestaciones<\/strong> que confluyan en<strong> R\u00e9publique<\/strong>, que se hagan escraches a <strong>Manuel Valls<\/strong> o se hagan converger diferentes luchas. Tambi\u00e9n es importante desactivar el miedo que nos quieren meter dentro con el estado de urgencia, y que la asamblea sea capaz de producir todo esto\u201d.<br \/>\nA las seis, R\u00e9publique est\u00e1 repleta, pese a que el tiempo haya empeorado y la lluvia se deje sentir. Unos toldos improvisan una calle por la que transitamos en bullicio, en la cantina se sirve sopa y comida, todav\u00eda hay reuniones de comisiones a los lados de la plaza. Al igual que los anteriores d\u00edas, no se ven banderas de <strong>partidos<\/strong> ni <strong>sindicatos<\/strong>. Los estudiantes blancos siguen siendo el perfil dominante. Desde hace unos d\u00edas se discute sobre la necesidad de extender las luchas a las periferias, sobre todo hacia las del norte, con amplias poblaciones de origen \u00e1rabe y subsahariano, conocidas por los disturbios de 2005 y los esc\u00e1ndalos de violencia policial. Un representante de una asociaci\u00f3n de estas banlieues afirma, frente a una audiencia mayoritariamente blanca, que ha llegado el momento de unir las luchas y romper con el odio instalado desde hace a\u00f1os en la sociedad francesa. Thomas, 34 a\u00f1os, est\u00e1 de acuerdo: \u201cLa reconciliaci\u00f3n que tenemos que obrar en este pa\u00eds es tan grande, que no creo que siquiera la noci\u00f3n de ciudadan\u00eda nos sirva ya. \u201c<strong>Ciudadan\u00eda<\/strong>\u201d es una categor\u00eda de blancos parisinos. Deslocalizarnos es uno de los deberes m\u00e1s necesarios. Esta plaza es importante, pero es evidente que excluye a las periferias, y ser\u00eda una arrogancia imperdonable decir a la gente de all\u00e1 que venga a vernos. La novedad de esto que est\u00e1 sucediendo es que estamos rompiendo nuestros diferentes espacios estancos (primero lo hicimos a nivel de nuestras tradiciones militantes). Hay que continuar ese <strong>trabajo<\/strong> rompiendo con el ordenamiento pol\u00edtico desde el centro\u201d.<br \/>\n<a class=\"no-eff img-link lightbox\" href=\"http:\/\/nofm-radio.com\/wp-content\/uploads\/2016\/04\/Par\u00eds4.jpg\"><img loading=\"lazy\" decoding=\"async\" class=\"size-full wp-image-17026 aligncenter\" src=\"http:\/\/nofm-radio.com\/wp-content\/uploads\/2016\/04\/Par\u00eds4.jpg\" alt=\"Par\u00eds4\" width=\"960\" height=\"720\" \/><\/a><br \/>\n\u00bfC\u00f3mo salir fuera de R\u00e9publique? Cierta gente no puede abandonarla. Trabajamos, leemos, nos desvelamos reuni\u00f3n tras reuni\u00f3n. Conforme han pasado los d\u00edas es cada vez m\u00e1s evidente que no se puede soportar este ritmo de vida, tan adictivo por otra parte. Georges, un chico muy joven que conoc\u00ed la primera noche, no sabe c\u00f3mo irse: \u201cLo que sucede aqu\u00ed nos vuelve un poco dependientes. Casi no piso mi casa, me paso el d\u00eda trabajando en distintas comisiones o paseando por la plaza. Hago tantas cosas porque no querr\u00eda marcharme de aqu\u00ed, no al menos hasta haberme multiplicado y que seamos much\u00edsimos\u201d.<br \/>\nEs posible que el \u00e9xito de este movimiento se mida en la capacidad que tenga para salir del centro a la periferia, para desalojarse a s\u00ed mismo de la plaza. Su gran m\u00e9rito ha sido crear un nuevo \u201cnosotros\u201d, un espacio inclusivo de encuentro, la tarea que tiene por delante es conjugarlo con la mayor\u00eda de la sociedad francesa, incluida esa parte que vive bajo el estigma de la marginalidad social. <strong>La Nuit Debout<\/strong> tendr\u00e1 que conectar con aquellos barrios abandonados de la rep\u00fablica, con gente que se siente cada vez menos aludida cuando se les habla de Francia. Samake, una activista del suburbio de<strong> Saint-Denis<\/strong>, lo ve m\u00e1s cerca que nunca antes: \u201ctenemos que aprovechar esta oportunidad para que nuestros barrios retomen la pol\u00edtica, para eso tenemos que dejar de lado nuestra desconfianza mutua, esa que hace de cada \u00e1rabe un terrorista y de cada blanco parisino un colonialista. Necesitamos tiempo para reconstruir nuestra <strong>vida com\u00fan<\/strong>, \u00bfno es ahora, con un marzo que no acaba nunca, cuando deber\u00edamos hacerlo? No sabemos cu\u00e1ndo vendr\u00e1 <strong>abril<\/strong>\u201d.<br \/>\n<a href=\"http:\/\/nofm-radio.com\/wp-content\/uploads\/2016\/04\/lapuente1.jpg\" class=\"no-eff img-link lightbox\" ><img loading=\"lazy\" decoding=\"async\" src=\"http:\/\/nofm-radio.com\/wp-content\/uploads\/2016\/04\/lapuente1.jpg\" alt=\"lapuente1\" width=\"1618\" height=\"1080\" class=\"alignnone size-full wp-image-17035\" \/><\/a><\/p>\n","protected":false},"template":"","meta":{"_id_youtube":"","_id_vimeo":"","_podcasts_duration":"","_podcasts_url":"","_podcasts_show":"","_prog_horario_dias":"","_prog_hora":"","_prog_duration":""},"class_list":["post-17022","archivo","type-archivo","status-publish","hentry"],"_links":{"self":[{"href":"https:\/\/nofm-radio.com\/index.php?rest_route=\/wp\/v2\/archivo\/17022","targetHints":{"allow":["GET"]}}],"collection":[{"href":"https:\/\/nofm-radio.com\/index.php?rest_route=\/wp\/v2\/archivo"}],"about":[{"href":"https:\/\/nofm-radio.com\/index.php?rest_route=\/wp\/v2\/types\/archivo"}],"wp:attachment":[{"href":"https:\/\/nofm-radio.com\/index.php?rest_route=%2Fwp%2Fv2%2Fmedia&parent=17022"}],"curies":[{"name":"wp","href":"https:\/\/api.w.org\/{rel}","templated":true}]}}

En République, nadie sabe cuándo llegará abril. Sobre las protestas en París

<p>Por <strong>Pablo Lapuente Tiana</strong><br />
<a href="https://twitter.com/lapuentetiana" target="_blank" rel="noopener noreferrer">@lapuentetiana</a><br />
<em>Texto publicado en</em> <a href="http://ctxt.es/es/20160406/Politica/5381/indignados-Par%C3%ADs-nuit-debout-protestas-Hollande-Valls-Europa.htm" target="_blank" rel="noopener noreferrer"><strong>Contexto y Acción</strong></a><br />
La <strong>plaza de la República</strong> ha vuelto a ser evacuada por la policía, como casi todas las mañanas desde el <strong>31 de marzo</strong>. Hoy es 11 de abril, 42 de marzo del nuevo calendario, la plaza está vacía, de la noche de ayer sólo quedan restos de carteles, gente desperdigada y coches de policía vigilando, ¿vigilando qué? Vigilando la plaza, nada más. Dentro de unas horas volverán las lonas, las comisiones, las aglomeraciones, a las seis habrá asamblea, la <a href="https://www.facebook.com/NuitDebout/?pnref=story" target="_blank" rel="noopener noreferrer"><strong>Nuit Debout</strong> </a>volverá a tomar lo que le pertenece. Como los días previos, circularán por las <strong>redes sociales</strong> impresionantes imágenes de dos, tres mil personas sentadas en el suelo, reunidas en asamblea, igual que las del años 2011, como interpelando a los ausentes: ‘¿y tú qué haces que no estás aquí?’<br />
¿Y nosotros? Los que estamos, ‘¿nosotros qué hacemos aquí?’ De algún modo, de eso es de lo que se habla en las incontables conversaciones a lo largo de estos días. La respuesta no es unívoca, igual que no lo era en las <strong>plazas ocupadas</strong> de 2011. Necesitamos tiempo y espacio para explicar qué hacemos aquí, por eso comenzamos luchando por conquistar un ágora. Tenemos una necesidad política de contarnos nuestra vida, me dice Hanane, de 50 años, que encuentro deambulando por la plaza: “Estos cinco años de <strong>Hollande</strong> han sido una larga lista de traiciones a las esperanzas de mucha gente como yo: su gobierno se ha puesto de lado de la patronal, ha recortado el sector público, ha aplicado leyes de excepción, etcétera. Sabíamos que estas cosas las hacía la derecha, ahora sabemos que cierta izquierda también. Dentro de un año hay elecciones y prometen ser un desastre ¿Qué hacemos? No sé, supongo que por eso venimos aquí, para ver qué hacer. Si todos los que estamos aquí tenemos algo en común, es que nos faltan instrucciones para frenar los atropellos de las élites. Estamos obligados a debatir desde lo más básico, sentados en el suelo”.<br />
<a class="no-eff img-link lightbox" href="http://nofm-radio.com/wp-content/uploads/2016/04/París2.jpg"><img loading="lazy" decoding="async" class="size-full wp-image-17024 aligncenter" src="http://nofm-radio.com/wp-content/uploads/2016/04/París2.jpg" alt="París2" width="600" height="337" /></a><br />
Le pregunto por la asamblea a Savannah, una estudiante de 25 años, que dice no tener ninguna experiencia política previa: “Yo creo que celebramos asambleas como una especie de terapia colectiva. Tenemos una enorme necesidad de compartir el malestar con el que hemos estado viviendo cada uno de nosotros: el paro, la falta de perspectivas, la degradación de las <strong>relaciones sociales</strong>, y tantas otras cosas. Al principio, la<strong> asamblea</strong> comenzó reproduciendo estructuras políticas que ya conocíamos, como los parlamentos, pero creo que nos estamos dando cuenta de lo inútil que es pretender convertirla en un aparato de toma de decisiones. No digo que no tengamos que hacer política, pero sí hay que perder el miedo a la ineficacia. No hemos hecho esto nunca antes, demos, pues, todo el tiempo del mundo para deliberar”.<br />
Llama la atención que poca gente se queje de la duración o de la falta de rumbo de las asambleas. En las reuniones de las comisiones algunas personas defienden este principio: ordenar la discusión colectiva como pretendemos es utópico, hay que aceptar que gestionamos el caos. El protocolo de toma de decisiones puesto en marcha hace una semana no acaba de cuajar, el orden del día, al igual que el moderador, tiene a menudo dificultades para imponerse. Existe la sensación de que la tecnología asamblearia es perpetuamente inestable. Juliette, 27 años, no cree que esté mal: “¿Por qué tendríamos que <strong>tomar decisiones</strong> en la asamblea? Su verdadera fuerza consiste en ofrecer un espacio de encuentro, de reconocimiento de lo común, que es muy necesario en este país. Creo que esa es una de las razones por las que permanecemos sentados cuatro o cinco horas en una asamblea que a menudo no va a ninguna parte. Nos impresiona encontrarnos con nuestros compatriotas en la tribuna y que esa distancia entre el hablante y el oyente no exista”.<br />
<a class="no-eff img-link lightbox" href="http://nofm-radio.com/wp-content/uploads/2016/04/París3.jpg"><img loading="lazy" decoding="async" class="size-full wp-image-17025 aligncenter" src="http://nofm-radio.com/wp-content/uploads/2016/04/París3.jpg" alt="París3" width="960" height="540" /></a><br />
A Coralie, 32 años, le interesa que la asamblea funcione, pero tampoco como órgano decisorio: “No creo que en la asamblea existan tomas de decisión muy claras, pero no me parece importante. Lo importante es que haya <strong>manifestaciones</strong> que confluyan en<strong> République</strong>, que se hagan escraches a <strong>Manuel Valls</strong> o se hagan converger diferentes luchas. También es importante desactivar el miedo que nos quieren meter dentro con el estado de urgencia, y que la asamblea sea capaz de producir todo esto”.<br />
A las seis, République está repleta, pese a que el tiempo haya empeorado y la lluvia se deje sentir. Unos toldos improvisan una calle por la que transitamos en bullicio, en la cantina se sirve sopa y comida, todavía hay reuniones de comisiones a los lados de la plaza. Al igual que los anteriores días, no se ven banderas de <strong>partidos</strong> ni <strong>sindicatos</strong>. Los estudiantes blancos siguen siendo el perfil dominante. Desde hace unos días se discute sobre la necesidad de extender las luchas a las periferias, sobre todo hacia las del norte, con amplias poblaciones de origen árabe y subsahariano, conocidas por los disturbios de 2005 y los escándalos de violencia policial. Un representante de una asociación de estas banlieues afirma, frente a una audiencia mayoritariamente blanca, que ha llegado el momento de unir las luchas y romper con el odio instalado desde hace años en la sociedad francesa. Thomas, 34 años, está de acuerdo: “La reconciliación que tenemos que obrar en este país es tan grande, que no creo que siquiera la noción de ciudadanía nos sirva ya. “<strong>Ciudadanía</strong>” es una categoría de blancos parisinos. Deslocalizarnos es uno de los deberes más necesarios. Esta plaza es importante, pero es evidente que excluye a las periferias, y sería una arrogancia imperdonable decir a la gente de allá que venga a vernos. La novedad de esto que está sucediendo es que estamos rompiendo nuestros diferentes espacios estancos (primero lo hicimos a nivel de nuestras tradiciones militantes). Hay que continuar ese <strong>trabajo</strong> rompiendo con el ordenamiento político desde el centro”.<br />
<a class="no-eff img-link lightbox" href="http://nofm-radio.com/wp-content/uploads/2016/04/París4.jpg"><img loading="lazy" decoding="async" class="size-full wp-image-17026 aligncenter" src="http://nofm-radio.com/wp-content/uploads/2016/04/París4.jpg" alt="París4" width="960" height="720" /></a><br />
¿Cómo salir fuera de République? Cierta gente no puede abandonarla. Trabajamos, leemos, nos desvelamos reunión tras reunión. Conforme han pasado los días es cada vez más evidente que no se puede soportar este ritmo de vida, tan adictivo por otra parte. Georges, un chico muy joven que conocí la primera noche, no sabe cómo irse: “Lo que sucede aquí nos vuelve un poco dependientes. Casi no piso mi casa, me paso el día trabajando en distintas comisiones o paseando por la plaza. Hago tantas cosas porque no querría marcharme de aquí, no al menos hasta haberme multiplicado y que seamos muchísimos”.<br />
Es posible que el éxito de este movimiento se mida en la capacidad que tenga para salir del centro a la periferia, para desalojarse a sí mismo de la plaza. Su gran mérito ha sido crear un nuevo “nosotros”, un espacio inclusivo de encuentro, la tarea que tiene por delante es conjugarlo con la mayoría de la sociedad francesa, incluida esa parte que vive bajo el estigma de la marginalidad social. <strong>La Nuit Debout</strong> tendrá que conectar con aquellos barrios abandonados de la república, con gente que se siente cada vez menos aludida cuando se les habla de Francia. Samake, una activista del suburbio de<strong> Saint-Denis</strong>, lo ve más cerca que nunca antes: “tenemos que aprovechar esta oportunidad para que nuestros barrios retomen la política, para eso tenemos que dejar de lado nuestra desconfianza mutua, esa que hace de cada árabe un terrorista y de cada blanco parisino un colonialista. Necesitamos tiempo para reconstruir nuestra <strong>vida común</strong>, ¿no es ahora, con un marzo que no acaba nunca, cuando deberíamos hacerlo? No sabemos cuándo vendrá <strong>abril</strong>”.<br />
<a href="http://nofm-radio.com/wp-content/uploads/2016/04/lapuente1.jpg" class="no-eff img-link lightbox" ><img loading="lazy" decoding="async" src="http://nofm-radio.com/wp-content/uploads/2016/04/lapuente1.jpg" alt="lapuente1" width="1618" height="1080" class="alignnone size-full wp-image-17035" /></a></p>
