{"id":17170,"date":"2016-04-19T14:59:20","date_gmt":"2016-04-19T19:59:20","guid":{"rendered":"http:\/\/nofm-radio.com\/?p=17170"},"modified":"2016-04-19T14:59:20","modified_gmt":"2016-04-19T19:59:20","slug":"cuidado-tu-privacidad-esta-en-riesgo","status":"publish","type":"archivo","link":"https:\/\/nofm-radio.com\/?archivo=cuidado-tu-privacidad-esta-en-riesgo","title":{"rendered":"\u00a1Cuidado! Tu privacidad est\u00e1 en riesgo"},"content":{"rendered":"<p>Ma\u00f1ana 20 de abril, la segunda sala de la <strong>Suprema Corte de Justicia de la Naci\u00f3n<\/strong> deber\u00e1 resolver varios juicios de amparo que promovi\u00f3 la <strong>Red en Defensa de los Derechos Digitales<\/strong> (R3D). Estos amparos se tramitaron en espec\u00edfico contra los <strong>art\u00edculos 189 y 190 de la Ley de Telecomunicaciones<\/strong>, los cuales hablan de la privacidad y el almacenamiento masivo de datos.<br \/>\nLos art\u00edculos en cuesti\u00f3n obligan a los proveedores y concesionarios de telecomunicaciones a entregar informaci\u00f3n a cualquier &#8220;<strong>instancia de seguridad y de procuraci\u00f3n de justicia<\/strong>&#8220;, sin previa orden judicial. Adem\u00e1s, obliga a almacenar metadatos durante al menos 24 meses que siempre estar\u00e1n a disposici\u00f3n.<br \/>\nLa Suprema Corte debe dirimir si concede el amparo y sigue el ejemplo de otras naciones que han legislado la protecci\u00f3n de la privacidad de los usuarios. El argumento de la Ley de Telecomunicaciones es que, bajo el argumento de la <strong>seguridad nacional, la salud p\u00fablica y la protecci\u00f3n de terceros<\/strong>, es permisible violar el derecho a la <strong>protecci\u00f3n de datos<\/strong>. El asunto aqu\u00ed es que en un pa\u00eds con los altos niveles de violaciones a los derechos humanos, de corrupci\u00f3n y de complicidad entre fuerzas polic\u00edacas y crimen organizado, m\u00e1s que protegernos esta ley nos dejan expuestos.<br \/>\n<iframe loading=\"lazy\" src=\"https:\/\/www.youtube.com\/embed\/2GvAzfq3vjo\" width=\"560\" height=\"315\" frameborder=\"0\" allowfullscreen=\"allowfullscreen\"><\/iframe><br \/>\nAdem\u00e1s, de paso, la Ley de Telecomunicaciones puede <strong>criminalizar la protesta<\/strong> y fomentar la represi\u00f3n al tener a disposici\u00f3n de las autoridades, sin orden judicial y en tiempo real, la geolocalizaci\u00f3n de usuarios. Si quieren informarse de otras implicaciones y riesgos de esta ley, consulten el<strong> memor\u00e1ndum<\/strong> que prepar\u00f3 R3D <a href=\"https:\/\/es.scribd.com\/doc\/308661749\/Preguntas-frecuentes-acerca-de-la-inconstitucionalidad-de-los-articulos-189-y-190-de-la-LFTR\" target=\"_blank\" rel=\"noopener noreferrer\">aqu\u00ed<\/a>.<br \/>\nEstemos al pendiente del dictamen de la Suprema Corte, pues ya en un breve adelanto, el magistrado <strong>Alberto P\u00e9rez Day\u00e1n<\/strong> <a href=\"http:\/\/www.jornada.unam.mx\/2016\/04\/19\/politica\/008n1pol\" target=\"_blank\" rel=\"noopener noreferrer\">ha sugerido<\/a> que negar\u00e1 los amparos, pues la ley no viola la privacidad de los usuarios puesto que no interviene las llamadas. Para que \u00e9l y todos lo tengamos m\u00e1s claro, les dejamos otro video para observar qu\u00e9 son el realidad los <strong>metadatos<\/strong> y sus alcances.<br \/>\n<iframe loading=\"lazy\" src=\"https:\/\/www.youtube.com\/embed\/iKccR3E6jn4\" width=\"560\" height=\"315\" frameborder=\"0\" allowfullscreen=\"allowfullscreen\"><\/iframe><br \/>\nEn fin, muy atentos, muchachos y muchachas. La votaci\u00f3n es ma\u00f1ana y la Suprema Corte est\u00e1 obligada a protegernos. Para m\u00e1s informaci\u00f3n, sigan a la Red en Defensa de los Derechos Digitales en <strong><a href=\"https:\/\/twitter.com\/r3dmx\" target=\"_blank\" rel=\"noopener noreferrer\">@r3dmx<\/a><\/strong>.<\/p>\n","protected":false},"template":"","meta":{"_id_youtube":"","_id_vimeo":"","_podcasts_duration":"","_podcasts_url":"","_podcasts_show":"","_prog_horario_dias":"","_prog_hora":"","_prog_duration":""},"class_list":["post-17170","archivo","type-archivo","status-publish","hentry"],"_links":{"self":[{"href":"https:\/\/nofm-radio.com\/index.php?rest_route=\/wp\/v2\/archivo\/17170","targetHints":{"allow":["GET"]}}],"collection":[{"href":"https:\/\/nofm-radio.com\/index.php?rest_route=\/wp\/v2\/archivo"}],"about":[{"href":"https:\/\/nofm-radio.com\/index.php?rest_route=\/wp\/v2\/types\/archivo"}],"wp:attachment":[{"href":"https:\/\/nofm-radio.com\/index.php?rest_route=%2Fwp%2Fv2%2Fmedia&parent=17170"}],"curies":[{"name":"wp","href":"https:\/\/api.w.org\/{rel}","templated":true}]}}

¡Cuidado! Tu privacidad está en riesgo

<p>Mañana 20 de abril, la segunda sala de la <strong>Suprema Corte de Justicia de la Nación</strong> deberá resolver varios juicios de amparo que promovió la <strong>Red en Defensa de los Derechos Digitales</strong> (R3D). Estos amparos se tramitaron en específico contra los <strong>artículos 189 y 190 de la Ley de Telecomunicaciones</strong>, los cuales hablan de la privacidad y el almacenamiento masivo de datos.<br />
Los artículos en cuestión obligan a los proveedores y concesionarios de telecomunicaciones a entregar información a cualquier &#8220;<strong>instancia de seguridad y de procuración de justicia</strong>&#8220;, sin previa orden judicial. Además, obliga a almacenar metadatos durante al menos 24 meses que siempre estarán a disposición.<br />
La Suprema Corte debe dirimir si concede el amparo y sigue el ejemplo de otras naciones que han legislado la protección de la privacidad de los usuarios. El argumento de la Ley de Telecomunicaciones es que, bajo el argumento de la <strong>seguridad nacional, la salud pública y la protección de terceros</strong>, es permisible violar el derecho a la <strong>protección de datos</strong>. El asunto aquí es que en un país con los altos niveles de violaciones a los derechos humanos, de corrupción y de complicidad entre fuerzas policíacas y crimen organizado, más que protegernos esta ley nos dejan expuestos.<br />
<iframe loading="lazy" src="https://www.youtube.com/embed/2GvAzfq3vjo" width="560" height="315" frameborder="0" allowfullscreen="allowfullscreen"></iframe><br />
Además, de paso, la Ley de Telecomunicaciones puede <strong>criminalizar la protesta</strong> y fomentar la represión al tener a disposición de las autoridades, sin orden judicial y en tiempo real, la geolocalización de usuarios. Si quieren informarse de otras implicaciones y riesgos de esta ley, consulten el<strong> memorándum</strong> que preparó R3D <a href="https://es.scribd.com/doc/308661749/Preguntas-frecuentes-acerca-de-la-inconstitucionalidad-de-los-articulos-189-y-190-de-la-LFTR" target="_blank" rel="noopener noreferrer">aquí</a>.<br />
Estemos al pendiente del dictamen de la Suprema Corte, pues ya en un breve adelanto, el magistrado <strong>Alberto Pérez Dayán</strong> <a href="http://www.jornada.unam.mx/2016/04/19/politica/008n1pol" target="_blank" rel="noopener noreferrer">ha sugerido</a> que negará los amparos, pues la ley no viola la privacidad de los usuarios puesto que no interviene las llamadas. Para que él y todos lo tengamos más claro, les dejamos otro video para observar qué son el realidad los <strong>metadatos</strong> y sus alcances.<br />
<iframe loading="lazy" src="https://www.youtube.com/embed/iKccR3E6jn4" width="560" height="315" frameborder="0" allowfullscreen="allowfullscreen"></iframe><br />
En fin, muy atentos, muchachos y muchachas. La votación es mañana y la Suprema Corte está obligada a protegernos. Para más información, sigan a la Red en Defensa de los Derechos Digitales en <strong><a href="https://twitter.com/r3dmx" target="_blank" rel="noopener noreferrer">@r3dmx</a></strong>.</p>
