{"id":17239,"date":"2016-04-21T15:13:19","date_gmt":"2016-04-21T20:13:19","guid":{"rendered":"http:\/\/nofm-radio.com\/?p=17239"},"modified":"2016-04-21T15:13:19","modified_gmt":"2016-04-21T20:13:19","slug":"24a-8-razones-mas-para-salir-a-marchar-contra-las-violencias-machistas","status":"publish","type":"archivo","link":"https:\/\/nofm-radio.com\/?archivo=24a-8-razones-mas-para-salir-a-marchar-contra-las-violencias-machistas","title":{"rendered":"#24A: 8 razones m\u00e1s para salir a marchar contra las violencias machistas"},"content":{"rendered":"<p><strong>Andrea Noel, Daphne Fern\u00e1ndez, Gabriela Nava, Yakiri Rubio<\/strong>, son nombres que conocemos, lamentablemente, por ser v\u00edctimas de distintos tipos de <b>violencia de g\u00e9nero<\/b>\u00a0en tiempos recientes en nuestro pa\u00eds. Muchos critican la atenci\u00f3n de estos casos por encima de otros tantos que suceden, otros los se\u00f1alan como casos emblem\u00e1ticos que se masifican para denunciar un mal mayor. Nosotros preferimos llamarles focos rojos, puntos que llaman la atenci\u00f3n p\u00fablica hacia un problema, pero que de la misma manera sirven para alumbrar esos otros casos, a veces tan marginales que pasamos de lado o que no llegan a las redes.<br \/>\nEl domingo nos toca salir a las calles de nuevo. Y este<strong> #24A<\/strong> hag\u00e1moslo pensando en todas nosotras, pero en especial en ciertos focos rojos, algunos casos que ya han salido del ojo p\u00fablico, y otros que jam\u00e1s lograron atraerlo. Aqu\u00ed les dejamos ocho razones m\u00e1s para marchar el domingo.<br \/>\n1. <strong>Las adolescentes de Ecatepec<\/strong><br \/>\nDesde el a\u00f1o pasado, las alumnas de la <strong>Preparatoria Oficial 128 &#8220;General Francisco Villa&#8221; <\/strong>salieron a marchar hacia la plaza p\u00fablica de <strong>San Pedro Xalostoc<\/strong> en <strong>Ecatepec<\/strong>. El grito es simple y directo: <strong>&#8220;Las mujeres no somos desechables&#8221;<\/strong>. Vestidas con disfraces hechos de basura reclamaron su derecho a vivir seguras en el lugar con m\u00e1s feminicidios del pa\u00eds. La marcha del domingo saldr\u00e1 de la cabecera municipal, y har\u00e1 el recorrido que representa uno de los caminos m\u00e1s peligrosos que hacen miles de mujeres todos los d\u00edas para trabajar en la ciudad de M\u00e9xico.<br \/>\n<iframe loading=\"lazy\" title=\"LAS MUJERES NO SOMOS DESECHABLES Epo128 Francisco Villa.\" width=\"640\" height=\"480\" src=\"https:\/\/www.youtube.com\/embed\/hfUQdgDZamU?feature=oembed\" frameborder=\"0\" allow=\"accelerometer; autoplay; clipboard-write; encrypted-media; gyroscope; picture-in-picture; web-share\" referrerpolicy=\"strict-origin-when-cross-origin\" allowfullscreen><\/iframe><br \/>\n2. <strong>Las &#8220;desaparecidas&#8221; de Iztacalco<\/strong><br \/>\nEn 2016 se han incrementado las denuncias de <strong>desapariciones<\/strong> de adolescentes y ni\u00f1as en la delegaci\u00f3n Iztacalco. La mayor\u00eda desaparecieron al salir de la escuela o cerca de sus casas. Algunas han sido encontradas, acompa\u00f1adas de hombres mayores que las &#8220;conquistaron&#8221; afuera de la escuela. Hasta ahora la delegaci\u00f3n no ha realizado ning\u00fan operativo espec\u00edfico, pues alegan que las menores son localizadas o que se fueron &#8220;por su voluntad&#8221;.<br \/>\n3. <strong>Marisa y Melisa Sayuri<\/strong><br \/>\nLa esposa e hija de <strong>Julio C\u00e9sar Mondrag\u00f3n<\/strong>, normalista asesinado en Iguala el 26 de septiembre de 2014. Y por todas las familiares de los cientos de miles de desaparecidos.<br \/>\n<a class=\"no-eff img-link lightbox\" href=\"http:\/\/nofm-radio.com\/wp-content\/uploads\/2016\/04\/24A3.jpg\"><img loading=\"lazy\" decoding=\"async\" class=\"alignnone size-full wp-image-17243\" src=\"http:\/\/nofm-radio.com\/wp-content\/uploads\/2016\/04\/24A3.jpg\" alt=\"24A3\" width=\"800\" height=\"600\" \/><\/a><br \/>\n4. <strong>Sanjuana Mart\u00ednez<\/strong><br \/>\nUn juez acaba de ordenar a la <strong>periodista<\/strong> que pague una compensaci\u00f3n a un pol\u00edtico del <strong>PRD<\/strong> se\u00f1alado en un art\u00edculo por <strong>abuso sexual<\/strong>. Sanjuana sostiene que el pol\u00edtico exig\u00eda los nombres de las v\u00edctimas que lo denunciaron y contaron sus historias en el art\u00edculo. La orden judicial no s\u00f3lo viola la libertad de expresi\u00f3n de la periodista, sino tambi\u00e9n vulnera la seguridad de las <strong>v\u00edctimas<\/strong>. Pueden consultar el art\u00edculo en cuesti\u00f3n <a href=\"http:\/\/www.sinembargo.mx\/opinion\/25-11-2013\/19414\" target=\"_blank\" rel=\"noopener noreferrer\">aqu\u00ed<\/a>.<br \/>\nY tambi\u00e9n por todas las periodistas amenazadas o agredidas por denunciar otros casos de abuso y acoso contra las mujeres.<br \/>\n5. <strong>El Grupo de Proximidad Social<\/strong><br \/>\nUnidad de<strong> mujeres polic\u00edas<\/strong> de <strong>Aguascalientes<\/strong> que eran obligadas a asistir a trabajar en tacones, leggins y minifaldas. El grupo fue formado por veinte mujeres que fueron sometidas a varios filtros, todos con relaci\u00f3n a su aspecto f\u00edsico, y que eran utilizadas como edecanes para distintas actividades del municipio. La unidad fue parcialmente disuelta por el <strong>Secretario de Seguridad P\u00fablica<\/strong> del estado, quien consider\u00f3 que da\u00f1aba la imagen de la instituci\u00f3n polic\u00edaca.<br \/>\nA inicio de este mes, la organizaci\u00f3n <strong>Coincidir Mujeres A.C.<\/strong> report\u00f3 a un nuevo grupo de polic\u00edas en minifalda creado en <strong>Quer\u00e9taro<\/strong>.<br \/>\n<a class=\"no-eff img-link lightbox\" href=\"http:\/\/nofm-radio.com\/wp-content\/uploads\/2016\/04\/24A2.jpg\"><img loading=\"lazy\" decoding=\"async\" class=\"alignnone size-full wp-image-17242\" src=\"http:\/\/nofm-radio.com\/wp-content\/uploads\/2016\/04\/24A2.jpg\" alt=\"24A2\" width=\"800\" height=\"400\" \/><\/a><br \/>\n6.<strong> Ximena Galicia<\/strong><br \/>\nEstudiante de la <strong>Universidad Iberoamericana<\/strong> acosada por un asistente administrativo &#8220;muy bromista&#8221;. Y por las estudiantes que han sufrido acoso o abuso sexual y no han recibido apoyo de las instituciones en las denuncias. A las que los profesores mandan a planchar a su casa, a las que les dicen que estudien MSC (mientras se casan), a las que les dicen que deben aprender a manejar maestros abusivos, a las que acusan de deprimidas, a las que las que les dicen que se callen porque habr\u00e1 represalias, a las que les dicen que no es para tanto y que mejor le echen ganas.<br \/>\n<iframe loading=\"lazy\" style=\"border: none; overflow: hidden;\" src=\"https:\/\/www.facebook.com\/plugins\/post.php?href=https%3A%2F%2Fwww.facebook.com%2Fterceraviamx%2Fposts%2F976360179084594&amp;width=500\" width=\"500\" height=\"651\" frameborder=\"0\" scrolling=\"no\"><\/iframe><br \/>\n7. <strong>Las mam\u00e1s<\/strong><br \/>\nSi uno de los argumentos m\u00e1s recurridos al pedir respeto a las mujeres es decir que todos tenemos <strong>madre<\/strong>, marchemos por ellas. Por las que s\u00f3lo son reconocidas en relaci\u00f3n a sus hijos, esposo o padre, las que han sido abusadas, por las que fueron criadas en el machismo y lo reproducen, por las que cr\u00edan princesas, por las que tienen hijos que han sufrido abusos y no les han cre\u00eddo, o los han culpado, o nos los han ayudado; por las que han pedido ayuda y se las negaron.<br \/>\n8. <strong>Por las que no salen<\/strong><br \/>\nMarchemos por quienes no marchan porque est\u00e1n enfermas o trabajando o cuidando de alguien m\u00e1s. Tambi\u00e9n por las que est\u00e1n con miedo o sin cuidado, por las que creen que sus derechos no son vulnerados, por las que creen que no tienen raz\u00f3n para salir a marchar.<br \/>\nNos vemos el #24A. <strong>Vivas nos queremos.<\/strong><br \/>\n<a class=\"no-eff img-link lightbox\" href=\"http:\/\/nofm-radio.com\/wp-content\/uploads\/2016\/04\/Todasalacalle-663x1024.jpg\"><img loading=\"lazy\" decoding=\"async\" class=\"size-full wp-image-17241 aligncenter\" src=\"http:\/\/nofm-radio.com\/wp-content\/uploads\/2016\/04\/Todasalacalle-663x1024.jpg\" alt=\"Todasalacalle-663x1024\" width=\"663\" height=\"1024\" \/><\/a><br \/>\n&nbsp;<br \/>\n&nbsp;<\/p>\n","protected":false},"template":"","meta":{"_id_youtube":"","_id_vimeo":"","_podcasts_duration":"","_podcasts_url":"","_podcasts_show":"","_prog_horario_dias":"","_prog_hora":"","_prog_duration":""},"class_list":["post-17239","archivo","type-archivo","status-publish","hentry"],"_links":{"self":[{"href":"https:\/\/nofm-radio.com\/index.php?rest_route=\/wp\/v2\/archivo\/17239","targetHints":{"allow":["GET"]}}],"collection":[{"href":"https:\/\/nofm-radio.com\/index.php?rest_route=\/wp\/v2\/archivo"}],"about":[{"href":"https:\/\/nofm-radio.com\/index.php?rest_route=\/wp\/v2\/types\/archivo"}],"wp:attachment":[{"href":"https:\/\/nofm-radio.com\/index.php?rest_route=%2Fwp%2Fv2%2Fmedia&parent=17239"}],"curies":[{"name":"wp","href":"https:\/\/api.w.org\/{rel}","templated":true}]}}

#24A: 8 razones más para salir a marchar contra las violencias machistas

<p><strong>Andrea Noel, Daphne Fernández, Gabriela Nava, Yakiri Rubio</strong>, son nombres que conocemos, lamentablemente, por ser víctimas de distintos tipos de <b>violencia de género</b> en tiempos recientes en nuestro país. Muchos critican la atención de estos casos por encima de otros tantos que suceden, otros los señalan como casos emblemáticos que se masifican para denunciar un mal mayor. Nosotros preferimos llamarles focos rojos, puntos que llaman la atención pública hacia un problema, pero que de la misma manera sirven para alumbrar esos otros casos, a veces tan marginales que pasamos de lado o que no llegan a las redes.<br />
El domingo nos toca salir a las calles de nuevo. Y este<strong> #24A</strong> hagámoslo pensando en todas nosotras, pero en especial en ciertos focos rojos, algunos casos que ya han salido del ojo público, y otros que jamás lograron atraerlo. Aquí les dejamos ocho razones más para marchar el domingo.<br />
1. <strong>Las adolescentes de Ecatepec</strong><br />
Desde el año pasado, las alumnas de la <strong>Preparatoria Oficial 128 &#8220;General Francisco Villa&#8221; </strong>salieron a marchar hacia la plaza pública de <strong>San Pedro Xalostoc</strong> en <strong>Ecatepec</strong>. El grito es simple y directo: <strong>&#8220;Las mujeres no somos desechables&#8221;</strong>. Vestidas con disfraces hechos de basura reclamaron su derecho a vivir seguras en el lugar con más feminicidios del país. La marcha del domingo saldrá de la cabecera municipal, y hará el recorrido que representa uno de los caminos más peligrosos que hacen miles de mujeres todos los días para trabajar en la ciudad de México.<br />
<iframe loading="lazy" title="LAS MUJERES NO SOMOS DESECHABLES Epo128 Francisco Villa." width="640" height="480" src="https://www.youtube.com/embed/hfUQdgDZamU?feature=oembed" frameborder="0" allow="accelerometer; autoplay; clipboard-write; encrypted-media; gyroscope; picture-in-picture; web-share" referrerpolicy="strict-origin-when-cross-origin" allowfullscreen></iframe><br />
2. <strong>Las &#8220;desaparecidas&#8221; de Iztacalco</strong><br />
En 2016 se han incrementado las denuncias de <strong>desapariciones</strong> de adolescentes y niñas en la delegación Iztacalco. La mayoría desaparecieron al salir de la escuela o cerca de sus casas. Algunas han sido encontradas, acompañadas de hombres mayores que las &#8220;conquistaron&#8221; afuera de la escuela. Hasta ahora la delegación no ha realizado ningún operativo específico, pues alegan que las menores son localizadas o que se fueron &#8220;por su voluntad&#8221;.<br />
3. <strong>Marisa y Melisa Sayuri</strong><br />
La esposa e hija de <strong>Julio César Mondragón</strong>, normalista asesinado en Iguala el 26 de septiembre de 2014. Y por todas las familiares de los cientos de miles de desaparecidos.<br />
<a class="no-eff img-link lightbox" href="http://nofm-radio.com/wp-content/uploads/2016/04/24A3.jpg"><img loading="lazy" decoding="async" class="alignnone size-full wp-image-17243" src="http://nofm-radio.com/wp-content/uploads/2016/04/24A3.jpg" alt="24A3" width="800" height="600" /></a><br />
4. <strong>Sanjuana Martínez</strong><br />
Un juez acaba de ordenar a la <strong>periodista</strong> que pague una compensación a un político del <strong>PRD</strong> señalado en un artículo por <strong>abuso sexual</strong>. Sanjuana sostiene que el político exigía los nombres de las víctimas que lo denunciaron y contaron sus historias en el artículo. La orden judicial no sólo viola la libertad de expresión de la periodista, sino también vulnera la seguridad de las <strong>víctimas</strong>. Pueden consultar el artículo en cuestión <a href="http://www.sinembargo.mx/opinion/25-11-2013/19414" target="_blank" rel="noopener noreferrer">aquí</a>.<br />
Y también por todas las periodistas amenazadas o agredidas por denunciar otros casos de abuso y acoso contra las mujeres.<br />
5. <strong>El Grupo de Proximidad Social</strong><br />
Unidad de<strong> mujeres policías</strong> de <strong>Aguascalientes</strong> que eran obligadas a asistir a trabajar en tacones, leggins y minifaldas. El grupo fue formado por veinte mujeres que fueron sometidas a varios filtros, todos con relación a su aspecto físico, y que eran utilizadas como edecanes para distintas actividades del municipio. La unidad fue parcialmente disuelta por el <strong>Secretario de Seguridad Pública</strong> del estado, quien consideró que dañaba la imagen de la institución policíaca.<br />
A inicio de este mes, la organización <strong>Coincidir Mujeres A.C.</strong> reportó a un nuevo grupo de policías en minifalda creado en <strong>Querétaro</strong>.<br />
<a class="no-eff img-link lightbox" href="http://nofm-radio.com/wp-content/uploads/2016/04/24A2.jpg"><img loading="lazy" decoding="async" class="alignnone size-full wp-image-17242" src="http://nofm-radio.com/wp-content/uploads/2016/04/24A2.jpg" alt="24A2" width="800" height="400" /></a><br />
6.<strong> Ximena Galicia</strong><br />
Estudiante de la <strong>Universidad Iberoamericana</strong> acosada por un asistente administrativo &#8220;muy bromista&#8221;. Y por las estudiantes que han sufrido acoso o abuso sexual y no han recibido apoyo de las instituciones en las denuncias. A las que los profesores mandan a planchar a su casa, a las que les dicen que estudien MSC (mientras se casan), a las que les dicen que deben aprender a manejar maestros abusivos, a las que acusan de deprimidas, a las que las que les dicen que se callen porque habrá represalias, a las que les dicen que no es para tanto y que mejor le echen ganas.<br />
<iframe loading="lazy" style="border: none; overflow: hidden;" src="https://www.facebook.com/plugins/post.php?href=https%3A%2F%2Fwww.facebook.com%2Fterceraviamx%2Fposts%2F976360179084594&amp;width=500" width="500" height="651" frameborder="0" scrolling="no"></iframe><br />
7. <strong>Las mamás</strong><br />
Si uno de los argumentos más recurridos al pedir respeto a las mujeres es decir que todos tenemos <strong>madre</strong>, marchemos por ellas. Por las que sólo son reconocidas en relación a sus hijos, esposo o padre, las que han sido abusadas, por las que fueron criadas en el machismo y lo reproducen, por las que crían princesas, por las que tienen hijos que han sufrido abusos y no les han creído, o los han culpado, o nos los han ayudado; por las que han pedido ayuda y se las negaron.<br />
8. <strong>Por las que no salen</strong><br />
Marchemos por quienes no marchan porque están enfermas o trabajando o cuidando de alguien más. También por las que están con miedo o sin cuidado, por las que creen que sus derechos no son vulnerados, por las que creen que no tienen razón para salir a marchar.<br />
Nos vemos el #24A. <strong>Vivas nos queremos.</strong><br />
<a class="no-eff img-link lightbox" href="http://nofm-radio.com/wp-content/uploads/2016/04/Todasalacalle-663x1024.jpg"><img loading="lazy" decoding="async" class="size-full wp-image-17241 aligncenter" src="http://nofm-radio.com/wp-content/uploads/2016/04/Todasalacalle-663x1024.jpg" alt="Todasalacalle-663x1024" width="663" height="1024" /></a><br />
&nbsp;<br />
&nbsp;</p>
