{"id":17268,"date":"2016-04-25T16:47:32","date_gmt":"2016-04-25T21:47:32","guid":{"rendered":"http:\/\/nofm-radio.com\/?p=17268"},"modified":"2016-04-25T16:47:32","modified_gmt":"2016-04-25T21:47:32","slug":"24a-del-violeta-palido-al-purpura-profundo-primavera","status":"publish","type":"archivo","link":"https:\/\/nofm-radio.com\/?archivo=24a-del-violeta-palido-al-purpura-profundo-primavera","title":{"rendered":"#24A: Del violeta p\u00e1lido al p\u00farpura profundo, primavera"},"content":{"rendered":"<p>Por <strong>Emiliana Perdomo<\/strong><br \/>\n<a href=\"https:\/\/twitter.com\/emilianita\" target=\"_blank\" rel=\"noopener noreferrer\">@emilianita<\/a><br \/>\nFotos de <strong>Erika Arroyo<\/strong><br \/>\n<a href=\"https:\/\/twitter.com\/WooWooRancher\" target=\"_blank\" rel=\"noopener noreferrer\">@WooWooRancher<\/a><br \/>\nAyer <strong>domingo<\/strong> sal\u00ed a gritar por todas las veces que no pude enfrentarme al que me acosaba. Por todas las veces que me qued\u00e9 callada, que permit\u00ed que otro me hiciera sentir menos, que no respond\u00ed por miedo a que me hiciera algo porque yo soy <strong>mujer<\/strong> y \u00e9l era hombre, m\u00e1s fuerte y capaz de lastimarme. Sal\u00ed a gritar porque ahora mi familia es de tres, tres mujeres fuertes, tres mujeres que un par de fulanos pensaron solas porque recientemente quisieron intimidarnos, con extorsiones telef\u00f3nicas, alegando que hab\u00eda cien hombres vigil\u00e1ndonos, y que si no contest\u00e1bamos el tel\u00e9fono mi hermana y yo amanecer\u00edamos<strong> muertas<\/strong> en el canal de Chalco. As\u00ed como han encontrado a muchas otras muchachas por andar denunciando, dijeron. Cien hombres.<br \/>\n<br \/>\n&nbsp;<br \/>\nSal\u00ed con dudas, al principio, porque se gener\u00f3 confusi\u00f3n en qui\u00e9n convocaba y bajo qu\u00e9 lineamientos. Le dije a alguien: Siento tristeza. Veo muchas opiniones dispares y no s\u00e9 qu\u00e9 hacer. Alguien me dijo: Olv\u00eddate de lo que sientes. Ve. Cuando me vest\u00eda, pens\u00e9: No. Esto se trata precisamente de todo lo que siento, y de ir. Por primera vez en mi vida sal\u00ed a la calle con vestido corto y no me preocup\u00e9, ni siquiera me tap\u00e9 cuando el viento lo levantaba, porque me sent\u00ed segura y feliz rodeada de gente que estaba tan harta como yo, pidiendo lo mismo: <strong>respeto<\/strong>. Con la voz, con la pancarta, con la consigna, pero sobre todo con el cuerpo. \u00c9sta soy yo, a \u00e9sta la has humillado, a \u00e9sta la has violentado y muchas veces herido, sobajado, violado y matado, y hoy estoy aqu\u00ed para gritarte en la jeta que saques tu doctrina de mi vagina, tu rosario de mis ovarios y tu sotana de mi cama, que tu verga violadora va en la licuadora, que no seas pendejo, no te tragues el mito, t\u00fa puedes controlar tu pito y que ni de la Iglesia, ni del Estado, ni del marido, ni del patr\u00f3n, mi <strong>cuerpo es m\u00edo<\/strong>, y s\u00f3lo m\u00edo, y s\u00f3lo m\u00eda la decisi\u00f3n. Estoy aqu\u00ed, anarca, desnuda, lesbiana, colada, solidaria, con mi novio, con mi abuela, con mis hijos, con mi esposo, con mi novia, con mis amigos, con mi est\u00e9ncil, cubierta o descubierta, en bici, en silla de ruedas, en carreola y con bast\u00f3n. Estoy. Estamos.<br \/>\n<br \/>\n<strong>La marcha<\/strong> es una parte de <strong>la lucha<\/strong> que sirve para perderse e identificarse en la masa. Es un momento visceral en el que la causa te abraza al calor de los otros, que gritan junto contigo, que bailan y que brincan porque el que no brinque es macho. Que no le gritan a Pe\u00f1a que lo vengan a ver, que lo vengan a ver, ese no es presidente, es una puta de cabaret. Estas somos las putas diciendo que ese no es presidente, que es un fascista, macho, burgu\u00e9s. \u00c9ramos tantas, y todas tan distintas. Todas caminando, gritando y hasta bailando desde su experiencia, desde su propia trinchera ideol\u00f3gica algunas desnudas, punks, desde<strong> Ecatepec<\/strong>, otras peinadas, con vestidos de dise\u00f1ador y zapatos de tac\u00f3n. Hubo diferencias. Hubo quien no quer\u00eda integrar a los hombres, porque no es su lugar, porque no es su momento. Y, de muchas formas, tienen raz\u00f3n. Los hombres tienen que ver por s\u00ed mismos como dejar de perpetuar el machismo, como separarse de la norma cultural que los privilegia. Sin embargo, tambi\u00e9n creo que su solidaridad no hace da\u00f1o. Que tambi\u00e9n al marchar conmigo se dan cuenta, precisamente, que no van a acompa\u00f1arnos, porque no estamos solas. Que \u00e9stas somos nosotras, ellas, marcando la pauta del futuro.<\/p>\n","protected":false},"template":"","meta":{"_id_youtube":"","_id_vimeo":"","_podcasts_duration":"","_podcasts_url":"","_podcasts_show":"","_prog_horario_dias":"","_prog_hora":"","_prog_duration":""},"class_list":["post-17268","archivo","type-archivo","status-publish","hentry"],"_links":{"self":[{"href":"https:\/\/nofm-radio.com\/index.php?rest_route=\/wp\/v2\/archivo\/17268","targetHints":{"allow":["GET"]}}],"collection":[{"href":"https:\/\/nofm-radio.com\/index.php?rest_route=\/wp\/v2\/archivo"}],"about":[{"href":"https:\/\/nofm-radio.com\/index.php?rest_route=\/wp\/v2\/types\/archivo"}],"wp:attachment":[{"href":"https:\/\/nofm-radio.com\/index.php?rest_route=%2Fwp%2Fv2%2Fmedia&parent=17268"}],"curies":[{"name":"wp","href":"https:\/\/api.w.org\/{rel}","templated":true}]}}

#24A: Del violeta pálido al púrpura profundo, primavera

<p>Por <strong>Emiliana Perdomo</strong><br />
<a href="https://twitter.com/emilianita" target="_blank" rel="noopener noreferrer">@emilianita</a><br />
Fotos de <strong>Erika Arroyo</strong><br />
<a href="https://twitter.com/WooWooRancher" target="_blank" rel="noopener noreferrer">@WooWooRancher</a><br />
Ayer <strong>domingo</strong> salí a gritar por todas las veces que no pude enfrentarme al que me acosaba. Por todas las veces que me quedé callada, que permití que otro me hiciera sentir menos, que no respondí por miedo a que me hiciera algo porque yo soy <strong>mujer</strong> y él era hombre, más fuerte y capaz de lastimarme. Salí a gritar porque ahora mi familia es de tres, tres mujeres fuertes, tres mujeres que un par de fulanos pensaron solas porque recientemente quisieron intimidarnos, con extorsiones telefónicas, alegando que había cien hombres vigilándonos, y que si no contestábamos el teléfono mi hermana y yo amaneceríamos<strong> muertas</strong> en el canal de Chalco. Así como han encontrado a muchas otras muchachas por andar denunciando, dijeron. Cien hombres.<br />
<br />
&nbsp;<br />
Salí con dudas, al principio, porque se generó confusión en quién convocaba y bajo qué lineamientos. Le dije a alguien: Siento tristeza. Veo muchas opiniones dispares y no sé qué hacer. Alguien me dijo: Olvídate de lo que sientes. Ve. Cuando me vestía, pensé: No. Esto se trata precisamente de todo lo que siento, y de ir. Por primera vez en mi vida salí a la calle con vestido corto y no me preocupé, ni siquiera me tapé cuando el viento lo levantaba, porque me sentí segura y feliz rodeada de gente que estaba tan harta como yo, pidiendo lo mismo: <strong>respeto</strong>. Con la voz, con la pancarta, con la consigna, pero sobre todo con el cuerpo. Ésta soy yo, a ésta la has humillado, a ésta la has violentado y muchas veces herido, sobajado, violado y matado, y hoy estoy aquí para gritarte en la jeta que saques tu doctrina de mi vagina, tu rosario de mis ovarios y tu sotana de mi cama, que tu verga violadora va en la licuadora, que no seas pendejo, no te tragues el mito, tú puedes controlar tu pito y que ni de la Iglesia, ni del Estado, ni del marido, ni del patrón, mi <strong>cuerpo es mío</strong>, y sólo mío, y sólo mía la decisión. Estoy aquí, anarca, desnuda, lesbiana, colada, solidaria, con mi novio, con mi abuela, con mis hijos, con mi esposo, con mi novia, con mis amigos, con mi esténcil, cubierta o descubierta, en bici, en silla de ruedas, en carreola y con bastón. Estoy. Estamos.<br />
<br />
<strong>La marcha</strong> es una parte de <strong>la lucha</strong> que sirve para perderse e identificarse en la masa. Es un momento visceral en el que la causa te abraza al calor de los otros, que gritan junto contigo, que bailan y que brincan porque el que no brinque es macho. Que no le gritan a Peña que lo vengan a ver, que lo vengan a ver, ese no es presidente, es una puta de cabaret. Estas somos las putas diciendo que ese no es presidente, que es un fascista, macho, burgués. Éramos tantas, y todas tan distintas. Todas caminando, gritando y hasta bailando desde su experiencia, desde su propia trinchera ideológica algunas desnudas, punks, desde<strong> Ecatepec</strong>, otras peinadas, con vestidos de diseñador y zapatos de tacón. Hubo diferencias. Hubo quien no quería integrar a los hombres, porque no es su lugar, porque no es su momento. Y, de muchas formas, tienen razón. Los hombres tienen que ver por sí mismos como dejar de perpetuar el machismo, como separarse de la norma cultural que los privilegia. Sin embargo, también creo que su solidaridad no hace daño. Que también al marchar conmigo se dan cuenta, precisamente, que no van a acompañarnos, porque no estamos solas. Que éstas somos nosotras, ellas, marcando la pauta del futuro.</p>
