{"id":17321,"date":"2016-04-27T13:49:44","date_gmt":"2016-04-27T18:49:44","guid":{"rendered":"http:\/\/nofm-radio.com\/?p=17321"},"modified":"2016-04-27T13:49:44","modified_gmt":"2016-04-27T18:49:44","slug":"todxs-somos-policias-sobre-las-criticas-a-las-pintas","status":"publish","type":"archivo","link":"https:\/\/nofm-radio.com\/?archivo=todxs-somos-policias-sobre-las-criticas-a-las-pintas","title":{"rendered":"Todxs somos polic\u00edas. Sobre las cr\u00edticas a las pintas"},"content":{"rendered":"<p>Por <strong>BMO<\/strong><br \/>\nDe repente nos brota, todos somos guardianes o polic\u00edas de algo. Del <strong>monumento<\/strong>, del <strong>antimonumento<\/strong>, del respeto, de la memoria, de los muertos, de los <strong>s\u00edmbolos<\/strong>, del <strong>patriarcado<\/strong>, de la banqueta, del <em>status quo<\/em>&#8230; Que a la gente le importen todas esas cosas pues est\u00e1 bien, cada quien sus importancias, pero cuando creen que le tienen que importar a otrx es cuando nos transformamos en polic\u00edas, y a veces ni sabemos de qu\u00e9 prisi\u00f3n.<br \/>\nMuchas veces nos hacemos polic\u00edas de la misma prisi\u00f3n que a nosotrxs nos jode. Es bien triste, bien com\u00fan, y bien f\u00e1cil de no ver. De hecho, esas prisiones se construyen para eso, para ser invisibles y para vivir calientitas y c\u00f3modas dentro de los cuerpos.<br \/>\nVeo muchas cr\u00edticas de la pinta (una pinta solita, hay que recalcar) en el <strong>antimonumento +43<\/strong>. La pinta dice \u201c<strong>nosotras no somos Ayotzinapa<\/strong>\u201d, y lo hicieron unas morras a las que <strong>Ayotzinapa<\/strong> no las representa, evidentemente. \u00bfPor qu\u00e9 no las representa? Habr\u00e1 que indagar. Pero lo que veo son un chingo de reacciones que van desde, con may\u00fasculas \u201c<strong>TAMBI\u00c9N SON SUS MUERTOS<\/strong>\u201d (ok, gracias por mansplicarles sus lutos), hasta los muy previsibles \u201c<strong>falta de respeto<\/strong>\u201d (whatever that means), \u201c<strong>me duele ver que cancelan otras luchas<\/strong>\u201d, \u201c<strong>oh dios m\u00edo cuchillada a mi coraz\u00f3n progre<\/strong>\u201d.<br \/>\nPara esas personas indignadas con la pinta (que no es lo mismo que dolidas) tengo algunas reflexiones. La primera es si todxs tenemos que ser <strong>Ayotzinapa<\/strong>. La segunda es que se profan\u00f3 un s\u00edmbolo, supongo que lo que les indigna y duele entonces es lo que significa ese s\u00edmbolo. As\u00ed como a <strong>Carlos Mar\u00edn<\/strong> le duele que pinten la banqueta con \u201c<strong>todos somos Ayotzinapa<\/strong>\u201d, porque la banqueta debe significarle algo bien importante (supongamos que es el \u201ccivismo\u201d), y pues s\u00ed, lo est\u00e1n vejando con su aerosol. La banqueta y el <strong>antimonumento<\/strong> son, entonces, ambos s\u00edmbolos. Con uno, oh progres m\u00edos, s\u00ed est\u00e1n de acuerdo, con el otro no.<br \/>\nAqu\u00ed hay algo que quiero hacer notar: tanto la banqueta como el <strong>antimonumento<\/strong> cargan con m\u00e1s significados que s\u00f3lo los m\u00e1s evidentes. Ni la banqueta profanada es exclusivamente el civismo ni el <strong>antimonumento<\/strong> es exclusivamente los <strong>43<\/strong>. O al menos no cuando alguien quieren que signifiquen algo para alguien m\u00e1s.<br \/>\nY ahora les tengo una cita de <strong>Emilio Gamboa<\/strong>:<br \/>\nAl pedir que se fortalezcan instituciones del pa\u00eds como el <strong>Ej\u00e9rcito<\/strong>, <strong>Gamboa Patr\u00f3n<\/strong> se\u00f1al\u00f3 que el <strong>Gobierno Federal<\/strong> respeta la libertad de expresi\u00f3n y de manifestaci\u00f3n de las v\u00edctimas del delito, en especial de los padres de los estudiantes desaparecidos.<br \/>\n\u201c<em>Nuestras fuerzas armadas son instituciones s\u00f3lidas que han sabido estar a la altura de los desaf\u00edos del pa\u00eds y contribuido a afianzar nuestro r\u00e9gimen democr\u00e1tico, con respeto a los derechos humanos. Su apertura y disposici\u00f3n debe ser correspondida con respeto y responsabilidad de todos, por lo que no deben ser objeto de provocaciones vand\u00e1licas encubiertas en justos reclamos<\/em>\u201d, insisti\u00f3.<br \/>\n<strong><a href=\"http:\/\/www.noticiasmvs.com\/#!\/noticias\/pide-gamboa-a-padres-de-ayotzinapa-no-vandalizar-instalaciones-militares-72\" target=\"_blank\" rel=\"noopener noreferrer\">http:\/\/www.noticiasmvs.com\/#!\/noticias\/pide-gamboa-a-padres-de-ayotzinapa-no-vandalizar-instalaciones-militares-72<\/a><\/strong><br \/>\nM\u00e1s all\u00e1 de la emoci\u00f3n que causa el que le falten al respeto a tu s\u00edmbolo, o que la gente no comparta tus ideales (que por definici\u00f3n una considera nobles, y por lo tanto s\u00ed duele), creo que se puede analizar qu\u00e9 efectos tienen las diversas acciones. Esto es algo que gente como <strong>Aguilar Cam\u00edn<\/strong> suele decidir ignorar, pues este se\u00f1or, que me parece bien detestable, la verdad es que no dice mentiras cuando enumera los cr\u00edmenes que han cometido los estudiantes de la <strong>Normal de Ayotzinapa<\/strong>. Pero nosotrxs sabemos que los efectos de esos cr\u00edmenes, a pesar de ser los mismos cr\u00edmenes que los que comete el <strong>narco<\/strong>, tienen diferentes efectos. As\u00ed que con esto de los efectos me gustar\u00eda preguntarles, \u00bfqu\u00e9 efecto creen que tendr\u00e1 esa pinta de \u201c<strong>nosotras no somos Ayotzinapa<\/strong>\u201d? M\u00e1s all\u00e1, claro, de los sentimientos personales de los que estaba hablando. \u00bfLo ver\u00e1 <strong>Pe\u00f1a Nieto<\/strong> y se sentir\u00e1 identificado porque \u00e9l tampoco es <strong>Ayotzinapa<\/strong>? \u00bfSe retrasar\u00e1n las investigaciones sobre <strong>la noche de Iguala<\/strong>? \u00bfHabr\u00e1 quejas desbordadas por la pinta?<br \/>\n<strong><a href=\"http:\/\/www.milenio.com\/firmas\/hector_aguilar_camin_dia-con-dia\/Ayotzinapa-impunidad_18_635516468.html\" target=\"_blank\" rel=\"noopener noreferrer\">http:\/\/www.milenio.com\/firmas\/hector_aguilar_camin_dia-con-dia\/Ayotzinapa-impunidad_18_635516468.html<\/a><\/strong><br \/>\nEste \u00faltimo efecto ya est\u00e1 ocurriendo. \u00bfY qu\u00e9 efectos tendr\u00e1 la queja desbordada por la pinta? Aqu\u00ed es donde entran los otros significados no evidentes de la banqueta y del <strong>antimonumento<\/strong>. Les invito a remitirse a las quejas desbordadas de su reaccionario favorito (<strong>Luis Gonz\u00e1lez de Alba<\/strong>, <strong>Carlos Mar\u00edn<\/strong>, you name it), y ver los comentarios de la gente. Esos son algunos de los efectos de esas quejas desbordadas: material jugoso para desvirtuar cualquier tipo de movimiento social, espejos donde lucen s\u00faper relucientes quienes buscan cualquier argumento para se\u00f1alar que tienen raz\u00f3n, que el <em>status quo<\/em> siempre tiene la raz\u00f3n. Ojos que se alejan de las dudas, \u00bfpor qu\u00e9 los normalistas de <strong>Ayotzinapa<\/strong> secuestran autobuses? \u00bfPor qu\u00e9 los indignados por los <strong>43<\/strong> rayan banquetas? \u00bfPor qu\u00e9 esas morras no son <strong>Ayotzinapa<\/strong>?<br \/>\nCreo que otro efecto de estas cr\u00edticas y quejas desbordadas, muy muy \u00fatil, pero que se pasa por alto, es que tambi\u00e9n puede servir para ver de qu\u00e9 eres polic\u00eda, en d\u00f3nde tienes puesta tu vigilia, qu\u00e9 prisi\u00f3n est\u00e1s resguardando, lo sepas o no. Es decir, qu\u00e9 otra cosa significa la profanaci\u00f3n de tu s\u00edmbolo. A m\u00ed ya me qued\u00f3 m\u00e1s o menos claro cu\u00e1l es la prisi\u00f3n que resguardan esas cr\u00edticas por la pinta.<br \/>\n<a class=\"no-eff img-link lightbox\" href=\"http:\/\/nofm-radio.com\/wp-content\/uploads\/2016\/04\/IMG_0744.jpg\"><img loading=\"lazy\" decoding=\"async\" class=\"alignnone size-full wp-image-17278\" src=\"http:\/\/nofm-radio.com\/wp-content\/uploads\/2016\/04\/IMG_0744.jpg\" alt=\"IMG_0744\" width=\"2778\" height=\"1852\" \/><\/a><\/p>\n","protected":false},"template":"","meta":{"_id_youtube":"","_id_vimeo":"","_podcasts_duration":"","_podcasts_url":"","_podcasts_show":"","_prog_horario_dias":"","_prog_hora":"","_prog_duration":""},"class_list":["post-17321","archivo","type-archivo","status-publish","hentry"],"_links":{"self":[{"href":"https:\/\/nofm-radio.com\/index.php?rest_route=\/wp\/v2\/archivo\/17321","targetHints":{"allow":["GET"]}}],"collection":[{"href":"https:\/\/nofm-radio.com\/index.php?rest_route=\/wp\/v2\/archivo"}],"about":[{"href":"https:\/\/nofm-radio.com\/index.php?rest_route=\/wp\/v2\/types\/archivo"}],"wp:attachment":[{"href":"https:\/\/nofm-radio.com\/index.php?rest_route=%2Fwp%2Fv2%2Fmedia&parent=17321"}],"curies":[{"name":"wp","href":"https:\/\/api.w.org\/{rel}","templated":true}]}}

Todxs somos policías. Sobre las críticas a las pintas

<p>Por <strong>BMO</strong><br />
De repente nos brota, todos somos guardianes o policías de algo. Del <strong>monumento</strong>, del <strong>antimonumento</strong>, del respeto, de la memoria, de los muertos, de los <strong>símbolos</strong>, del <strong>patriarcado</strong>, de la banqueta, del <em>status quo</em>&#8230; Que a la gente le importen todas esas cosas pues está bien, cada quien sus importancias, pero cuando creen que le tienen que importar a otrx es cuando nos transformamos en policías, y a veces ni sabemos de qué prisión.<br />
Muchas veces nos hacemos policías de la misma prisión que a nosotrxs nos jode. Es bien triste, bien común, y bien fácil de no ver. De hecho, esas prisiones se construyen para eso, para ser invisibles y para vivir calientitas y cómodas dentro de los cuerpos.<br />
Veo muchas críticas de la pinta (una pinta solita, hay que recalcar) en el <strong>antimonumento +43</strong>. La pinta dice “<strong>nosotras no somos Ayotzinapa</strong>”, y lo hicieron unas morras a las que <strong>Ayotzinapa</strong> no las representa, evidentemente. ¿Por qué no las representa? Habrá que indagar. Pero lo que veo son un chingo de reacciones que van desde, con mayúsculas “<strong>TAMBIÉN SON SUS MUERTOS</strong>” (ok, gracias por mansplicarles sus lutos), hasta los muy previsibles “<strong>falta de respeto</strong>” (whatever that means), “<strong>me duele ver que cancelan otras luchas</strong>”, “<strong>oh dios mío cuchillada a mi corazón progre</strong>”.<br />
Para esas personas indignadas con la pinta (que no es lo mismo que dolidas) tengo algunas reflexiones. La primera es si todxs tenemos que ser <strong>Ayotzinapa</strong>. La segunda es que se profanó un símbolo, supongo que lo que les indigna y duele entonces es lo que significa ese símbolo. Así como a <strong>Carlos Marín</strong> le duele que pinten la banqueta con “<strong>todos somos Ayotzinapa</strong>”, porque la banqueta debe significarle algo bien importante (supongamos que es el “civismo”), y pues sí, lo están vejando con su aerosol. La banqueta y el <strong>antimonumento</strong> son, entonces, ambos símbolos. Con uno, oh progres míos, sí están de acuerdo, con el otro no.<br />
Aquí hay algo que quiero hacer notar: tanto la banqueta como el <strong>antimonumento</strong> cargan con más significados que sólo los más evidentes. Ni la banqueta profanada es exclusivamente el civismo ni el <strong>antimonumento</strong> es exclusivamente los <strong>43</strong>. O al menos no cuando alguien quieren que signifiquen algo para alguien más.<br />
Y ahora les tengo una cita de <strong>Emilio Gamboa</strong>:<br />
Al pedir que se fortalezcan instituciones del país como el <strong>Ejército</strong>, <strong>Gamboa Patrón</strong> señaló que el <strong>Gobierno Federal</strong> respeta la libertad de expresión y de manifestación de las víctimas del delito, en especial de los padres de los estudiantes desaparecidos.<br />
“<em>Nuestras fuerzas armadas son instituciones sólidas que han sabido estar a la altura de los desafíos del país y contribuido a afianzar nuestro régimen democrático, con respeto a los derechos humanos. Su apertura y disposición debe ser correspondida con respeto y responsabilidad de todos, por lo que no deben ser objeto de provocaciones vandálicas encubiertas en justos reclamos</em>”, insistió.<br />
<strong><a href="http://www.noticiasmvs.com/#!/noticias/pide-gamboa-a-padres-de-ayotzinapa-no-vandalizar-instalaciones-militares-72" target="_blank" rel="noopener noreferrer">http://www.noticiasmvs.com/#!/noticias/pide-gamboa-a-padres-de-ayotzinapa-no-vandalizar-instalaciones-militares-72</a></strong><br />
Más allá de la emoción que causa el que le falten al respeto a tu símbolo, o que la gente no comparta tus ideales (que por definición una considera nobles, y por lo tanto sí duele), creo que se puede analizar qué efectos tienen las diversas acciones. Esto es algo que gente como <strong>Aguilar Camín</strong> suele decidir ignorar, pues este señor, que me parece bien detestable, la verdad es que no dice mentiras cuando enumera los crímenes que han cometido los estudiantes de la <strong>Normal de Ayotzinapa</strong>. Pero nosotrxs sabemos que los efectos de esos crímenes, a pesar de ser los mismos crímenes que los que comete el <strong>narco</strong>, tienen diferentes efectos. Así que con esto de los efectos me gustaría preguntarles, ¿qué efecto creen que tendrá esa pinta de “<strong>nosotras no somos Ayotzinapa</strong>”? Más allá, claro, de los sentimientos personales de los que estaba hablando. ¿Lo verá <strong>Peña Nieto</strong> y se sentirá identificado porque él tampoco es <strong>Ayotzinapa</strong>? ¿Se retrasarán las investigaciones sobre <strong>la noche de Iguala</strong>? ¿Habrá quejas desbordadas por la pinta?<br />
<strong><a href="http://www.milenio.com/firmas/hector_aguilar_camin_dia-con-dia/Ayotzinapa-impunidad_18_635516468.html" target="_blank" rel="noopener noreferrer">http://www.milenio.com/firmas/hector_aguilar_camin_dia-con-dia/Ayotzinapa-impunidad_18_635516468.html</a></strong><br />
Este último efecto ya está ocurriendo. ¿Y qué efectos tendrá la queja desbordada por la pinta? Aquí es donde entran los otros significados no evidentes de la banqueta y del <strong>antimonumento</strong>. Les invito a remitirse a las quejas desbordadas de su reaccionario favorito (<strong>Luis González de Alba</strong>, <strong>Carlos Marín</strong>, you name it), y ver los comentarios de la gente. Esos son algunos de los efectos de esas quejas desbordadas: material jugoso para desvirtuar cualquier tipo de movimiento social, espejos donde lucen súper relucientes quienes buscan cualquier argumento para señalar que tienen razón, que el <em>status quo</em> siempre tiene la razón. Ojos que se alejan de las dudas, ¿por qué los normalistas de <strong>Ayotzinapa</strong> secuestran autobuses? ¿Por qué los indignados por los <strong>43</strong> rayan banquetas? ¿Por qué esas morras no son <strong>Ayotzinapa</strong>?<br />
Creo que otro efecto de estas críticas y quejas desbordadas, muy muy útil, pero que se pasa por alto, es que también puede servir para ver de qué eres policía, en dónde tienes puesta tu vigilia, qué prisión estás resguardando, lo sepas o no. Es decir, qué otra cosa significa la profanación de tu símbolo. A mí ya me quedó más o menos claro cuál es la prisión que resguardan esas críticas por la pinta.<br />
<a class="no-eff img-link lightbox" href="http://nofm-radio.com/wp-content/uploads/2016/04/IMG_0744.jpg"><img loading="lazy" decoding="async" class="alignnone size-full wp-image-17278" src="http://nofm-radio.com/wp-content/uploads/2016/04/IMG_0744.jpg" alt="IMG_0744" width="2778" height="1852" /></a></p>
