{"id":17376,"date":"2016-05-02T14:52:45","date_gmt":"2016-05-02T19:52:45","guid":{"rendered":"http:\/\/nofm-radio.com\/?p=17376"},"modified":"2016-05-02T14:52:45","modified_gmt":"2016-05-02T19:52:45","slug":"radiacion-ultravioleta-3-decaricaturizar-la-violencia-contra-las-mujeres","status":"publish","type":"archivo","link":"https:\/\/nofm-radio.com\/?archivo=radiacion-ultravioleta-3-decaricaturizar-la-violencia-contra-las-mujeres","title":{"rendered":"Radiaci\u00f3n ultravioleta 3. Decaricaturizar la violencia contra las mujeres"},"content":{"rendered":"<p>Por <strong>Cuauht\u00e9moc Camilo<\/strong><br \/>\n<a href=\"https:\/\/twitter.com\/cuate_moc\" target=\"_blank\" rel=\"noopener noreferrer\">@cuate_moc<\/a><br \/>\nTanto el marco pol\u00edtico de la <strong>#24A<\/strong>, como su car\u00e1cter comunicacional no discursivo, convergen en un punto nodal: la <strong>violencia<\/strong>. En ambos frentes, la violencia es el factor indiscutible. Es decir que a nivel racional (te\u00f3rico-discursivo) y sensible (intuitivo-afectivo-corporal) se percibe una alarma y protesta que no son ni fortuitas ni atendidas, que se resumen en un hecho contundente: hay <strong>mujeres muertas<\/strong>, en impunidad y cada vez son m\u00e1s. El 23 de junio de 2015, <a href=\"https:\/\/www.vice.com\/es_mx\/read\/asesinadas-en-el-estado-de-mexico-una-silenciosa-epidemia\" target=\"_blank\" rel=\"noopener noreferrer\"><em><strong>Vice\u00a0<\/strong><\/em>public\u00f3 una investigaci\u00f3n <\/a>sobre las mujeres asesinadas en el <strong>Estado de M\u00e9xico<\/strong>, en ella se hac\u00eda notar que \u201cLas cifras disponibles sobre estos cr\u00edmenes est\u00e1n incompletas y son b\u00e1sicamente in\u00fatiles. Las procuradur\u00edas no publican cifras espec\u00edficas sobre <strong>feminicidios<\/strong> ni a nivel estatal ni federal\u201d . Citando a <strong>Humberto Padgett<\/strong> \u2013coautor del libro <em><strong>Las muertas del Estado<\/strong><\/em> (2014)\u2013 la investigaci\u00f3n afirma: \u201cEn el caso del Estado de M\u00e9xico esto ha sucedido durante a\u00f1os sin que nadie tome atenci\u00f3n del hecho&#8221;, y refiri\u00e9ndose a Pe\u00f1a Nieto concluye (\u2026)&#8221;No es normal que asesinen a 1,997 mujeres durante la administraci\u00f3n de un hombre que quer\u00eda ser presidente\u201d.<br \/>\n\u201cLa cifra de Padgett de 1,997 es casi quinientos homicidios m\u00e1s que el conteo total de un periodo de 20 a\u00f1os en Ciudad Ju\u00e1rez, Chihuahua, que ha sido conocido internacionalmente como el epicentro del feminicidio en M\u00e9xico\u201d. \u201dEn t\u00e9rminos absolutos, al menos 1,530 mujeres fueron asesinadas en esta ciudad fronteriza entre 1993 y 2014, seg\u00fan Julia Mon\u00e1rrez, una investigadora del Colegio de la Frontera en Ciudad Ju\u00e1rez\u201d. Esto significa que, s\u00f3lo durante la administraci\u00f3n de <strong>Pe\u00f1a Nieto<\/strong> como gobernador del Estado de M\u00e9xico, se asesinaron m\u00e1s mujeres en esa entidad que en Ciudad Ju\u00e1rez durante los casi 20 a\u00f1os en que fue \u201cepicentro del feminicidio\u201d. Las cifras sirven para hacerse una idea de las dimensiones de la cuesti\u00f3n, as\u00ed como de la importancia que tuvo el trayecto de la marcha (de Edo. Mex. a la CDMX). Sin embargo, las cifras no deben distraer de que en todo el pa\u00eds y durante un prolongado periodo de tiempo se ha ejercido una <strong>violencia sist\u00e9mica<\/strong>, focalizada hacia las mujeres.<br \/>\n<a class=\"no-eff img-link lightbox\" href=\"http:\/\/nofm-radio.com\/wp-content\/uploads\/2016\/05\/Radiaci\u00f3n1.jpg\"><img loading=\"lazy\" decoding=\"async\" class=\"alignnone size-full wp-image-17378\" src=\"http:\/\/nofm-radio.com\/wp-content\/uploads\/2016\/05\/Radiaci\u00f3n1.jpg\" alt=\"Radiaci\u00f3n1\" width=\"1200\" height=\"900\" \/><\/a><br \/>\nComo se ve la #24A es un rel\u00e1mpago en la oscuridad, un destello que hace visible medi\u00e1tica y socialmente esta violencia para inscribirla dentro de un largo proceso de aniquilaci\u00f3n de mujeres. Directa o indirectamente ese ha sido el cometido de la marcha: mostrar una violencia que no es evidente ni para la sociedad ni para el <strong>Estado<\/strong>, con lo que se desestabiliza y muestra la vulnerabilidad de ser mujer en M\u00e9xico. Mostrar, en fin, una violencia deliberadamente ignorada, que carece de documentaci\u00f3n e informaci\u00f3n y que es el s\u00edntoma de una sociedad insostenible, volcada sobre s\u00ed para destruirse: eso es M\u00e9xico y su gente: los que lo hacen, los que no lo impiden. Y en el fondo ronda la pregunta <strong>\u00bfPor qu\u00e9 se matan mujeres?<\/strong> Una terrible concepci\u00f3n de la vida y el poder habita en ella.<br \/>\nY con todo, se sabe bien que esta <strong>violencia mis\u00f3gina<\/strong> no puede ser prevenida m\u00e1s que a condici\u00f3n de transformar radicalmente las subjetividades, sus valores m\u00e1s arraigados y su formaci\u00f3n ciudadana: un trabajo de Estado, un quehacer pol\u00edtico que s\u00ed, tiene que ver, entre otras cosas, con las leyes, programas educativos, desarrollo econ\u00f3mico y un modo de existencia que no s\u00f3lo garantizan los pol\u00edticos sino las personas y las instituciones. \u00bfA poco cre\u00edamos que una marcha como la #24A se realiza solamente para denunciar desplantes de galanter\u00eda soez, tormentos psicol\u00f3gico-culturales, o estereotipos? Esos criterios (los infundados, ideol\u00f3gicos e intocables) son la caricatura que el machismo (y s\u00ed, la estructura epistemol\u00f3gica del <strong>heteropatriarcado<\/strong>) se inventa para menospreciar y simplificar la violencia contra la mujer, para reducir a violencia abstracta, exagerada y culturalmente anegada lo que, en los hechos, son d\u00e9cadas de muertas, violadas, desaparecidas y brutalizadas sin que el problema se detenga o, por lo menos, se reduzca. Esto es lo que la ignorancia y la estrechez mental de algunos medios y opin\u00f3logos como<a href=\"http:\/\/www.elarsenal.net\/2016\/04\/26\/una-inutil-marcha-feminista-contra-la-violencia-machista-por-carlos-arturo-banos-lemoine\/\" target=\"_blank\" rel=\"noopener noreferrer\"><strong> Carlos Arturo Ba\u00f1os Lemoine<\/strong><\/a>, articulista en medios y catedr\u00e1tico de la <strong>UAM-X<\/strong> y la <strong>UPN<\/strong> son incapaces de ver , fiera transparencia que enceguece y ejerce sin saberlo y hasta con buena voluntad una violencia simb\u00f3lica que destruye. No obstante \u00e9se es tambi\u00e9n el escalofriante \u201cy despu\u00e9s\u2026\u201d de la #24A; sus olas comunicaron tan fuerte y contundentemente que sacudieron los callados prejuicios que la gente oculta y los hicieron salir neur\u00f3ticamente. \u00bfPor qu\u00e9 el enojo de los machos, por qu\u00e9 su reacci\u00f3n violenta?, \u00bfa qu\u00e9 le temen?, <strong>\u00bfqu\u00e9 les duele con la #24A?<\/strong><br \/>\n<a class=\"no-eff img-link lightbox\" href=\"http:\/\/nofm-radio.com\/wp-content\/uploads\/2016\/05\/Radiaci\u00f3n4.jpg\"><img loading=\"lazy\" decoding=\"async\" class=\"size-full wp-image-17381 aligncenter\" src=\"http:\/\/nofm-radio.com\/wp-content\/uploads\/2016\/05\/Radiaci\u00f3n4.jpg\" alt=\"Radiaci\u00f3n4\" width=\"660\" height=\"440\" \/><\/a><br \/>\nSin saberlo, ese reduccionismo de los <strong>opin\u00f3logos<\/strong> es uno de los atentados m\u00e1s violentos a la libertad de pensar, misma que no consiste ni en la indiferencia por el pensamiento del otro ni en la su vigilancia recalcitrante sino, precisamente, en una cr\u00edtica constante del pensamiento, es decir, en una investigaci\u00f3n y no en una opini\u00f3n, muchas veces fundadas en falacias de autoridad fuera de su contexto. A fin de cuentas \u00bfqu\u00e9 se pretende?, \u00bfdemandas nuevas de los derechos de las mujeres cuando no se han podido garantizar los m\u00e1s b\u00e1sicos? Siglos de una concepci\u00f3n un\u00edvoca de las mujeres fundados \u00bfen qu\u00e9 exactamente?, \u00bfen la opini\u00f3n de hombres y su perspectiva discursiva? Si la modernidad se caracteriza por el <strong>reconocimiento de la singularidad<\/strong> \u2013y su correspondiente diferencia\u2013, y si esto da lugar al Estado moderno, la democracia y los derechos humanos, entonces el reclamo de las mujeres no es en absoluto algo que pueda darse por sentado o se considere repetitivo en un pa\u00eds en el que el motivo de muerte es, precisamente, que sean mujeres. Hay en ello una oscura concepci\u00f3n de la mujer; una cultura del abuso, una moral tot\u00e9mica al macho. Y si a eso se suma el hecho de que incluso quienes trabajan en universidades p\u00fablicas piensan de manera tan necia y machista, uno se pregunta \u00bfdesde d\u00f3nde miran aquellos que no est\u00e1n dentro del privilegiado porcentaje de la poblaci\u00f3n mexicana que tiene acceso a la educaci\u00f3n superior?<br \/>\nA ese respecto, m\u00e1s que la #24A, son sus participantes las que ponen el dedo en la llaga mexicana, como si dijeran: \u201cNos matan, nos violan, nos agreden, menosprecian lo que pensamos y encima vivimos as\u00ed a diario e indefinidamente\u201d, \u201cse nos culpabiliza por lo que nos sucede y se evade c\u00ednicamente la responsabilidad de protegernos y establecer las condiciones para que eso no suceda\u201d. Insistir en que la #24A no son desplantes pueriles, sino un modo de responder a la situaci\u00f3n de vida, amenaza latente y muerte que viven millones de mujeres. Insistir tambi\u00e9n en que estos <strong>eventos masivos<\/strong> suceden cuando las muertes han sucedido y se acumulan a tal punto que son perturbadoras.<br \/>\n<a class=\"no-eff img-link lightbox\" href=\"http:\/\/nofm-radio.com\/wp-content\/uploads\/2016\/05\/Radiaci\u00f3n2.gif\"><img loading=\"lazy\" decoding=\"async\" class=\"size-full wp-image-17379 aligncenter\" src=\"http:\/\/nofm-radio.com\/wp-content\/uploads\/2016\/05\/Radiaci\u00f3n2.gif\" alt=\"Radiaci\u00f3n2\" width=\"700\" height=\"400\" \/><\/a><br \/>\nConsiderando las entregas anteriores, hay advertir entonces que la <strong>marcha<\/strong> es un <strong>medio de manifestaci\u00f3n y de protesta<\/strong> condensado en un solo gesto. Al salir a la calle, la protesta se dirige a los gobernantes que han sido incapaces de proteger su existencia, y no obstante, la manifestaci\u00f3n (por ser p\u00fablica, de calle) se dirige a la sociedad, a cada uno de sus individuos (incluyendo, machos, violadores y asesinos an\u00f3nimos), es un canal de comunicaci\u00f3n para transmitir: \u201c\u00a1Basta! No nos asesinen\u201d. No hay capricho ni trivialidad en ello, no hay desacuerdo tampoco en que la violencia es el nodo de la incertidumbre y buena parte de la miseria en el pa\u00eds, la muerte y la brutalidad (no la seguridad), es la que congrega a otros movimientos ciudadanos adem\u00e1s del #24A, como el <strong>Movimiento por la Paz con Justicia y Dignidad<\/strong> o <strong>Ayotzinapa<\/strong>. Los congrega en el espacio p\u00fablico y en la escucha medi\u00e1tica, aunque no necesariamente en un mismo movimiento.<br \/>\nSobre las distinciones y gestos de la #24A con otros movimientos, hablar\u00e9 un poco m\u00e1s en la siguiente entrega, por lo pronto habr\u00eda que tener presente ciertos<strong> tipos de violencia<\/strong> para hacer notar que el problema se juega en un amplio espectro de variables, tantas como las hay a una sociedad moderna. Para ello habr\u00eda que precisar que la violencia es una fuerza que se ejerce para fines privados, lucrativos o donde no hay beneficios mutuos. Asimismo puede haber ejercicio de fuerza sin que necesariamente sea violenta, en casos como la defensa y preservaci\u00f3n de la vida o la comunidad o en el cumplimiento de las leyes leg\u00edtimamente aprobadas y ejercidas.<br \/>\n<a class=\"no-eff img-link lightbox\" href=\"http:\/\/nofm-radio.com\/wp-content\/uploads\/2016\/04\/estadofemi.jpg\"><img loading=\"lazy\" decoding=\"async\" class=\"alignnone size-full wp-image-17266\" src=\"http:\/\/nofm-radio.com\/wp-content\/uploads\/2016\/04\/estadofemi.jpg\" alt=\"estadofemi\" width=\"2048\" height=\"1984\" \/><\/a><br \/>\nDe esta manera, y frente a la fuerza, la violencia tiene prop\u00f3sitos que bien pueden organizarse como sigue: 1. <strong>Violencia aniquilatoria<\/strong>, 2. <strong>Tortura<\/strong> (en sus distintas formas que van del sufrimiento f\u00edsico al psicol\u00f3gico), 3. <strong>Despojo<\/strong>, 4. <strong>Explotaci\u00f3n<\/strong> (por ejemplo, con mayor tiempo labora, un salario menor, acoso laboral), 5. <strong>Violencia simb\u00f3lica<\/strong> (en la que se ejerce, seg\u00fan Pierre Bourdieu, un sometimiento a trav\u00e9s de procesos inconscientes, construcciones cognitivas, significaciones ling\u00fc\u00edsticas, etc.), 6. <strong>Violencia moral<\/strong> (de acuerdo con tradiciones, costumbres, supuestos culturales, familiares o espirituales que dan como resultado un sometimiento \u201cpor las buenas\u201d o por filiaci\u00f3n) y 7. <strong>Violencia de la calma<\/strong> (desarrollado por Vivian Forester y que consiste en la indiferencia, el silencio y la pasividad frente al abuso). El ensa\u00f1amiento contra las mujeres en todos los niveles de violencia merece un an\u00e1lisis detenido y una sensibilidad atenta, m\u00e1s all\u00e1 de la mera opini\u00f3n o la respuesta machista y reaccionaria.<\/p>\n","protected":false},"template":"","meta":{"_id_youtube":"","_id_vimeo":"","_podcasts_duration":"","_podcasts_url":"","_podcasts_show":"","_prog_horario_dias":"","_prog_hora":"","_prog_duration":""},"class_list":["post-17376","archivo","type-archivo","status-publish","hentry"],"_links":{"self":[{"href":"https:\/\/nofm-radio.com\/index.php?rest_route=\/wp\/v2\/archivo\/17376","targetHints":{"allow":["GET"]}}],"collection":[{"href":"https:\/\/nofm-radio.com\/index.php?rest_route=\/wp\/v2\/archivo"}],"about":[{"href":"https:\/\/nofm-radio.com\/index.php?rest_route=\/wp\/v2\/types\/archivo"}],"wp:attachment":[{"href":"https:\/\/nofm-radio.com\/index.php?rest_route=%2Fwp%2Fv2%2Fmedia&parent=17376"}],"curies":[{"name":"wp","href":"https:\/\/api.w.org\/{rel}","templated":true}]}}

Radiación ultravioleta 3. Decaricaturizar la violencia contra las mujeres

<p>Por <strong>Cuauhtémoc Camilo</strong><br />
<a href="https://twitter.com/cuate_moc" target="_blank" rel="noopener noreferrer">@cuate_moc</a><br />
Tanto el marco político de la <strong>#24A</strong>, como su carácter comunicacional no discursivo, convergen en un punto nodal: la <strong>violencia</strong>. En ambos frentes, la violencia es el factor indiscutible. Es decir que a nivel racional (teórico-discursivo) y sensible (intuitivo-afectivo-corporal) se percibe una alarma y protesta que no son ni fortuitas ni atendidas, que se resumen en un hecho contundente: hay <strong>mujeres muertas</strong>, en impunidad y cada vez son más. El 23 de junio de 2015, <a href="https://www.vice.com/es_mx/read/asesinadas-en-el-estado-de-mexico-una-silenciosa-epidemia" target="_blank" rel="noopener noreferrer"><em><strong>Vice </strong></em>publicó una investigación </a>sobre las mujeres asesinadas en el <strong>Estado de México</strong>, en ella se hacía notar que “Las cifras disponibles sobre estos crímenes están incompletas y son básicamente inútiles. Las procuradurías no publican cifras específicas sobre <strong>feminicidios</strong> ni a nivel estatal ni federal” . Citando a <strong>Humberto Padgett</strong> –coautor del libro <em><strong>Las muertas del Estado</strong></em> (2014)– la investigación afirma: “En el caso del Estado de México esto ha sucedido durante años sin que nadie tome atención del hecho&#8221;, y refiriéndose a Peña Nieto concluye (…)&#8221;No es normal que asesinen a 1,997 mujeres durante la administración de un hombre que quería ser presidente”.<br />
“La cifra de Padgett de 1,997 es casi quinientos homicidios más que el conteo total de un periodo de 20 años en Ciudad Juárez, Chihuahua, que ha sido conocido internacionalmente como el epicentro del feminicidio en México”. ”En términos absolutos, al menos 1,530 mujeres fueron asesinadas en esta ciudad fronteriza entre 1993 y 2014, según Julia Monárrez, una investigadora del Colegio de la Frontera en Ciudad Juárez”. Esto significa que, sólo durante la administración de <strong>Peña Nieto</strong> como gobernador del Estado de México, se asesinaron más mujeres en esa entidad que en Ciudad Juárez durante los casi 20 años en que fue “epicentro del feminicidio”. Las cifras sirven para hacerse una idea de las dimensiones de la cuestión, así como de la importancia que tuvo el trayecto de la marcha (de Edo. Mex. a la CDMX). Sin embargo, las cifras no deben distraer de que en todo el país y durante un prolongado periodo de tiempo se ha ejercido una <strong>violencia sistémica</strong>, focalizada hacia las mujeres.<br />
<a class="no-eff img-link lightbox" href="http://nofm-radio.com/wp-content/uploads/2016/05/Radiación1.jpg"><img loading="lazy" decoding="async" class="alignnone size-full wp-image-17378" src="http://nofm-radio.com/wp-content/uploads/2016/05/Radiación1.jpg" alt="Radiación1" width="1200" height="900" /></a><br />
Como se ve la #24A es un relámpago en la oscuridad, un destello que hace visible mediática y socialmente esta violencia para inscribirla dentro de un largo proceso de aniquilación de mujeres. Directa o indirectamente ese ha sido el cometido de la marcha: mostrar una violencia que no es evidente ni para la sociedad ni para el <strong>Estado</strong>, con lo que se desestabiliza y muestra la vulnerabilidad de ser mujer en México. Mostrar, en fin, una violencia deliberadamente ignorada, que carece de documentación e información y que es el síntoma de una sociedad insostenible, volcada sobre sí para destruirse: eso es México y su gente: los que lo hacen, los que no lo impiden. Y en el fondo ronda la pregunta <strong>¿Por qué se matan mujeres?</strong> Una terrible concepción de la vida y el poder habita en ella.<br />
Y con todo, se sabe bien que esta <strong>violencia misógina</strong> no puede ser prevenida más que a condición de transformar radicalmente las subjetividades, sus valores más arraigados y su formación ciudadana: un trabajo de Estado, un quehacer político que sí, tiene que ver, entre otras cosas, con las leyes, programas educativos, desarrollo económico y un modo de existencia que no sólo garantizan los políticos sino las personas y las instituciones. ¿A poco creíamos que una marcha como la #24A se realiza solamente para denunciar desplantes de galantería soez, tormentos psicológico-culturales, o estereotipos? Esos criterios (los infundados, ideológicos e intocables) son la caricatura que el machismo (y sí, la estructura epistemológica del <strong>heteropatriarcado</strong>) se inventa para menospreciar y simplificar la violencia contra la mujer, para reducir a violencia abstracta, exagerada y culturalmente anegada lo que, en los hechos, son décadas de muertas, violadas, desaparecidas y brutalizadas sin que el problema se detenga o, por lo menos, se reduzca. Esto es lo que la ignorancia y la estrechez mental de algunos medios y opinólogos como<a href="http://www.elarsenal.net/2016/04/26/una-inutil-marcha-feminista-contra-la-violencia-machista-por-carlos-arturo-banos-lemoine/" target="_blank" rel="noopener noreferrer"><strong> Carlos Arturo Baños Lemoine</strong></a>, articulista en medios y catedrático de la <strong>UAM-X</strong> y la <strong>UPN</strong> son incapaces de ver , fiera transparencia que enceguece y ejerce sin saberlo y hasta con buena voluntad una violencia simbólica que destruye. No obstante ése es también el escalofriante “y después…” de la #24A; sus olas comunicaron tan fuerte y contundentemente que sacudieron los callados prejuicios que la gente oculta y los hicieron salir neuróticamente. ¿Por qué el enojo de los machos, por qué su reacción violenta?, ¿a qué le temen?, <strong>¿qué les duele con la #24A?</strong><br />
<a class="no-eff img-link lightbox" href="http://nofm-radio.com/wp-content/uploads/2016/05/Radiación4.jpg"><img loading="lazy" decoding="async" class="size-full wp-image-17381 aligncenter" src="http://nofm-radio.com/wp-content/uploads/2016/05/Radiación4.jpg" alt="Radiación4" width="660" height="440" /></a><br />
Sin saberlo, ese reduccionismo de los <strong>opinólogos</strong> es uno de los atentados más violentos a la libertad de pensar, misma que no consiste ni en la indiferencia por el pensamiento del otro ni en la su vigilancia recalcitrante sino, precisamente, en una crítica constante del pensamiento, es decir, en una investigación y no en una opinión, muchas veces fundadas en falacias de autoridad fuera de su contexto. A fin de cuentas ¿qué se pretende?, ¿demandas nuevas de los derechos de las mujeres cuando no se han podido garantizar los más básicos? Siglos de una concepción unívoca de las mujeres fundados ¿en qué exactamente?, ¿en la opinión de hombres y su perspectiva discursiva? Si la modernidad se caracteriza por el <strong>reconocimiento de la singularidad</strong> –y su correspondiente diferencia–, y si esto da lugar al Estado moderno, la democracia y los derechos humanos, entonces el reclamo de las mujeres no es en absoluto algo que pueda darse por sentado o se considere repetitivo en un país en el que el motivo de muerte es, precisamente, que sean mujeres. Hay en ello una oscura concepción de la mujer; una cultura del abuso, una moral totémica al macho. Y si a eso se suma el hecho de que incluso quienes trabajan en universidades públicas piensan de manera tan necia y machista, uno se pregunta ¿desde dónde miran aquellos que no están dentro del privilegiado porcentaje de la población mexicana que tiene acceso a la educación superior?<br />
A ese respecto, más que la #24A, son sus participantes las que ponen el dedo en la llaga mexicana, como si dijeran: “Nos matan, nos violan, nos agreden, menosprecian lo que pensamos y encima vivimos así a diario e indefinidamente”, “se nos culpabiliza por lo que nos sucede y se evade cínicamente la responsabilidad de protegernos y establecer las condiciones para que eso no suceda”. Insistir en que la #24A no son desplantes pueriles, sino un modo de responder a la situación de vida, amenaza latente y muerte que viven millones de mujeres. Insistir también en que estos <strong>eventos masivos</strong> suceden cuando las muertes han sucedido y se acumulan a tal punto que son perturbadoras.<br />
<a class="no-eff img-link lightbox" href="http://nofm-radio.com/wp-content/uploads/2016/05/Radiación2.gif"><img loading="lazy" decoding="async" class="size-full wp-image-17379 aligncenter" src="http://nofm-radio.com/wp-content/uploads/2016/05/Radiación2.gif" alt="Radiación2" width="700" height="400" /></a><br />
Considerando las entregas anteriores, hay advertir entonces que la <strong>marcha</strong> es un <strong>medio de manifestación y de protesta</strong> condensado en un solo gesto. Al salir a la calle, la protesta se dirige a los gobernantes que han sido incapaces de proteger su existencia, y no obstante, la manifestación (por ser pública, de calle) se dirige a la sociedad, a cada uno de sus individuos (incluyendo, machos, violadores y asesinos anónimos), es un canal de comunicación para transmitir: “¡Basta! No nos asesinen”. No hay capricho ni trivialidad en ello, no hay desacuerdo tampoco en que la violencia es el nodo de la incertidumbre y buena parte de la miseria en el país, la muerte y la brutalidad (no la seguridad), es la que congrega a otros movimientos ciudadanos además del #24A, como el <strong>Movimiento por la Paz con Justicia y Dignidad</strong> o <strong>Ayotzinapa</strong>. Los congrega en el espacio público y en la escucha mediática, aunque no necesariamente en un mismo movimiento.<br />
Sobre las distinciones y gestos de la #24A con otros movimientos, hablaré un poco más en la siguiente entrega, por lo pronto habría que tener presente ciertos<strong> tipos de violencia</strong> para hacer notar que el problema se juega en un amplio espectro de variables, tantas como las hay a una sociedad moderna. Para ello habría que precisar que la violencia es una fuerza que se ejerce para fines privados, lucrativos o donde no hay beneficios mutuos. Asimismo puede haber ejercicio de fuerza sin que necesariamente sea violenta, en casos como la defensa y preservación de la vida o la comunidad o en el cumplimiento de las leyes legítimamente aprobadas y ejercidas.<br />
<a class="no-eff img-link lightbox" href="http://nofm-radio.com/wp-content/uploads/2016/04/estadofemi.jpg"><img loading="lazy" decoding="async" class="alignnone size-full wp-image-17266" src="http://nofm-radio.com/wp-content/uploads/2016/04/estadofemi.jpg" alt="estadofemi" width="2048" height="1984" /></a><br />
De esta manera, y frente a la fuerza, la violencia tiene propósitos que bien pueden organizarse como sigue: 1. <strong>Violencia aniquilatoria</strong>, 2. <strong>Tortura</strong> (en sus distintas formas que van del sufrimiento físico al psicológico), 3. <strong>Despojo</strong>, 4. <strong>Explotación</strong> (por ejemplo, con mayor tiempo labora, un salario menor, acoso laboral), 5. <strong>Violencia simbólica</strong> (en la que se ejerce, según Pierre Bourdieu, un sometimiento a través de procesos inconscientes, construcciones cognitivas, significaciones lingüísticas, etc.), 6. <strong>Violencia moral</strong> (de acuerdo con tradiciones, costumbres, supuestos culturales, familiares o espirituales que dan como resultado un sometimiento “por las buenas” o por filiación) y 7. <strong>Violencia de la calma</strong> (desarrollado por Vivian Forester y que consiste en la indiferencia, el silencio y la pasividad frente al abuso). El ensañamiento contra las mujeres en todos los niveles de violencia merece un análisis detenido y una sensibilidad atenta, más allá de la mera opinión o la respuesta machista y reaccionaria.</p>
