{"id":17618,"date":"2016-05-11T19:50:59","date_gmt":"2016-05-12T00:50:59","guid":{"rendered":"http:\/\/nofm-radio.com\/?p=17618"},"modified":"2016-05-11T19:50:59","modified_gmt":"2016-05-12T00:50:59","slug":"donde-esta-hoy-yosoy132-de-mariana-favela","status":"publish","type":"archivo","link":"https:\/\/nofm-radio.com\/?archivo=donde-esta-hoy-yosoy132-de-mariana-favela","title":{"rendered":"\u00bfD\u00f3nde est\u00e1 hoy #YoSoy132? De Mariana Favela"},"content":{"rendered":"<p>Por<strong> Mariana Favela<\/strong><br \/>\n<a href=\"https:\/\/twitter.com\/favulas\">@favulas<\/a><br \/>\nEstamos educadas en una cultura que nos obliga a reducir lo posible a lo existente. Ese reduccionismo fue el que <strong>#YoSoy132<\/strong> puso en jaque hace cuatro a\u00f1os. En un gesto de irreverencia frente a una realidad insoportable naci\u00f3 una generaci\u00f3n en el sentido radical del t\u00e9rmino. De esas que se hacen no por coincidir en un rango de edad sino por nacer un horizonte de posibilidades. Por nacer alternativas frente a una pol\u00edtica autoritaria.<br \/>\nReducir esa efervescencia desbordada a un grupo de personas, a una serie de asambleas o de movilizaciones es lo que m\u00e1s sirve al poder de arriba. <strong>#YoSoy132<\/strong> no es un grupo ni una etiqueta, es un momento de la historia y de la pol\u00edtica nacional. Un momento de fuerza y de esperanza. De insumisa alegr\u00eda y de amor. Un respiro en medio del horror. Cuando nos permitimos imaginar otra pol\u00edtica y otro poder. Cuando nacimos un lenguaje y una est\u00e9tica que nos permitieron hablar en medio del silencio que impon\u00edan el despojo y la violencia, en medio del silencio que nos hab\u00eda impuesto la desesperanza.<br \/>\nPor eso cuando nos preguntamos d\u00f3nde est\u00e1 esa generaci\u00f3n hoy, no nos preguntamos por un grupo o por una organizaci\u00f3n. Nos preguntamos por todas aquellas quienes hace cuatro a\u00f1os se hicieron de un rinc\u00f3n para so\u00f1ar. Nos preguntamos mientras nos abrazamos para soportar el reforzamiento del autoritarismo que sigui\u00f3 a esa efervescencia y en el abrazo nos reconocemos.<br \/>\nReconocemos que los \u00fanicos movimientos condenados al fracaso son los que renuncian a narrar su propia historia. Los que permiten ser trasladados del marco de lo posible al de lo existente, donde no hay m\u00e1s margen que la resignaci\u00f3n. Los que se mueven en los tiempos y en las expectativas del poder. Reconocemos a quienes a pesar del embate conservan la esperanza. A quienes no usaron a la movilizaci\u00f3n para afirmar sus propios intereses.<br \/>\nPero despu\u00e9s de cuatro a\u00f1os sobre todo reconozco y admiro a quienes no volvieron a la comodidad de la resignaci\u00f3n y del pesimismo. A quienes desde diferentes trincheras acompa\u00f1an a los cientos de dignas resistencias que se mantienen en todo el pa\u00eds. A quienes despu\u00e9s de la agitaci\u00f3n no volvieron a ser las mismas. A quienes se dejan incomodar y a quienes nos incomodan, gracias. Que no quepa duda, esa red de solidaridad est\u00e1 viva y nos abraza.<br \/>\nCuatro a\u00f1os despu\u00e9s hemos aprendido que apelar a la pluralidad implica reconsiderar nuestras certezas, mantenernos en el campo de lo posible. Abrir alternativas, no calcular c\u00f3mo colarnos en las existentes. Hoy para muchas es un d\u00eda de fiesta y de celebraci\u00f3n. Celebramos habernos encontrado. Haber roto la normalidad. Recordamos el sabor de la esperanza y tomamos fuerza de ella. A ustedes, gracias. Gracias por haber roto la normalidad del letargo. Gracias por recordarnos que no estamos solas. Gracias por abrirnos la posibilidad de explorar m\u00e1s v\u00edas que las establecidas y de criticar las existentes.<br \/>\nPero sobre todo, gracias por hacernos mirar nuestra fuerza y nuestro poder. Por romper la resignaci\u00f3n. A todas las que a\u00fan en tiempos de horror guardan la esperanza y se organizan, feliz #11M.<br \/>\n<a href=\"http:\/\/nofm-radio.com\/wp-content\/uploads\/2016\/05\/Soy132-19.jpg\" class=\"no-eff img-link lightbox\" ><img loading=\"lazy\" decoding=\"async\" src=\"http:\/\/nofm-radio.com\/wp-content\/uploads\/2016\/05\/Soy132-19.jpg\" alt=\"Soy132 19\" width=\"2300\" height=\"1533\" class=\"alignnone size-full wp-image-17604\" \/><\/a><\/p>\n","protected":false},"template":"","meta":{"_id_youtube":"","_id_vimeo":"","_podcasts_duration":"","_podcasts_url":"","_podcasts_show":"","_prog_horario_dias":"","_prog_hora":"","_prog_duration":""},"class_list":["post-17618","archivo","type-archivo","status-publish","hentry"],"_links":{"self":[{"href":"https:\/\/nofm-radio.com\/index.php?rest_route=\/wp\/v2\/archivo\/17618","targetHints":{"allow":["GET"]}}],"collection":[{"href":"https:\/\/nofm-radio.com\/index.php?rest_route=\/wp\/v2\/archivo"}],"about":[{"href":"https:\/\/nofm-radio.com\/index.php?rest_route=\/wp\/v2\/types\/archivo"}],"wp:attachment":[{"href":"https:\/\/nofm-radio.com\/index.php?rest_route=%2Fwp%2Fv2%2Fmedia&parent=17618"}],"curies":[{"name":"wp","href":"https:\/\/api.w.org\/{rel}","templated":true}]}}

¿Dónde está hoy #YoSoy132? De Mariana Favela

<p>Por<strong> Mariana Favela</strong><br />
<a href="https://twitter.com/favulas">@favulas</a><br />
Estamos educadas en una cultura que nos obliga a reducir lo posible a lo existente. Ese reduccionismo fue el que <strong>#YoSoy132</strong> puso en jaque hace cuatro años. En un gesto de irreverencia frente a una realidad insoportable nació una generación en el sentido radical del término. De esas que se hacen no por coincidir en un rango de edad sino por nacer un horizonte de posibilidades. Por nacer alternativas frente a una política autoritaria.<br />
Reducir esa efervescencia desbordada a un grupo de personas, a una serie de asambleas o de movilizaciones es lo que más sirve al poder de arriba. <strong>#YoSoy132</strong> no es un grupo ni una etiqueta, es un momento de la historia y de la política nacional. Un momento de fuerza y de esperanza. De insumisa alegría y de amor. Un respiro en medio del horror. Cuando nos permitimos imaginar otra política y otro poder. Cuando nacimos un lenguaje y una estética que nos permitieron hablar en medio del silencio que imponían el despojo y la violencia, en medio del silencio que nos había impuesto la desesperanza.<br />
Por eso cuando nos preguntamos dónde está esa generación hoy, no nos preguntamos por un grupo o por una organización. Nos preguntamos por todas aquellas quienes hace cuatro años se hicieron de un rincón para soñar. Nos preguntamos mientras nos abrazamos para soportar el reforzamiento del autoritarismo que siguió a esa efervescencia y en el abrazo nos reconocemos.<br />
Reconocemos que los únicos movimientos condenados al fracaso son los que renuncian a narrar su propia historia. Los que permiten ser trasladados del marco de lo posible al de lo existente, donde no hay más margen que la resignación. Los que se mueven en los tiempos y en las expectativas del poder. Reconocemos a quienes a pesar del embate conservan la esperanza. A quienes no usaron a la movilización para afirmar sus propios intereses.<br />
Pero después de cuatro años sobre todo reconozco y admiro a quienes no volvieron a la comodidad de la resignación y del pesimismo. A quienes desde diferentes trincheras acompañan a los cientos de dignas resistencias que se mantienen en todo el país. A quienes después de la agitación no volvieron a ser las mismas. A quienes se dejan incomodar y a quienes nos incomodan, gracias. Que no quepa duda, esa red de solidaridad está viva y nos abraza.<br />
Cuatro años después hemos aprendido que apelar a la pluralidad implica reconsiderar nuestras certezas, mantenernos en el campo de lo posible. Abrir alternativas, no calcular cómo colarnos en las existentes. Hoy para muchas es un día de fiesta y de celebración. Celebramos habernos encontrado. Haber roto la normalidad. Recordamos el sabor de la esperanza y tomamos fuerza de ella. A ustedes, gracias. Gracias por haber roto la normalidad del letargo. Gracias por recordarnos que no estamos solas. Gracias por abrirnos la posibilidad de explorar más vías que las establecidas y de criticar las existentes.<br />
Pero sobre todo, gracias por hacernos mirar nuestra fuerza y nuestro poder. Por romper la resignación. A todas las que aún en tiempos de horror guardan la esperanza y se organizan, feliz #11M.<br />
<a href="http://nofm-radio.com/wp-content/uploads/2016/05/Soy132-19.jpg" class="no-eff img-link lightbox" ><img loading="lazy" decoding="async" src="http://nofm-radio.com/wp-content/uploads/2016/05/Soy132-19.jpg" alt="Soy132 19" width="2300" height="1533" class="alignnone size-full wp-image-17604" /></a></p>
