{"id":17784,"date":"2016-05-23T14:00:18","date_gmt":"2016-05-23T19:00:18","guid":{"rendered":"http:\/\/nofm-radio.com\/?p=17784"},"modified":"2016-05-23T14:00:18","modified_gmt":"2016-05-23T19:00:18","slug":"cuestionarionofm-javier-raya","status":"publish","type":"archivo","link":"https:\/\/nofm-radio.com\/?archivo=cuestionarionofm-javier-raya","title":{"rendered":"#CuestionarioNoFM. Javier Raya"},"content":{"rendered":"<p><em>Para comprender la coreograf\u00eda del momento, es necesario conocer a sus participantes. Por lo mismo presentamos el <strong>#CuestionarioNoFM<\/strong>, un veh\u00edculo para acercarnos de otra manera a los protagonistas que con su trabajo est\u00e1n marcando el ritmo con el cual se est\u00e1 bailando.<\/em><\/p>\n<p style=\"text-align: center;\"><strong>Javier Raya<\/strong><br \/>\n<strong><a href=\"https:\/\/twitter.com\/javier_raya\" target=\"_blank\" rel=\"noopener noreferrer\">@javier_raya<\/a><\/strong><\/p>\n<p>&nbsp;<br \/>\nA pesar de que en otra dimensi\u00f3n <strong>Javier Raya<\/strong> es un afamado patinador art\u00edstico, el que hoy nos compete dice haber nacido en <strong>M\u00e9xico<\/strong> en el a\u00f1o de <strong>1985<\/strong> seg\u00fan nuestro calendario actual.<br \/>\nPersiguiendo el tel\u00farico sino que el a\u00f1o de su nacimiento le propuso, <strong>Javier Raya<\/strong>, <strong>Raya<\/strong> para los amigos, se ha caracterizado por una visi\u00f3n heterodoxa en el muy ortodoxo panorama de las letras nacionales.<br \/>\nApostando por los <strong>medios digitales<\/strong>, Raya se ha consolidado entre los autores j\u00f3venes mexicanos m\u00e1s provocativos e interesantes de su generaci\u00f3n. Pasando de la poes\u00eda a la cr\u00edtica, incluyendo un par de proyectos novel\u00edsticos secretos, sin ning\u00fan contratiempo. Su trabajo es la clara afirmaci\u00f3n de que vida es obra y viceversa.<br \/>\n<figure id=\"attachment_17804\" aria-describedby=\"caption-attachment-17804\" style=\"width: 1501px\" class=\"wp-caption alignnone\"><a class=\"no-eff img-link lightbox\" href=\"http:\/\/nofm-radio.com\/wp-content\/uploads\/2016\/05\/javier-raya2.jpg\"><img loading=\"lazy\" decoding=\"async\" class=\"wp-image-17804 size-full\" src=\"http:\/\/nofm-radio.com\/wp-content\/uploads\/2016\/05\/javier-raya2.jpg\" alt=\"javier raya2\" width=\"1501\" height=\"997\" \/><\/a><figcaption id=\"caption-attachment-17804\" class=\"wp-caption-text\">Foto: Edgardo Le\u00f3n Mantra, 2015<\/figcaption><\/figure><br \/>\n<strong>1.\u00bfQu\u00e9 nos puedes decir de tus abuelos?<\/strong><br \/>\nNo los conoc\u00ed personalmente, con excepci\u00f3n de mi abuela materna que muri\u00f3 el a\u00f1o pasado y con la que tuve un par de conversaciones interesantes; la primera le ped\u00ed que me hablara de su familia (es decir, de la m\u00eda), y me dio una frase que me persigui\u00f3 desde entonces: \u201cno hay nada que contar, salimos un d\u00eda como los alacranes, debajo de las piedras\u201d. La segunda conversaci\u00f3n fue sobre la naturaleza de lo divino y ya lo he contado en alg\u00fan cuento. De mis abuelos maternos hay una historia que siempre me perturb\u00f3 y tiene que ver con la forma en que murieron: el mismo d\u00eda, en circunstancias similares, a dos a\u00f1os de distancia. Casi podr\u00eda decir que lo \u00fanico que aprend\u00ed de mis abuelos, maternos y paternos, es la forma en que murieron.<br \/>\n<strong>2. \u00bfQu\u00e9 nos puedes decir de tus padres?<\/strong><br \/>\nLos admiro mucho. Mi padre es cantante y m\u00fasico (guitarrista), aunque toda su vida ha navegado con bandera de ingeniero; mi madre es poeta aunque diga que cuando trata de leer un libro se quede dormida. Y es que s\u00ed, luego hay libros muy aburridos. Su manera de hablar me ense\u00f1\u00f3 a amar este idioma.<br \/>\n<strong>3. \u00bfQui\u00e9n tuvo o tiene la voz m\u00e1s importante de tu vida?<\/strong><br \/>\nMi hijo<strong> Lucas<\/strong>, aunque su voz todav\u00eda sean modulaciones y variaciones y vocalizaciones de su aparato fonador reci\u00e9n inaugurado en torno a un grito que pronto se articular\u00e1 en palabra. Su voz me despierta cada ma\u00f1ana, y aunque no sabe hablar (est\u00e1 por cumplir 9 meses de estrenado en el mundo) su <strong>risa<\/strong> es el sonido m\u00e1s importante del mundo.<br \/>\n<iframe loading=\"lazy\" src=\"https:\/\/www.youtube.com\/embed\/BFHPXXQ0XTg\" width=\"560\" height=\"315\" frameborder=\"0\" allowfullscreen=\"allowfullscreen\"><\/iframe><br \/>\n<strong>4. Considerando que no elegimos d\u00f3nde nacer, \u00bfd\u00f3nde s\u00ed elegiste nacer?<\/strong><br \/>\nAqu\u00ed, esta ma\u00f1ana, cuando me despert\u00e9 y volv\u00ed a nacer despu\u00e9s de un sue\u00f1o donde fumaba otra vez y daba una charla a muchachos de prepa sobre los cuidados que hay que tener con los manat\u00edes dom\u00e9sticos.<br \/>\n<strong>5. Para ti \u00bfqui\u00e9nes son ellos y qui\u00e9nes nosotros?<\/strong><br \/>\nUff. Mi yo hippie quisiera responder que el nosotros es una palabra tan grande y hospitalaria que podr\u00eda bienvenir a la especie completa, porque el <strong>animal humano<\/strong> necesita pensarse como una unidad en participaci\u00f3n con otras especies si quiere asegurar las condiciones de su supervivencia en el planeta. Pero no me hago ilusiones. Hay un ellos, por ejemplo, tambi\u00e9n dentro de nosotros: una diferencia que nos habita y que, en mi caso, toma la forma de violencias inconscientes, solapadas, rencores, frustraciones, <strong>machismos<\/strong> que ya no quiero que sean yo pero que traigo conmigo, y que cuando observo y analizo, curo un poco. Me gusta eso de <strong>Whitman<\/strong>: \u201c\u00bfme contradigo? Pues bien, me contradigo (soy inmenso, contengo multitudes). Hay una perspectiva pol\u00edtica\/social de la pregunta que dejo abierta, por cuesti\u00f3n de espacio.<br \/>\n<strong>6. \u00bfQu\u00e9 verbo define lo que haces y por qu\u00e9?<\/strong><br \/>\nEscribir, porque estoy obsesionado con ello. Hace poco le\u00ed que el lat\u00edn <strong>scribere<\/strong> proviene de la ra\u00edz indoeuropea <strong>skribh<\/strong>, que tiene que ver con hendir marcas en una superficie, con rayar, lo que me apela muy directamente. A partir de ah\u00ed tenemos todos esos verbos chidos de la vida personal y laboral: escribir, transcribir, inscribir, describir, adscribir, etc., que indican formas de hendir marcas, que es a lo que me dedico.<br \/>\n<strong>7. \u00bfCu\u00e1l es tu materia prima?<\/strong><br \/>\nEl ritmo.<br \/>\n<iframe loading=\"lazy\" src=\"https:\/\/www.youtube.com\/embed\/nzFeSr2tsJw\" width=\"560\" height=\"315\" frameborder=\"0\" allowfullscreen=\"allowfullscreen\"><\/iframe><br \/>\n<strong>8. Completa la frase<\/strong><br \/>\n<em><strong>Y cuando muera\u2026 ah\u00ed junto a mi cruz tan s\u00f3lo quiero\u2026<\/strong> <\/em>que me dejen pudrirme en paz, de preferencia en un funeral a cielo abierto, donde no haya circo, maroma ni teatro religioso, porque si no volver\u00e9 en forma de esp\u00edritu chocarrero a hacerles cosquillas en la noche y a cambiar el frasco de az\u00facar por el de sal.<br \/>\n<em><strong>Y si vivo cien a\u00f1os&#8230;<\/strong><\/em> ojal\u00e1 me toque ser el abuelo buena onda al que los nietos y bisnietos acudan cuando quieran conocer todo sobre las propiedades terap\u00e9uticas de la dietilamida del \u00e1cido lis\u00e9rgico.<br \/>\n<em><strong>All we are saying&#8230;<\/strong><\/em> let\u2019s give peace a chance, y\u2019all motherfuckers!<br \/>\n<em><strong>El d\u00eda que me quieras&#8230;<\/strong><\/em> ya te chingaste.<br \/>\n<em><strong>Si nos dejan&#8230;<\/strong><\/em> y aunque no.<br \/>\n<em><strong>Si yo fuera mujer&#8230;<\/strong><\/em> aprender\u00eda defensa personal y ense\u00f1ar\u00eda a otras. Muy probablemente ser\u00eda lesbiana tambi\u00e9n.<br \/>\n<strong>9. \u00bfHoja en blanco o cuaderno de raya?<\/strong><br \/>\nJajaja. Hojas para rayar, cuadernos en blanco.<br \/>\n<strong>10. \u00bfUn mundo de h\u00e9roes an\u00f3nimos o un s\u00faper h\u00e9roe para el mundo?<\/strong><br \/>\nHasta parece que me conocen :). No muchos saben, pero mi obsesi\u00f3n con los superh\u00e9roes tiene que ver m\u00e1s con la <strong>identidad secreta<\/strong> que con los <strong>superpoderes<\/strong> en s\u00ed. Doy por sentado que todos tenemos un superpoder, pero lo mantenemos en secreto porque desde ni\u00f1os nos ense\u00f1an que est\u00e1 mal usarlo, que hay que homologarnos a los dem\u00e1s, \u201ccuadrarnos\u201d, uniformarnos, etc\u00e9tera. No creo que el mundo necesite m\u00e1s <strong>h\u00e9roes<\/strong> (pues el h\u00e9roe es tributario de Hera, la diosa madre) sino peque\u00f1os actos de hero\u00edsmo an\u00f3nimo y radical. Puede ser ayudar a alguien en la calle o filtrar archivos clasificados como los de los <strong>#PanamaPapers<\/strong>, que no sabemos todav\u00eda qui\u00e9n filtr\u00f3. Los actos que cambian al mundo, para bien o para mal, ocurren al amparo de una identidad secreta.<br \/>\n<figure id=\"attachment_17801\" aria-describedby=\"caption-attachment-17801\" style=\"width: 548px\" class=\"wp-caption aligncenter\"><a class=\"no-eff img-link lightbox\" href=\"http:\/\/nofm-radio.com\/wp-content\/uploads\/2016\/05\/javier-raya1.jpg\"><img loading=\"lazy\" decoding=\"async\" class=\"wp-image-17801 size-full\" src=\"http:\/\/nofm-radio.com\/wp-content\/uploads\/2016\/05\/javier-raya1.jpg\" alt=\"javier raya1\" width=\"548\" height=\"960\" \/><\/a><figcaption id=\"caption-attachment-17801\" class=\"wp-caption-text\">Foto: Ela Alpi, 2012<\/figcaption><\/figure><br \/>\nFoto de portada: Edme\u00e9 Garc\u00eda, 2015<\/p>\n","protected":false},"template":"","meta":{"_id_youtube":"","_id_vimeo":"","_podcasts_duration":"","_podcasts_url":"","_podcasts_show":"","_prog_horario_dias":"","_prog_hora":"","_prog_duration":""},"class_list":["post-17784","archivo","type-archivo","status-publish","hentry"],"_links":{"self":[{"href":"https:\/\/nofm-radio.com\/index.php?rest_route=\/wp\/v2\/archivo\/17784","targetHints":{"allow":["GET"]}}],"collection":[{"href":"https:\/\/nofm-radio.com\/index.php?rest_route=\/wp\/v2\/archivo"}],"about":[{"href":"https:\/\/nofm-radio.com\/index.php?rest_route=\/wp\/v2\/types\/archivo"}],"wp:attachment":[{"href":"https:\/\/nofm-radio.com\/index.php?rest_route=%2Fwp%2Fv2%2Fmedia&parent=17784"}],"curies":[{"name":"wp","href":"https:\/\/api.w.org\/{rel}","templated":true}]}}

<p><em>Para comprender la coreografía del momento, es necesario conocer a sus participantes. Por lo mismo presentamos el <strong>#CuestionarioNoFM</strong>, un vehículo para acercarnos de otra manera a los protagonistas que con su trabajo están marcando el ritmo con el cual se está bailando.</em></p>
<p style="text-align: center;"><strong>Javier Raya</strong><br />
<strong><a href="https://twitter.com/javier_raya" target="_blank" rel="noopener noreferrer">@javier_raya</a></strong></p>
<p>&nbsp;<br />
A pesar de que en otra dimensión <strong>Javier Raya</strong> es un afamado patinador artístico, el que hoy nos compete dice haber nacido en <strong>México</strong> en el año de <strong>1985</strong> según nuestro calendario actual.<br />
Persiguiendo el telúrico sino que el año de su nacimiento le propuso, <strong>Javier Raya</strong>, <strong>Raya</strong> para los amigos, se ha caracterizado por una visión heterodoxa en el muy ortodoxo panorama de las letras nacionales.<br />
Apostando por los <strong>medios digitales</strong>, Raya se ha consolidado entre los autores jóvenes mexicanos más provocativos e interesantes de su generación. Pasando de la poesía a la crítica, incluyendo un par de proyectos novelísticos secretos, sin ningún contratiempo. Su trabajo es la clara afirmación de que vida es obra y viceversa.<br />
<figure id="attachment_17804" aria-describedby="caption-attachment-17804" style="width: 1501px" class="wp-caption alignnone"><a class="no-eff img-link lightbox" href="http://nofm-radio.com/wp-content/uploads/2016/05/javier-raya2.jpg"><img loading="lazy" decoding="async" class="wp-image-17804 size-full" src="http://nofm-radio.com/wp-content/uploads/2016/05/javier-raya2.jpg" alt="javier raya2" width="1501" height="997" /></a><figcaption id="caption-attachment-17804" class="wp-caption-text">Foto: Edgardo León Mantra, 2015</figcaption></figure><br />
<strong>1.¿Qué nos puedes decir de tus abuelos?</strong><br />
No los conocí personalmente, con excepción de mi abuela materna que murió el año pasado y con la que tuve un par de conversaciones interesantes; la primera le pedí que me hablara de su familia (es decir, de la mía), y me dio una frase que me persiguió desde entonces: “no hay nada que contar, salimos un día como los alacranes, debajo de las piedras”. La segunda conversación fue sobre la naturaleza de lo divino y ya lo he contado en algún cuento. De mis abuelos maternos hay una historia que siempre me perturbó y tiene que ver con la forma en que murieron: el mismo día, en circunstancias similares, a dos años de distancia. Casi podría decir que lo único que aprendí de mis abuelos, maternos y paternos, es la forma en que murieron.<br />
<strong>2. ¿Qué nos puedes decir de tus padres?</strong><br />
Los admiro mucho. Mi padre es cantante y músico (guitarrista), aunque toda su vida ha navegado con bandera de ingeniero; mi madre es poeta aunque diga que cuando trata de leer un libro se quede dormida. Y es que sí, luego hay libros muy aburridos. Su manera de hablar me enseñó a amar este idioma.<br />
<strong>3. ¿Quién tuvo o tiene la voz más importante de tu vida?</strong><br />
Mi hijo<strong> Lucas</strong>, aunque su voz todavía sean modulaciones y variaciones y vocalizaciones de su aparato fonador recién inaugurado en torno a un grito que pronto se articulará en palabra. Su voz me despierta cada mañana, y aunque no sabe hablar (está por cumplir 9 meses de estrenado en el mundo) su <strong>risa</strong> es el sonido más importante del mundo.<br />
<iframe loading="lazy" src="https://www.youtube.com/embed/BFHPXXQ0XTg" width="560" height="315" frameborder="0" allowfullscreen="allowfullscreen"></iframe><br />
<strong>4. Considerando que no elegimos dónde nacer, ¿dónde sí elegiste nacer?</strong><br />
Aquí, esta mañana, cuando me desperté y volví a nacer después de un sueño donde fumaba otra vez y daba una charla a muchachos de prepa sobre los cuidados que hay que tener con los manatíes domésticos.<br />
<strong>5. Para ti ¿quiénes son ellos y quiénes nosotros?</strong><br />
Uff. Mi yo hippie quisiera responder que el nosotros es una palabra tan grande y hospitalaria que podría bienvenir a la especie completa, porque el <strong>animal humano</strong> necesita pensarse como una unidad en participación con otras especies si quiere asegurar las condiciones de su supervivencia en el planeta. Pero no me hago ilusiones. Hay un ellos, por ejemplo, también dentro de nosotros: una diferencia que nos habita y que, en mi caso, toma la forma de violencias inconscientes, solapadas, rencores, frustraciones, <strong>machismos</strong> que ya no quiero que sean yo pero que traigo conmigo, y que cuando observo y analizo, curo un poco. Me gusta eso de <strong>Whitman</strong>: “¿me contradigo? Pues bien, me contradigo (soy inmenso, contengo multitudes). Hay una perspectiva política/social de la pregunta que dejo abierta, por cuestión de espacio.<br />
<strong>6. ¿Qué verbo define lo que haces y por qué?</strong><br />
Escribir, porque estoy obsesionado con ello. Hace poco leí que el latín <strong>scribere</strong> proviene de la raíz indoeuropea <strong>skribh</strong>, que tiene que ver con hendir marcas en una superficie, con rayar, lo que me apela muy directamente. A partir de ahí tenemos todos esos verbos chidos de la vida personal y laboral: escribir, transcribir, inscribir, describir, adscribir, etc., que indican formas de hendir marcas, que es a lo que me dedico.<br />
<strong>7. ¿Cuál es tu materia prima?</strong><br />
El ritmo.<br />
<iframe loading="lazy" src="https://www.youtube.com/embed/nzFeSr2tsJw" width="560" height="315" frameborder="0" allowfullscreen="allowfullscreen"></iframe><br />
<strong>8. Completa la frase</strong><br />
<em><strong>Y cuando muera… ahí junto a mi cruz tan sólo quiero…</strong> </em>que me dejen pudrirme en paz, de preferencia en un funeral a cielo abierto, donde no haya circo, maroma ni teatro religioso, porque si no volveré en forma de espíritu chocarrero a hacerles cosquillas en la noche y a cambiar el frasco de azúcar por el de sal.<br />
<em><strong>Y si vivo cien años&#8230;</strong></em> ojalá me toque ser el abuelo buena onda al que los nietos y bisnietos acudan cuando quieran conocer todo sobre las propiedades terapéuticas de la dietilamida del ácido lisérgico.<br />
<em><strong>All we are saying&#8230;</strong></em> let’s give peace a chance, y’all motherfuckers!<br />
<em><strong>El día que me quieras&#8230;</strong></em> ya te chingaste.<br />
<em><strong>Si nos dejan&#8230;</strong></em> y aunque no.<br />
<em><strong>Si yo fuera mujer&#8230;</strong></em> aprendería defensa personal y enseñaría a otras. Muy probablemente sería lesbiana también.<br />
<strong>9. ¿Hoja en blanco o cuaderno de raya?</strong><br />
Jajaja. Hojas para rayar, cuadernos en blanco.<br />
<strong>10. ¿Un mundo de héroes anónimos o un súper héroe para el mundo?</strong><br />
Hasta parece que me conocen :). No muchos saben, pero mi obsesión con los superhéroes tiene que ver más con la <strong>identidad secreta</strong> que con los <strong>superpoderes</strong> en sí. Doy por sentado que todos tenemos un superpoder, pero lo mantenemos en secreto porque desde niños nos enseñan que está mal usarlo, que hay que homologarnos a los demás, “cuadrarnos”, uniformarnos, etcétera. No creo que el mundo necesite más <strong>héroes</strong> (pues el héroe es tributario de Hera, la diosa madre) sino pequeños actos de heroísmo anónimo y radical. Puede ser ayudar a alguien en la calle o filtrar archivos clasificados como los de los <strong>#PanamaPapers</strong>, que no sabemos todavía quién filtró. Los actos que cambian al mundo, para bien o para mal, ocurren al amparo de una identidad secreta.<br />
<figure id="attachment_17801" aria-describedby="caption-attachment-17801" style="width: 548px" class="wp-caption aligncenter"><a class="no-eff img-link lightbox" href="http://nofm-radio.com/wp-content/uploads/2016/05/javier-raya1.jpg"><img loading="lazy" decoding="async" class="wp-image-17801 size-full" src="http://nofm-radio.com/wp-content/uploads/2016/05/javier-raya1.jpg" alt="javier raya1" width="548" height="960" /></a><figcaption id="caption-attachment-17801" class="wp-caption-text">Foto: Ela Alpi, 2012</figcaption></figure><br />
Foto de portada: Edmeé García, 2015</p>
