{"id":17935,"date":"2016-05-30T13:24:29","date_gmt":"2016-05-30T18:24:29","guid":{"rendered":"http:\/\/nofm-radio.com\/?p=17935"},"modified":"2016-05-30T13:24:29","modified_gmt":"2016-05-30T18:24:29","slug":"ariel2016-seguiran-sin-ser-vistas-cronica-de-la-entrega-de-los-arieles","status":"publish","type":"archivo","link":"https:\/\/nofm-radio.com\/?archivo=ariel2016-seguiran-sin-ser-vistas-cronica-de-la-entrega-de-los-arieles","title":{"rendered":"#Ariel2016: seguir\u00e1n sin ser vistas. Cr\u00f3nica de la entrega de los Arieles"},"content":{"rendered":"<p>Por <strong>Carime Esquiliano<\/strong><br \/>\n<a href=\"https:\/\/twitter.com\/carimeconc\" target=\"_blank\" rel=\"noopener noreferrer\">@carimeconc<\/a><br \/>\nLa<strong> entrega 58 de los premios Ariel<\/strong>, as\u00ed como el 70 aniversario de la<strong> Academia Mexicana de Artes y Ciencias Cinematogr\u00e1ficas<\/strong>, conducida por dos<strong> benshis<\/strong>1 y acompa\u00f1ada por el <strong>Ensamble Cine Mudo<\/strong> fue un recorrido a trav\u00e9s de la historia del cine mexicano. Si bien estas presentaciones fueron de lo m\u00e1s espl\u00e9ndido de la noche, habr\u00eda que enfocarnos en lo importante y desmenuzar lo que este galard\u00f3n y la AMACC significan para la escena cinematogr\u00e1fica del pa\u00eds.<br \/>\nDespu\u00e9s de que el secretario de cultura, <strong>Rafael Tovar y de Teresa<\/strong>, presumiera la gloria del <strong>cine mexicano<\/strong> actual en un discurso de lo m\u00e1s pol\u00edticamente correcto, la presidenta de la Academia, <strong>Dolores Heredia<\/strong>, prosigui\u00f3 con palabras que reafirmaron que el objetivo de la ocasi\u00f3n es tanto un llamado a la memoria como un reconocimiento entre sus pares. Este reconocimiento tiene que ser invariablemente entre sus pares pues nuestra muy peque\u00f1a industria del cine mexicano se repite a s\u00ed misma en todos sus \u00e1mbitos.<br \/>\nYa sea el comit\u00e9 coordinador y los miembros activos de la AMACC, como los cineastas, productores, guionistas, actores, como los encargados de la distribuci\u00f3n de las cintas, as\u00ed como los involucrados en el <strong>IMCINE<\/strong>, los organizadores de festivales y hasta los propios cr\u00edticos y te\u00f3ricos, todos ellos siempre son las mismas personas. La frase m\u00e1s cl\u00e1sica (y clich\u00e9) que muchos declaran es: este medio es muy peque\u00f1o. Acepto la certeza del di\u00e1logo cuando encuentro los nombres de varios nominados repetidos dentro de la misma categor\u00eda como una constante a\u00f1o tras a\u00f1o.<br \/>\n<iframe loading=\"lazy\" src=\"https:\/\/www.youtube.com\/embed\/Tkk65teyyV4\" width=\"560\" height=\"315\" frameborder=\"0\" allowfullscreen=\"allowfullscreen\"><\/iframe><br \/>\nA prop\u00f3sito de su trayectoria, la Academia otorg\u00f3 un <strong>Ariel de Oro<\/strong> al director <a href=\"http:\/\/nofm-radio.com\/2016\/05\/el-cine-invisible-discurso-integro-y-sin-censura-de-paul-leduc-en-los-arieles-2016\/\" target=\"_blank\" rel=\"noopener noreferrer\"><strong>Paul Leduc<\/strong> quien redimi\u00f3 la noche con un discurso<\/a> de lo m\u00e1s culturalmente correcto. Contradijo que el panorama de la escena f\u00edlmica sea tan positivo como se nos quiere hacer creer. Indic\u00f3 que el cine es negocio y uno muy grande, pero no lo es para los creadores org\u00e1nicos, los cineastas. Mencion\u00f3 que el <strong>p\u00fablico mexicano<\/strong> no asiste a ver cine mexicano; cuestion\u00f3 la procedencia de esta audiencia quien, pareciera, ya no quiere ser mexicana. Y, por supuesto, abord\u00f3 el tema de la distribuci\u00f3n a partir de c\u00f3mo mucho del cine que se produce es invisible no por censura, sino porque no existen las suficientes herramientas para su exhibici\u00f3n.<br \/>\nHay que recordar que la delgada l\u00ednea amarilla entre el <strong>gobierno<\/strong>, otros sectores y las productoras es esta Academia. \u00bfLa ceremonia, entonces, ayuda si acaso a visibilizar el cine nacional o a generar un mayor n\u00famero de producciones? Ni remotamente. La falta de credibilidad de los Ariel es enorme por dos razones. Si bien el cine no se ha hecho para ganar <strong>premios<\/strong>, se ha adoptado la costumbre de creer que un premio es sin\u00f3nimo de que la pel\u00edcula debe ser vista; pero con estatuilla o sin estatuilla, las elegidas galardonadas con un Ariel seguir\u00e1n sin ser vistas. Ya sea o porque ya se estrenaron y salieron de cartelera muy r\u00e1pido o porque a\u00fan no las estrenan o porque un gran n\u00famero de los asistentes de las salas de cine optan por cualquier otro t\u00edtulo antes que uno mexicano, incluso si \u00e9ste haya ganado premios.<br \/>\n<a class=\"no-eff img-link lightbox\" href=\"http:\/\/nofm-radio.com\/wp-content\/uploads\/2016\/05\/paul-2.jpg\"><img loading=\"lazy\" decoding=\"async\" class=\"alignnone size-full wp-image-17931\" src=\"http:\/\/nofm-radio.com\/wp-content\/uploads\/2016\/05\/paul-2.jpg\" alt=\"paul 2\" width=\"675\" height=\"489\" \/><\/a><br \/>\nSin duda hay que referir que la segunda raz\u00f3n es que es una mala copia de los premios <strong>Oscar<\/strong>. <strong>Hollywood<\/strong> es un monstruo de mil cabezas, pero la industria del cine mexicano no lo es. \u00bfNo ser\u00eda mejor inventarnos nuestros propios asuntos sin necesidad de imitar? Mientras que las ganadoras del suceso anual son las mismas pel\u00edculas que ganan premios a nivel internacional en <strong>festivales<\/strong>, esto termina por consolidar que nos faltan unas 600 millas m\u00e1s para crecer y construirnos como un medio s\u00f3lido.<br \/>\n\u00bfEs justo ponernos a competir entre nosotros mismos cuando, a la vez, debemos de luchar como <strong>comunidad<\/strong>? Este evento es de y para los mismos (repetidos) que hacemos cine mexicano. Los Ariel existen porque hay que reconocer, aunque sea, el cine que hay. Porque es el cine que tenemos, el que hacemos, el que conocemos y el que hay que valorar.<br \/>\n_________<br \/>\n1 Con la llegada del cine mudo a Jap\u00f3n, surgieron los benshis, un actor en escena al lado de la pantalla quien hac\u00eda comentarios y daba voz a cada uno de los personajes del filme.<br \/>\n&nbsp;<\/p>\n","protected":false},"template":"","meta":{"_id_youtube":"","_id_vimeo":"","_podcasts_duration":"","_podcasts_url":"","_podcasts_show":"","_prog_horario_dias":"","_prog_hora":"","_prog_duration":""},"class_list":["post-17935","archivo","type-archivo","status-publish","hentry"],"_links":{"self":[{"href":"https:\/\/nofm-radio.com\/index.php?rest_route=\/wp\/v2\/archivo\/17935","targetHints":{"allow":["GET"]}}],"collection":[{"href":"https:\/\/nofm-radio.com\/index.php?rest_route=\/wp\/v2\/archivo"}],"about":[{"href":"https:\/\/nofm-radio.com\/index.php?rest_route=\/wp\/v2\/types\/archivo"}],"wp:attachment":[{"href":"https:\/\/nofm-radio.com\/index.php?rest_route=%2Fwp%2Fv2%2Fmedia&parent=17935"}],"curies":[{"name":"wp","href":"https:\/\/api.w.org\/{rel}","templated":true}]}}

#Ariel2016: seguirán sin ser vistas. Crónica de la entrega de los Arieles

<p>Por <strong>Carime Esquiliano</strong><br />
<a href="https://twitter.com/carimeconc" target="_blank" rel="noopener noreferrer">@carimeconc</a><br />
La<strong> entrega 58 de los premios Ariel</strong>, así como el 70 aniversario de la<strong> Academia Mexicana de Artes y Ciencias Cinematográficas</strong>, conducida por dos<strong> benshis</strong>1 y acompañada por el <strong>Ensamble Cine Mudo</strong> fue un recorrido a través de la historia del cine mexicano. Si bien estas presentaciones fueron de lo más espléndido de la noche, habría que enfocarnos en lo importante y desmenuzar lo que este galardón y la AMACC significan para la escena cinematográfica del país.<br />
Después de que el secretario de cultura, <strong>Rafael Tovar y de Teresa</strong>, presumiera la gloria del <strong>cine mexicano</strong> actual en un discurso de lo más políticamente correcto, la presidenta de la Academia, <strong>Dolores Heredia</strong>, prosiguió con palabras que reafirmaron que el objetivo de la ocasión es tanto un llamado a la memoria como un reconocimiento entre sus pares. Este reconocimiento tiene que ser invariablemente entre sus pares pues nuestra muy pequeña industria del cine mexicano se repite a sí misma en todos sus ámbitos.<br />
Ya sea el comité coordinador y los miembros activos de la AMACC, como los cineastas, productores, guionistas, actores, como los encargados de la distribución de las cintas, así como los involucrados en el <strong>IMCINE</strong>, los organizadores de festivales y hasta los propios críticos y teóricos, todos ellos siempre son las mismas personas. La frase más clásica (y cliché) que muchos declaran es: este medio es muy pequeño. Acepto la certeza del diálogo cuando encuentro los nombres de varios nominados repetidos dentro de la misma categoría como una constante año tras año.<br />
<iframe loading="lazy" src="https://www.youtube.com/embed/Tkk65teyyV4" width="560" height="315" frameborder="0" allowfullscreen="allowfullscreen"></iframe><br />
A propósito de su trayectoria, la Academia otorgó un <strong>Ariel de Oro</strong> al director <a href="http://nofm-radio.com/2016/05/el-cine-invisible-discurso-integro-y-sin-censura-de-paul-leduc-en-los-arieles-2016/" target="_blank" rel="noopener noreferrer"><strong>Paul Leduc</strong> quien redimió la noche con un discurso</a> de lo más culturalmente correcto. Contradijo que el panorama de la escena fílmica sea tan positivo como se nos quiere hacer creer. Indicó que el cine es negocio y uno muy grande, pero no lo es para los creadores orgánicos, los cineastas. Mencionó que el <strong>público mexicano</strong> no asiste a ver cine mexicano; cuestionó la procedencia de esta audiencia quien, pareciera, ya no quiere ser mexicana. Y, por supuesto, abordó el tema de la distribución a partir de cómo mucho del cine que se produce es invisible no por censura, sino porque no existen las suficientes herramientas para su exhibición.<br />
Hay que recordar que la delgada línea amarilla entre el <strong>gobierno</strong>, otros sectores y las productoras es esta Academia. ¿La ceremonia, entonces, ayuda si acaso a visibilizar el cine nacional o a generar un mayor número de producciones? Ni remotamente. La falta de credibilidad de los Ariel es enorme por dos razones. Si bien el cine no se ha hecho para ganar <strong>premios</strong>, se ha adoptado la costumbre de creer que un premio es sinónimo de que la película debe ser vista; pero con estatuilla o sin estatuilla, las elegidas galardonadas con un Ariel seguirán sin ser vistas. Ya sea o porque ya se estrenaron y salieron de cartelera muy rápido o porque aún no las estrenan o porque un gran número de los asistentes de las salas de cine optan por cualquier otro título antes que uno mexicano, incluso si éste haya ganado premios.<br />
<a class="no-eff img-link lightbox" href="http://nofm-radio.com/wp-content/uploads/2016/05/paul-2.jpg"><img loading="lazy" decoding="async" class="alignnone size-full wp-image-17931" src="http://nofm-radio.com/wp-content/uploads/2016/05/paul-2.jpg" alt="paul 2" width="675" height="489" /></a><br />
Sin duda hay que referir que la segunda razón es que es una mala copia de los premios <strong>Oscar</strong>. <strong>Hollywood</strong> es un monstruo de mil cabezas, pero la industria del cine mexicano no lo es. ¿No sería mejor inventarnos nuestros propios asuntos sin necesidad de imitar? Mientras que las ganadoras del suceso anual son las mismas películas que ganan premios a nivel internacional en <strong>festivales</strong>, esto termina por consolidar que nos faltan unas 600 millas más para crecer y construirnos como un medio sólido.<br />
¿Es justo ponernos a competir entre nosotros mismos cuando, a la vez, debemos de luchar como <strong>comunidad</strong>? Este evento es de y para los mismos (repetidos) que hacemos cine mexicano. Los Ariel existen porque hay que reconocer, aunque sea, el cine que hay. Porque es el cine que tenemos, el que hacemos, el que conocemos y el que hay que valorar.<br />
_________<br />
1 Con la llegada del cine mudo a Japón, surgieron los benshis, un actor en escena al lado de la pantalla quien hacía comentarios y daba voz a cada uno de los personajes del filme.<br />
&nbsp;</p>
