{"id":18061,"date":"2016-06-02T14:04:23","date_gmt":"2016-06-02T19:04:23","guid":{"rendered":"http:\/\/nofm-radio.com\/?p=18061"},"modified":"2016-06-02T14:04:23","modified_gmt":"2016-06-02T19:04:23","slug":"hablamedeflow-sara-hebe-la-mejor-rapera-argentina","status":"publish","type":"archivo","link":"https:\/\/nofm-radio.com\/?archivo=hablamedeflow-sara-hebe-la-mejor-rapera-argentina","title":{"rendered":"#H\u00e1blameDeFlow. Sara Hebe. La mejor rapera argentina"},"content":{"rendered":"<p>Por <strong>Takeshi L\u00f3pez<\/strong><br \/>\n<a href=\"https:\/\/twitter.com\/TakeshiLopez\" target=\"_blank\" rel=\"noopener noreferrer\">@TakeshiLopez<\/a><br \/>\nAmantes del <strong>Flow<\/strong>, esta entrega viene volando desde el <strong>cono sur<\/strong>, desde la parte <strong>patag\u00f3nica<\/strong> de la <strong>Argentina<\/strong>. <strong>Sara Hebe<\/strong>, una <strong>Mc<\/strong> que a pesar de los intensos fr\u00edos que hace en el invierno por esas zonas, decidi\u00f3 llenar su coraz\u00f3n del calor de la <strong>cumbia villera<\/strong>, el sabor del <strong>dancehall<\/strong>, la vibraci\u00f3n del bajo profundo del <strong>Hip Hop<\/strong>, la furia del <strong>punk rock<\/strong>, para hacer su m\u00fasica y generar un estilo de <strong>rap<\/strong> contestatario sumamente r\u00edtmico y mel\u00f3dico.<br \/>\nEl bailongo es inevitable en sus presentaciones, con <strong>Ramiro Jota<\/strong> en las tornamesas dando las bases precisas, para que se entrelacen con las l\u00edricas cr\u00edticas y noqueadoras de Sara, que hacen sudar los parlantes. Algo fresco del under del <strong>Hip Hop argentino<\/strong> que vale la pena que le presten o\u00eddo. Varias de sus colaboraciones con <strong>Miss Bolivia<\/strong>, <strong>Cumbia Queers<\/strong>, <strong>Venenoso Flow<\/strong>, <strong>Mafalda band<\/strong>, han sido todo un \u00e9xito en <strong>Sudam\u00e9rica<\/strong>.<br \/>\nEl <strong>Hip hop femenino<\/strong> a pasos firmes se est\u00e1 posicionando frente a una escena que durante a\u00f1os hab\u00eda sido dominada por la testosterona, los autos y el blim blim machista. Presten atenci\u00f3n que morras como <strong>Hebe<\/strong> quemar\u00e1n la consolas de muchos festivales por toda <strong>Am\u00e9rica Latina<\/strong>, y los ayudar\u00e1 a olvidar toda esa mierda que los abruma.<br \/>\n<iframe loading=\"lazy\" src=\"https:\/\/www.youtube.com\/embed\/6uaXtiRoHpg\" width=\"560\" height=\"315\" frameborder=\"0\" allowfullscreen=\"allowfullscreen\"><\/iframe><br \/>\n<strong>Takeshi<\/strong>.- Te conoc\u00ed con <strong>La hija de loco<\/strong> y me dej\u00f3 enganchado ese flujo de met\u00e1foras e ideas sobre tu entorno, tu persona, tu ideolog\u00eda, tus creencias y dem\u00e1s, que parecen dispersas pero en realidad se van extendiendo exponencialmente. Ahora que lo ves en retrospectiva \u00bfqu\u00e9 representa para ti este disco?<br \/>\n<strong>Sara<\/strong>.- Ese es mi primer trabajo y es como mi primer escal\u00f3n, el primer paso que se dice tan trilladamente. Lo hice de forma totalmente independiente. Econ\u00f3micamente sola pero con una gran ayuda de mi amigo y productor <strong>Mariano Costa<\/strong> que me habilit\u00f3 su estudio y grab\u00f3 y mezcl\u00f3.<br \/>\nLa locura es algo triste y muy solitario, no es algo gracioso.<br \/>\nEs un estigma social y una enfermedad, lo que pasa es que el concepto se banaliza como todo en esta vor\u00e1gine. Los locos son encerrados y cosificados, se les a\u00edsla y se les teme, cuando en realidad son seres sensibles y muchas veces maltratados. Un loco NO es un hijo de puta. Hay que tenerle miedo a los asesinos. Tambi\u00e9n se asocia la locura con la criminalidad y sabemos bien que los m\u00e1s santitos\u2026 son los m\u00e1s malvados.<br \/>\n<strong>T.-<\/strong> De este primer disco, se desprendieron \u00e9xitos que nos llegaron hasta <strong>M\u00e9xico<\/strong> como: \u201c<em>Tuve que quemar<\/em>\u201d, \u201c<strong>Otra vez<\/strong>\u201d, entre otros, (bueno yo dir\u00eda que me gusta todo ese disco), y despu\u00e9s vino \u201c<strong>Asado de fa<\/strong>\u201d (<strong>bonus track<\/strong>) en tu segundo disco, pero cu\u00e9ntanos, \u00bfc\u00f3mo surgi\u00f3 <strong>Hijo del loco<\/strong>? \u00bfEs verdad eso que comenzaste con bases que encontraste en internet y le fuiste poniendo letras?<br \/>\n<strong>S.-<\/strong> S\u00ed as\u00ed es. Pero despu\u00e9s esas instrumentales se fueron posproduciendo. \u201c<em>Asado de fa<\/em>\u201d y \u201c<em>Otra vez<\/em>\u201d est\u00e1n tambi\u00e9n en mi disco &#8220;Puentera&#8221;.<br \/>\n<strong>T.-<\/strong> En todas tus l\u00edricas hay una <strong>cr\u00edtica<\/strong> fuerte hacia lo social y lo pol\u00edtico, pero sin hacer pesado o panfletario tu discurso, al contrario, es fresco, divertido, vers\u00e1til. El <strong>hip hop<\/strong> m\u00e1s all\u00e1 de ser un g\u00e9nero para disfrutar la m\u00fasica, t\u00fa lo usas con otros fines m\u00e1s contestatarios \u00bfCu\u00e1l es tu idea de esto y la finalidad de tu m\u00fasica?<br \/>\n<strong>S.-<\/strong> No tengo una idea. Voy escribiendo la poes\u00eda que puedo, la finalidad es hacer canciones que me gusten, medianamente&#8230; tampoco es que soy fan de m\u00ed misma, al contrario&#8230; pero al menos quiero disfrutar de tocar lo que compongo, y creo que la m\u00fasica como muchas expresiones y formas de comunicaci\u00f3n, lo que pueden hacer es acompa\u00f1ar las luchas sociales y las causas que consideren.<br \/>\n<iframe loading=\"lazy\" src=\"https:\/\/www.youtube.com\/embed\/ebyeOKkEEf4\" width=\"560\" height=\"315\" frameborder=\"0\" allowfullscreen=\"allowfullscreen\"><\/iframe><br \/>\n<strong>T.-<\/strong> Las fusiones en tus bases y la manera que se mezclan con tus rimas, es muy distinto al <strong>hip hop<\/strong> \u201ccl\u00e1sico\u201d. El <strong>punk<\/strong>, la <strong>cumbia<\/strong>, la <strong>lambada<\/strong>, la <strong>murga<\/strong> y dem\u00e1s<strong> ritmos latinoamericanos<\/strong> se mezclan desde tu primer disco y se refuerzan en \u201c<em>Puentera<\/em>\u201d \u00bfCrees que ese es el sello del <strong>Hip Hop latinoamericano<\/strong>?<br \/>\n<strong>S.-<\/strong> S\u00ed y m\u00e1s que nada de la cumbia. Yo soy de la <strong>Patagonia<\/strong> y all\u00ed se escucha <strong>heavy metal<\/strong> y <strong>cumbia villera<\/strong>, escuch\u00e9 de todo en mi adolescencia y todo lo que escuch\u00e9 creo que se ve en mis temas, escuch\u00e9 <strong>Beastie Boys<\/strong>, pero tambi\u00e9n <strong>Damas Gratis<\/strong>, <strong>Charly Garc\u00eda<\/strong>, <strong>Todos tus muertos<\/strong>.<br \/>\n<strong>T.-<\/strong> Sabemos que tienes una aversi\u00f3n a lo comercial, por todo el da\u00f1o que le hace a la escena. No haz tocado en festivales con patrocinios de grandes empresas, no est\u00e1n tus discos en <strong>spotify<\/strong>, eres congruente con tus ideas, tu m\u00fasica y las decisiones que tomas sobre ella. \u00bfC\u00f3mo crecer en el under? \u00bfC\u00f3mo internacionalizarse sin venderse?<br \/>\n<strong>S.-<\/strong> No, es que creo que uno se vende todo el tiempo, es mentira que no nos vendemos, creo que los \u00fanicos que no se venden son los que viven en la calle y dejan realmente todo.<br \/>\nYo no he tocado en festivales patrocinados porque a\u00fan no me han invitado, si tuviese la oportunidad lo har\u00eda y eso no significa no ser \u201ccongruente\u201d con mis ideas. <strong>Anita Tijoux<\/strong>, a quien amo y admiro, es una \u201c<strong>activista<\/strong>\u201d <strong>social<\/strong> muy grande, su m\u00fasica est\u00e1 en todas las luchas de los trabajadores y siempre acompa\u00f1a al pueblo, como tambi\u00e9n la banda Salvaje Decibel, peor ellos han tocado en Lolapalooza y est\u00e1 muy bien, porque eso no les cambia nada, siguen haciendo su aporte.<br \/>\nYo pienso igual y me identifico con esos referentes. Y mis temas no est\u00e1n en <strong>Spotify<\/strong> porque estoy esperando a que una gregadora los suba. Lamento desilusionarte, jajaja!<br \/>\n<strong>T.-<\/strong> Despu\u00e9s de salir \u201c<em>Puentera<\/em>\u201d tu imagen en la escena creci\u00f3, incluso los medios se acercaron a tu trabajo, consider\u00e1ndote la mejor rapera de Argentina, \u00bfqu\u00e9 piensas de este titulo? \u00bfTe inquieta, te exige? \u00bfO consideras,(sin restarle valor a tu gran trabajo) que los medios no conocen el <strong>under<\/strong> de <strong>hip hop argentino<\/strong>?<br \/>\n<strong>S.-<\/strong> \u00a1Exacto! Creo que los medios no conocen el \u201cUnder\u201d del HH. De todas maneras eso lo dijo una persona y quiz\u00e1 si para esa persona lo soy pues bueno&#8230; es una sola opini\u00f3n. M\u00e1s que nada me dio verg\u00fcenza porque realmente no me considero eso&#8230; pero en fin&#8230; y s\u00ed un poco es una exigencia.<br \/>\n<iframe loading=\"lazy\" src=\"https:\/\/www.youtube.com\/embed\/WNyS6DUdGyE\" width=\"560\" height=\"315\" frameborder=\"0\" allowfullscreen=\"allowfullscreen\"><\/iframe><br \/>\n<strong>T.-<\/strong> \u00bf<strong>Colectivo vac\u00edo<\/strong>? \u00bfQu\u00e9 es este proyecto? \u00bfSigue siendo <strong>Sara Hebe<\/strong> o ya son m\u00e1s personas involucradas en la creaci\u00f3n de este disco?<br \/>\n<strong>S.-<\/strong> S\u00ed sigo siendo yo pero este disco lo produjimos mano a mano con mi beatmaker <strong>Ramiro Jota<\/strong> y lo autogestionamos entre los dos. Hay una instrumental que es de <strong>Mariano Costa<\/strong>, el productor del primer disco, pero las dem\u00e1s son todas de Ramiro.<br \/>\n<strong>T.-<\/strong> \u00bfC\u00f3mo es la escena de <strong>hip hop argentino<\/strong> ante un proyecto muy femenino e independiente como el tuyo? \u00bfSon abiertos, te discriminan?<br \/>\n<strong>S.-<\/strong> A m\u00ed me discriminan un poco porque no soy purista, en realidad, no s\u00e9 si me discriminan, pero ya no me invitan a tocar en las movidas de <strong>Hip Hop<\/strong>. Quiz\u00e1s porque hago algunas <strong>cumbias<\/strong> y algunos <strong>punk rocks<\/strong>. La escena de <strong>Hip Hop<\/strong> en <strong>Argentina<\/strong> creci\u00f3 mucho y hay excelentes raperos como <strong>Asterisco a.k.a Javi Ortega<\/strong> o <strong>Tortu<\/strong> y tambi\u00e9n una gran rapera: <strong>Kriz Alanis<\/strong>.<br \/>\n<iframe loading=\"lazy\" src=\"https:\/\/www.youtube.com\/embed\/-ojjDjkNlzw\" width=\"560\" height=\"315\" frameborder=\"0\" allowfullscreen=\"allowfullscreen\"><\/iframe><br \/>\n<strong>T.-<\/strong> Con toda esta idea de decirle no a la industria de las grandes disqueras y el sistema \u00bfc\u00f3mo es que aceptas hacer una colaboraci\u00f3n? \u00bfSi tienen distinta ideolog\u00eda pero su m\u00fasica es buena, la haces?<br \/>\n<strong>S.-<\/strong> Si me gusta el tema y el artista, s\u00ed.<br \/>\n<strong>T.-<\/strong> \u00bfC\u00f3mo se da tu proceso creativo en cuesti\u00f3n de l\u00edrica? \u00bfTe a\u00edslas hasta que tengas algunas letras o vas escribiendo en todas partes? \u00bfLees <strong>poes\u00eda<\/strong> o fluye el ritmo de la calle?<br \/>\n<strong>S.-<\/strong> Voy anotando cositas por ah\u00ed o a veces se me ocurre una melod\u00eda&#8230; despu\u00e9s me quedo escuchando las bases y tratando de armar algo.<br \/>\n<strong>T.-<\/strong> Por la distancia ac\u00e1 en M\u00e9xico tarda mucho en llegar el <strong>under Argentino<\/strong>, \u00bfhay alg\u00fan proyecto que crees que merece ser m\u00e1s escuchado? Puede ser algo de <strong>Sudam\u00e9rica<\/strong> no s\u00f3lo de argentina.<br \/>\n<strong>S.-<\/strong> <strong>Salvaje decibel<\/strong>.<br \/>\n<strong>Redes sociales:<\/strong><br \/>\n<a href=\"http:\/\/sarahebe.com\/\" target=\"_blank\" rel=\"noopener noreferrer\">http:\/\/sarahebe.com\/<\/a><br \/>\n<a href=\"https:\/\/www.facebook.com\/SARA-HEBE-174002315954948\/\" target=\"_blank\" rel=\"noopener noreferrer\">https:\/\/www.facebook.com\/SARA-HEBE-174002315954948\/<\/a><br \/>\n<a href=\"https:\/\/soundcloud.com\/sarahebe\" target=\"_blank\" rel=\"noopener noreferrer\">https:\/\/soundcloud.com\/sarahebe<\/a><br \/>\n<a href=\"https:\/\/twitter.com\/sarahebeok?lang=es\" target=\"_blank\" rel=\"noopener noreferrer\">https:\/\/twitter.com\/sarahebeok?lang=es<\/a><br \/>\n<a href=\"https:\/\/twitter.com\/sarahebeok?lang=es\" target=\"_blank\" rel=\"noopener noreferrer\">https:\/\/www.youtube.com\/user\/sarahebeok<\/a><\/p>\n","protected":false},"template":"","meta":{"_id_youtube":"","_id_vimeo":"","_podcasts_duration":"","_podcasts_url":"","_podcasts_show":"","_prog_horario_dias":"","_prog_hora":"","_prog_duration":""},"class_list":["post-18061","archivo","type-archivo","status-publish","hentry"],"_links":{"self":[{"href":"https:\/\/nofm-radio.com\/index.php?rest_route=\/wp\/v2\/archivo\/18061","targetHints":{"allow":["GET"]}}],"collection":[{"href":"https:\/\/nofm-radio.com\/index.php?rest_route=\/wp\/v2\/archivo"}],"about":[{"href":"https:\/\/nofm-radio.com\/index.php?rest_route=\/wp\/v2\/types\/archivo"}],"wp:attachment":[{"href":"https:\/\/nofm-radio.com\/index.php?rest_route=%2Fwp%2Fv2%2Fmedia&parent=18061"}],"curies":[{"name":"wp","href":"https:\/\/api.w.org\/{rel}","templated":true}]}}

#HáblameDeFlow. Sara Hebe. La mejor rapera argentina

<p>Por <strong>Takeshi López</strong><br />
<a href="https://twitter.com/TakeshiLopez" target="_blank" rel="noopener noreferrer">@TakeshiLopez</a><br />
Amantes del <strong>Flow</strong>, esta entrega viene volando desde el <strong>cono sur</strong>, desde la parte <strong>patagónica</strong> de la <strong>Argentina</strong>. <strong>Sara Hebe</strong>, una <strong>Mc</strong> que a pesar de los intensos fríos que hace en el invierno por esas zonas, decidió llenar su corazón del calor de la <strong>cumbia villera</strong>, el sabor del <strong>dancehall</strong>, la vibración del bajo profundo del <strong>Hip Hop</strong>, la furia del <strong>punk rock</strong>, para hacer su música y generar un estilo de <strong>rap</strong> contestatario sumamente rítmico y melódico.<br />
El bailongo es inevitable en sus presentaciones, con <strong>Ramiro Jota</strong> en las tornamesas dando las bases precisas, para que se entrelacen con las líricas críticas y noqueadoras de Sara, que hacen sudar los parlantes. Algo fresco del under del <strong>Hip Hop argentino</strong> que vale la pena que le presten oído. Varias de sus colaboraciones con <strong>Miss Bolivia</strong>, <strong>Cumbia Queers</strong>, <strong>Venenoso Flow</strong>, <strong>Mafalda band</strong>, han sido todo un éxito en <strong>Sudamérica</strong>.<br />
El <strong>Hip hop femenino</strong> a pasos firmes se está posicionando frente a una escena que durante años había sido dominada por la testosterona, los autos y el blim blim machista. Presten atención que morras como <strong>Hebe</strong> quemarán la consolas de muchos festivales por toda <strong>América Latina</strong>, y los ayudará a olvidar toda esa mierda que los abruma.<br />
<iframe loading="lazy" src="https://www.youtube.com/embed/6uaXtiRoHpg" width="560" height="315" frameborder="0" allowfullscreen="allowfullscreen"></iframe><br />
<strong>Takeshi</strong>.- Te conocí con <strong>La hija de loco</strong> y me dejó enganchado ese flujo de metáforas e ideas sobre tu entorno, tu persona, tu ideología, tus creencias y demás, que parecen dispersas pero en realidad se van extendiendo exponencialmente. Ahora que lo ves en retrospectiva ¿qué representa para ti este disco?<br />
<strong>Sara</strong>.- Ese es mi primer trabajo y es como mi primer escalón, el primer paso que se dice tan trilladamente. Lo hice de forma totalmente independiente. Económicamente sola pero con una gran ayuda de mi amigo y productor <strong>Mariano Costa</strong> que me habilitó su estudio y grabó y mezcló.<br />
La locura es algo triste y muy solitario, no es algo gracioso.<br />
Es un estigma social y una enfermedad, lo que pasa es que el concepto se banaliza como todo en esta vorágine. Los locos son encerrados y cosificados, se les aísla y se les teme, cuando en realidad son seres sensibles y muchas veces maltratados. Un loco NO es un hijo de puta. Hay que tenerle miedo a los asesinos. También se asocia la locura con la criminalidad y sabemos bien que los más santitos… son los más malvados.<br />
<strong>T.-</strong> De este primer disco, se desprendieron éxitos que nos llegaron hasta <strong>México</strong> como: “<em>Tuve que quemar</em>”, “<strong>Otra vez</strong>”, entre otros, (bueno yo diría que me gusta todo ese disco), y después vino “<strong>Asado de fa</strong>” (<strong>bonus track</strong>) en tu segundo disco, pero cuéntanos, ¿cómo surgió <strong>Hijo del loco</strong>? ¿Es verdad eso que comenzaste con bases que encontraste en internet y le fuiste poniendo letras?<br />
<strong>S.-</strong> Sí así es. Pero después esas instrumentales se fueron posproduciendo. “<em>Asado de fa</em>” y “<em>Otra vez</em>” están también en mi disco &#8220;Puentera&#8221;.<br />
<strong>T.-</strong> En todas tus líricas hay una <strong>crítica</strong> fuerte hacia lo social y lo político, pero sin hacer pesado o panfletario tu discurso, al contrario, es fresco, divertido, versátil. El <strong>hip hop</strong> más allá de ser un género para disfrutar la música, tú lo usas con otros fines más contestatarios ¿Cuál es tu idea de esto y la finalidad de tu música?<br />
<strong>S.-</strong> No tengo una idea. Voy escribiendo la poesía que puedo, la finalidad es hacer canciones que me gusten, medianamente&#8230; tampoco es que soy fan de mí misma, al contrario&#8230; pero al menos quiero disfrutar de tocar lo que compongo, y creo que la música como muchas expresiones y formas de comunicación, lo que pueden hacer es acompañar las luchas sociales y las causas que consideren.<br />
<iframe loading="lazy" src="https://www.youtube.com/embed/ebyeOKkEEf4" width="560" height="315" frameborder="0" allowfullscreen="allowfullscreen"></iframe><br />
<strong>T.-</strong> Las fusiones en tus bases y la manera que se mezclan con tus rimas, es muy distinto al <strong>hip hop</strong> “clásico”. El <strong>punk</strong>, la <strong>cumbia</strong>, la <strong>lambada</strong>, la <strong>murga</strong> y demás<strong> ritmos latinoamericanos</strong> se mezclan desde tu primer disco y se refuerzan en “<em>Puentera</em>” ¿Crees que ese es el sello del <strong>Hip Hop latinoamericano</strong>?<br />
<strong>S.-</strong> Sí y más que nada de la cumbia. Yo soy de la <strong>Patagonia</strong> y allí se escucha <strong>heavy metal</strong> y <strong>cumbia villera</strong>, escuché de todo en mi adolescencia y todo lo que escuché creo que se ve en mis temas, escuché <strong>Beastie Boys</strong>, pero también <strong>Damas Gratis</strong>, <strong>Charly García</strong>, <strong>Todos tus muertos</strong>.<br />
<strong>T.-</strong> Sabemos que tienes una aversión a lo comercial, por todo el daño que le hace a la escena. No haz tocado en festivales con patrocinios de grandes empresas, no están tus discos en <strong>spotify</strong>, eres congruente con tus ideas, tu música y las decisiones que tomas sobre ella. ¿Cómo crecer en el under? ¿Cómo internacionalizarse sin venderse?<br />
<strong>S.-</strong> No, es que creo que uno se vende todo el tiempo, es mentira que no nos vendemos, creo que los únicos que no se venden son los que viven en la calle y dejan realmente todo.<br />
Yo no he tocado en festivales patrocinados porque aún no me han invitado, si tuviese la oportunidad lo haría y eso no significa no ser “congruente” con mis ideas. <strong>Anita Tijoux</strong>, a quien amo y admiro, es una “<strong>activista</strong>” <strong>social</strong> muy grande, su música está en todas las luchas de los trabajadores y siempre acompaña al pueblo, como también la banda Salvaje Decibel, peor ellos han tocado en Lolapalooza y está muy bien, porque eso no les cambia nada, siguen haciendo su aporte.<br />
Yo pienso igual y me identifico con esos referentes. Y mis temas no están en <strong>Spotify</strong> porque estoy esperando a que una gregadora los suba. Lamento desilusionarte, jajaja!<br />
<strong>T.-</strong> Después de salir “<em>Puentera</em>” tu imagen en la escena creció, incluso los medios se acercaron a tu trabajo, considerándote la mejor rapera de Argentina, ¿qué piensas de este titulo? ¿Te inquieta, te exige? ¿O consideras,(sin restarle valor a tu gran trabajo) que los medios no conocen el <strong>under</strong> de <strong>hip hop argentino</strong>?<br />
<strong>S.-</strong> ¡Exacto! Creo que los medios no conocen el “Under” del HH. De todas maneras eso lo dijo una persona y quizá si para esa persona lo soy pues bueno&#8230; es una sola opinión. Más que nada me dio vergüenza porque realmente no me considero eso&#8230; pero en fin&#8230; y sí un poco es una exigencia.<br />
<iframe loading="lazy" src="https://www.youtube.com/embed/WNyS6DUdGyE" width="560" height="315" frameborder="0" allowfullscreen="allowfullscreen"></iframe><br />
<strong>T.-</strong> ¿<strong>Colectivo vacío</strong>? ¿Qué es este proyecto? ¿Sigue siendo <strong>Sara Hebe</strong> o ya son más personas involucradas en la creación de este disco?<br />
<strong>S.-</strong> Sí sigo siendo yo pero este disco lo produjimos mano a mano con mi beatmaker <strong>Ramiro Jota</strong> y lo autogestionamos entre los dos. Hay una instrumental que es de <strong>Mariano Costa</strong>, el productor del primer disco, pero las demás son todas de Ramiro.<br />
<strong>T.-</strong> ¿Cómo es la escena de <strong>hip hop argentino</strong> ante un proyecto muy femenino e independiente como el tuyo? ¿Son abiertos, te discriminan?<br />
<strong>S.-</strong> A mí me discriminan un poco porque no soy purista, en realidad, no sé si me discriminan, pero ya no me invitan a tocar en las movidas de <strong>Hip Hop</strong>. Quizás porque hago algunas <strong>cumbias</strong> y algunos <strong>punk rocks</strong>. La escena de <strong>Hip Hop</strong> en <strong>Argentina</strong> creció mucho y hay excelentes raperos como <strong>Asterisco a.k.a Javi Ortega</strong> o <strong>Tortu</strong> y también una gran rapera: <strong>Kriz Alanis</strong>.<br />
<iframe loading="lazy" src="https://www.youtube.com/embed/-ojjDjkNlzw" width="560" height="315" frameborder="0" allowfullscreen="allowfullscreen"></iframe><br />
<strong>T.-</strong> Con toda esta idea de decirle no a la industria de las grandes disqueras y el sistema ¿cómo es que aceptas hacer una colaboración? ¿Si tienen distinta ideología pero su música es buena, la haces?<br />
<strong>S.-</strong> Si me gusta el tema y el artista, sí.<br />
<strong>T.-</strong> ¿Cómo se da tu proceso creativo en cuestión de lírica? ¿Te aíslas hasta que tengas algunas letras o vas escribiendo en todas partes? ¿Lees <strong>poesía</strong> o fluye el ritmo de la calle?<br />
<strong>S.-</strong> Voy anotando cositas por ahí o a veces se me ocurre una melodía&#8230; después me quedo escuchando las bases y tratando de armar algo.<br />
<strong>T.-</strong> Por la distancia acá en México tarda mucho en llegar el <strong>under Argentino</strong>, ¿hay algún proyecto que crees que merece ser más escuchado? Puede ser algo de <strong>Sudamérica</strong> no sólo de argentina.<br />
<strong>S.-</strong> <strong>Salvaje decibel</strong>.<br />
<strong>Redes sociales:</strong><br />
<a href="http://sarahebe.com/" target="_blank" rel="noopener noreferrer">http://sarahebe.com/</a><br />
<a href="https://www.facebook.com/SARA-HEBE-174002315954948/" target="_blank" rel="noopener noreferrer">https://www.facebook.com/SARA-HEBE-174002315954948/</a><br />
<a href="https://soundcloud.com/sarahebe" target="_blank" rel="noopener noreferrer">https://soundcloud.com/sarahebe</a><br />
<a href="https://twitter.com/sarahebeok?lang=es" target="_blank" rel="noopener noreferrer">https://twitter.com/sarahebeok?lang=es</a><br />
<a href="https://twitter.com/sarahebeok?lang=es" target="_blank" rel="noopener noreferrer">https://www.youtube.com/user/sarahebeok</a></p>
