{"id":18174,"date":"2016-06-13T14:14:39","date_gmt":"2016-06-13T19:14:39","guid":{"rendered":"http:\/\/nofm-radio.com\/?p=18174"},"modified":"2016-06-13T14:14:39","modified_gmt":"2016-06-13T19:14:39","slug":"enelajo-alguien-me-representa-sobre-mexico20-y-la-asamblea-constituyente","status":"publish","type":"archivo","link":"https:\/\/nofm-radio.com\/?archivo=enelajo-alguien-me-representa-sobre-mexico20-y-la-asamblea-constituyente","title":{"rendered":"#EnElAjo. Alguien me re(prese)nta. Sobre #M\u00e9xico20 y la Asamblea Constituyente"},"content":{"rendered":"<p>Por <strong>Manuel de J. Jim\u00e9nez<\/strong><br \/>\nHay eventos que sugieren <strong>pluralidad<\/strong> y <strong>participaci\u00f3n<\/strong>, pero padecen de <strong>d\u00e9ficit democr\u00e1tico<\/strong>. A m\u00ed no me gusta mucho hablar en t\u00e9rminos de <strong>democracia moderna<\/strong>, porque invariablemente se tiene que maniobrar con el andamiaje liberal. Prefiero tratar los siguientes dos temas considerando el concepto de <strong><em>representatividad<\/em><\/strong>.<br \/>\n<strong>Primero:<\/strong> configuraci\u00f3n de la <strong>Asamblea Constituyente de la Ciudad de M\u00e9xico<\/strong>.<br \/>\nYa en una columna anterior coment\u00e9 sobre la atipicidad hist\u00f3rica y la falta de legitimaci\u00f3n que posee un <strong>Constituyente<\/strong> donde 40 de 100 lugares son determinados por las autoridades constituidas. Ahora, con las elecciones pasadas, la cuesti\u00f3n se agrava m\u00e1s.<br \/>\n<strong>A)<\/strong> Si atendemos s\u00f3lo a los resultados de las elecciones, <strong>Morena<\/strong> posee 22 de los 60 curules que se \u201cofertaron\u201d. Pero si abrimos los ojos a la regla de que 6 ser\u00e1n elegidos por el presidente (<strong>PRI<\/strong>), 6 por el Jefe de Gobierno (<strong>PRD<\/strong>) y 28 por el <strong>Congreso de la Uni\u00f3n<\/strong> (donde la mayor\u00eda es priista), as\u00ed quedan las fuerzas que nos representar\u00e1n: <strong>PRD<\/strong> tendr\u00e1 29 diputados constituyentes, <strong>Morena<\/strong> 22, <strong>PRI<\/strong> 21, <strong>PAN<\/strong> 14, etc.<br \/>\n<strong>B)<\/strong> Los candidatos independientes, que no poseen la estructura de un partido pol\u00edtico, tienen que colmar requisitos similares. La regla de la ley electoral establece que para que un independiente tenga derecho a un lugar en la <strong>Constituyente<\/strong>, es necesario dividir la votaci\u00f3n v\u00e1lida emitida entre los 60 curules, es decir, estamos hablando de 32,000 votos aprox. Sin embargo, aunque <strong>Ismael Figueroa Flores<\/strong>, el famoso bombero, no obtuvo esa cantidad, logr\u00f3 superar al PT. As\u00ed, si nos tomamos las candidaturas independientes en serio, no podemos pedirles las mismas exigencias que los partidos. Si queremos verdaderamente una participaci\u00f3n ciudadana en las decisiones legislativas, habr\u00e1 que repensar las reglas.<br \/>\n<strong>C)<\/strong> Finalmente, habr\u00e1 que reflexionar el nivel de abstencionismo: s\u00f3lo 28 de cada 100 ciudadanos fueron a votar. Este indicador ser\u00eda alarmante si nuestra <strong>ley electoral<\/strong> fuera diferente (ese 28.3% equivale ficticiamente a un 100%), a tal grado, que incluso se podr\u00eda declarar inv\u00e1lida la elecci\u00f3n como sucede en otros pa\u00edses. Esto no s\u00f3lo significa el malestar de una sociedad que no conf\u00eda en el juego electoral, sino problemas de estructura: <strong>en un hogar cualquiera, 3 decidir\u00e1n los aspectos esenciales de la casa y 7 pagar\u00e1n renta<\/strong>.<br \/>\n&nbsp;<br \/>\n<a class=\"no-eff img-link lightbox\" href=\"http:\/\/nofm-radio.com\/wp-content\/uploads\/2016\/06\/asamblea.jpg\"><img loading=\"lazy\" decoding=\"async\" class=\"alignnone size-full wp-image-18179\" src=\"http:\/\/nofm-radio.com\/wp-content\/uploads\/2016\/06\/asamblea.jpg\" alt=\"asamblea\" width=\"1020\" height=\"580\" \/><\/a><br \/>\n&nbsp;<br \/>\n<strong>Segundo:<\/strong> la publicaci\u00f3n de la antolog\u00eda <strong><em>M\u00e9xico 20. La nouvelle po\u00e9sie mexicaine<\/em><\/strong>.<br \/>\nEn redes sociales, principalmente a partir de algunos comentarios de Facebook, se cuestion\u00f3 la endogamia de los participantes (ant\u00f3logos y antologados) y la validez en los criterios de selecci\u00f3n. Muchos comentarios criticaban la similitud de los mecanismos de selecci\u00f3n\/validez con pr\u00e1cticas de camarillas po\u00e9ticas (<strong>C\u00edrculo de Poes\u00eda<\/strong>) o se\u00f1alaban la arbitrariedad que toda antolog\u00eda supone. <strong>Iv\u00e1n Cruz Osorio<\/strong>, en un texto que public\u00f3 aqu\u00ed mismo, zanj\u00f3 el problema en un asunto \u00e9tico. Coincido con \u00e9l en el punto de visibilizar la eticidad del poeta. Me uno a su deseo de que la delegaci\u00f3n mexicana aproveche el foro para realizar un reclamo sobre el estado actual de las cosas en el pa\u00eds. Sin embargo, disiento en el aspecto de la <strong>representatividad<\/strong>. No asumo que la antolog\u00eda represente a \u201c<strong>la nueva poes\u00eda mexicana<\/strong>\u201d en su conjunto ni al c\u00famulo de po\u00e9ticas que conviven en el escenario actual. Obviamente la antolog\u00eda no busca exhaustividad ni agrupar a los poetas a la manera de un \u00edndice general. Incluso la <strong><em>Asamblea de Poetas J\u00f3venes de M\u00e9xico<\/em><\/strong> que busc\u00f3 la representaci\u00f3n robusta y participativa, recibi\u00f3 cr\u00edticas postreras al dejar fuera a varias voces. La metodolog\u00eda es equivocada. Para hacer una antolog\u00eda que hable por la mayor\u00eda de los poetas, habr\u00e1 que seleccionar poetas de diferentes est\u00e9ticas, grupos, regiones y proyecciones: hacer una antolog\u00eda de visiones y versiones de la poes\u00eda mexicana.<br \/>\nPara m\u00ed la endogamia no est\u00e1 en los nombres, sino en las escrituras. De hecho no tengo problemas con los autores que aparecen; varios son amigos m\u00edos. Pienso que la mayor\u00eda son buenos poetas. Respecto a la \u00e9tica del escritor que subraya Iv\u00e1n, dir\u00eda que el poeta puede tomar, por lo menos, dos posiciones. La primera es aquella que apela a una \u00e9tica de rasgos universales y categ\u00f3ricos, donde el escritor, al apoyarse en el <strong>Estado<\/strong>, ratifica moralmente su gesti\u00f3n. De este modo, ser\u00eda incompatible no s\u00f3lo aparecer en la antolog\u00eda mencionada, sino trabajar para el <strong>Estado<\/strong>, recibir becas del <strong>FONCA<\/strong> y, si nos ponemos recalcitrantes, participar en eventos organizados por cualquier dependencia o entidad. La otra posici\u00f3n es aquella que distingue entre <strong>Estado<\/strong> y <strong>gobierno<\/strong>. En ella es compatible que un poeta use dinero p\u00fablico para promocionar y consumar su actividad creativa, puesto que esos recursos son recaudados por los impuestos que todos pagamos a diario y porque podemos criticar a un gobierno \u201cx\u201d a trav\u00e9s de la libertad de expresi\u00f3n que el Estado \u201cy\u201d garantiza como un derecho fundamental.<br \/>\n<strong>M\u00e9xico<\/strong> traz\u00f3 sus lineamientos pol\u00edticos hacia una <strong>Rep\u00fablica democr\u00e1tica<\/strong>, pero antes, debe pensar seriamente en la representaci\u00f3n, es decir, en la identidad entre ciudadano y diputado, entre gobernante y gobernado. La clase pol\u00edtica invoca el principio de <strong>representatividad<\/strong> para justificar su falta de credenciales profesionales, pero rara vez para desobedecer los mandatos de su partido en favor de la gente. En la <strong>poes\u00eda mexicana<\/strong>, habr\u00e1 que imaginar que una <strong>Rep\u00fablica de letras<\/strong> posee diversos territorios y los acentos de sus pobladores no suenan igual en el centro y la periferia. Todav\u00eda <strong>Cuesta<\/strong>, con desavenencias, habl\u00f3 de una <strong>Antolog\u00eda de la poes\u00eda mexicana moderna<\/strong>. Hoy, a casi 90 a\u00f1os de su publicaci\u00f3n, para hablar de la nueva poes\u00eda mexicana, se necesita un <strong>esfuerzo mayor de representatividad<\/strong>.<br \/>\n<a class=\"no-eff img-link lightbox\" href=\"http:\/\/nofm-radio.com\/wp-content\/uploads\/2016\/06\/Antolog\u00eda3.jpg\"><img loading=\"lazy\" decoding=\"async\" class=\"size-full wp-image-18119 aligncenter\" src=\"http:\/\/nofm-radio.com\/wp-content\/uploads\/2016\/06\/Antolog\u00eda3.jpg\" alt=\"Antolog\u00eda3\" width=\"610\" height=\"346\" \/><\/a><\/p>\n","protected":false},"template":"","meta":{"_id_youtube":"","_id_vimeo":"","_podcasts_duration":"","_podcasts_url":"","_podcasts_show":"","_prog_horario_dias":"","_prog_hora":"","_prog_duration":""},"class_list":["post-18174","archivo","type-archivo","status-publish","hentry"],"_links":{"self":[{"href":"https:\/\/nofm-radio.com\/index.php?rest_route=\/wp\/v2\/archivo\/18174","targetHints":{"allow":["GET"]}}],"collection":[{"href":"https:\/\/nofm-radio.com\/index.php?rest_route=\/wp\/v2\/archivo"}],"about":[{"href":"https:\/\/nofm-radio.com\/index.php?rest_route=\/wp\/v2\/types\/archivo"}],"wp:attachment":[{"href":"https:\/\/nofm-radio.com\/index.php?rest_route=%2Fwp%2Fv2%2Fmedia&parent=18174"}],"curies":[{"name":"wp","href":"https:\/\/api.w.org\/{rel}","templated":true}]}}

#EnElAjo. Alguien me re(prese)nta. Sobre #México20 y la Asamblea Constituyente

<p>Por <strong>Manuel de J. Jiménez</strong><br />
Hay eventos que sugieren <strong>pluralidad</strong> y <strong>participación</strong>, pero padecen de <strong>déficit democrático</strong>. A mí no me gusta mucho hablar en términos de <strong>democracia moderna</strong>, porque invariablemente se tiene que maniobrar con el andamiaje liberal. Prefiero tratar los siguientes dos temas considerando el concepto de <strong><em>representatividad</em></strong>.<br />
<strong>Primero:</strong> configuración de la <strong>Asamblea Constituyente de la Ciudad de México</strong>.<br />
Ya en una columna anterior comenté sobre la atipicidad histórica y la falta de legitimación que posee un <strong>Constituyente</strong> donde 40 de 100 lugares son determinados por las autoridades constituidas. Ahora, con las elecciones pasadas, la cuestión se agrava más.<br />
<strong>A)</strong> Si atendemos sólo a los resultados de las elecciones, <strong>Morena</strong> posee 22 de los 60 curules que se “ofertaron”. Pero si abrimos los ojos a la regla de que 6 serán elegidos por el presidente (<strong>PRI</strong>), 6 por el Jefe de Gobierno (<strong>PRD</strong>) y 28 por el <strong>Congreso de la Unión</strong> (donde la mayoría es priista), así quedan las fuerzas que nos representarán: <strong>PRD</strong> tendrá 29 diputados constituyentes, <strong>Morena</strong> 22, <strong>PRI</strong> 21, <strong>PAN</strong> 14, etc.<br />
<strong>B)</strong> Los candidatos independientes, que no poseen la estructura de un partido político, tienen que colmar requisitos similares. La regla de la ley electoral establece que para que un independiente tenga derecho a un lugar en la <strong>Constituyente</strong>, es necesario dividir la votación válida emitida entre los 60 curules, es decir, estamos hablando de 32,000 votos aprox. Sin embargo, aunque <strong>Ismael Figueroa Flores</strong>, el famoso bombero, no obtuvo esa cantidad, logró superar al PT. Así, si nos tomamos las candidaturas independientes en serio, no podemos pedirles las mismas exigencias que los partidos. Si queremos verdaderamente una participación ciudadana en las decisiones legislativas, habrá que repensar las reglas.<br />
<strong>C)</strong> Finalmente, habrá que reflexionar el nivel de abstencionismo: sólo 28 de cada 100 ciudadanos fueron a votar. Este indicador sería alarmante si nuestra <strong>ley electoral</strong> fuera diferente (ese 28.3% equivale ficticiamente a un 100%), a tal grado, que incluso se podría declarar inválida la elección como sucede en otros países. Esto no sólo significa el malestar de una sociedad que no confía en el juego electoral, sino problemas de estructura: <strong>en un hogar cualquiera, 3 decidirán los aspectos esenciales de la casa y 7 pagarán renta</strong>.<br />
&nbsp;<br />
<a class="no-eff img-link lightbox" href="http://nofm-radio.com/wp-content/uploads/2016/06/asamblea.jpg"><img loading="lazy" decoding="async" class="alignnone size-full wp-image-18179" src="http://nofm-radio.com/wp-content/uploads/2016/06/asamblea.jpg" alt="asamblea" width="1020" height="580" /></a><br />
&nbsp;<br />
<strong>Segundo:</strong> la publicación de la antología <strong><em>México 20. La nouvelle poésie mexicaine</em></strong>.<br />
En redes sociales, principalmente a partir de algunos comentarios de Facebook, se cuestionó la endogamia de los participantes (antólogos y antologados) y la validez en los criterios de selección. Muchos comentarios criticaban la similitud de los mecanismos de selección/validez con prácticas de camarillas poéticas (<strong>Círculo de Poesía</strong>) o señalaban la arbitrariedad que toda antología supone. <strong>Iván Cruz Osorio</strong>, en un texto que publicó aquí mismo, zanjó el problema en un asunto ético. Coincido con él en el punto de visibilizar la eticidad del poeta. Me uno a su deseo de que la delegación mexicana aproveche el foro para realizar un reclamo sobre el estado actual de las cosas en el país. Sin embargo, disiento en el aspecto de la <strong>representatividad</strong>. No asumo que la antología represente a “<strong>la nueva poesía mexicana</strong>” en su conjunto ni al cúmulo de poéticas que conviven en el escenario actual. Obviamente la antología no busca exhaustividad ni agrupar a los poetas a la manera de un índice general. Incluso la <strong><em>Asamblea de Poetas Jóvenes de México</em></strong> que buscó la representación robusta y participativa, recibió críticas postreras al dejar fuera a varias voces. La metodología es equivocada. Para hacer una antología que hable por la mayoría de los poetas, habrá que seleccionar poetas de diferentes estéticas, grupos, regiones y proyecciones: hacer una antología de visiones y versiones de la poesía mexicana.<br />
Para mí la endogamia no está en los nombres, sino en las escrituras. De hecho no tengo problemas con los autores que aparecen; varios son amigos míos. Pienso que la mayoría son buenos poetas. Respecto a la ética del escritor que subraya Iván, diría que el poeta puede tomar, por lo menos, dos posiciones. La primera es aquella que apela a una ética de rasgos universales y categóricos, donde el escritor, al apoyarse en el <strong>Estado</strong>, ratifica moralmente su gestión. De este modo, sería incompatible no sólo aparecer en la antología mencionada, sino trabajar para el <strong>Estado</strong>, recibir becas del <strong>FONCA</strong> y, si nos ponemos recalcitrantes, participar en eventos organizados por cualquier dependencia o entidad. La otra posición es aquella que distingue entre <strong>Estado</strong> y <strong>gobierno</strong>. En ella es compatible que un poeta use dinero público para promocionar y consumar su actividad creativa, puesto que esos recursos son recaudados por los impuestos que todos pagamos a diario y porque podemos criticar a un gobierno “x” a través de la libertad de expresión que el Estado “y” garantiza como un derecho fundamental.<br />
<strong>México</strong> trazó sus lineamientos políticos hacia una <strong>República democrática</strong>, pero antes, debe pensar seriamente en la representación, es decir, en la identidad entre ciudadano y diputado, entre gobernante y gobernado. La clase política invoca el principio de <strong>representatividad</strong> para justificar su falta de credenciales profesionales, pero rara vez para desobedecer los mandatos de su partido en favor de la gente. En la <strong>poesía mexicana</strong>, habrá que imaginar que una <strong>República de letras</strong> posee diversos territorios y los acentos de sus pobladores no suenan igual en el centro y la periferia. Todavía <strong>Cuesta</strong>, con desavenencias, habló de una <strong>Antología de la poesía mexicana moderna</strong>. Hoy, a casi 90 años de su publicación, para hablar de la nueva poesía mexicana, se necesita un <strong>esfuerzo mayor de representatividad</strong>.<br />
<a class="no-eff img-link lightbox" href="http://nofm-radio.com/wp-content/uploads/2016/06/Antología3.jpg"><img loading="lazy" decoding="async" class="size-full wp-image-18119 aligncenter" src="http://nofm-radio.com/wp-content/uploads/2016/06/Antología3.jpg" alt="Antología3" width="610" height="346" /></a></p>
