{"id":18195,"date":"2016-06-14T16:39:49","date_gmt":"2016-06-14T21:39:49","guid":{"rendered":"http:\/\/nofm-radio.com\/?p=18195"},"modified":"2016-06-14T16:39:49","modified_gmt":"2016-06-14T21:39:49","slug":"8-lecciones-dolorosas-que-nos-dejo-el-ataque-en-orlando","status":"publish","type":"archivo","link":"https:\/\/nofm-radio.com\/?archivo=8-lecciones-dolorosas-que-nos-dejo-el-ataque-en-orlando","title":{"rendered":"8 lecciones dolorosas que nos dej\u00f3 el ataque en Orlando"},"content":{"rendered":"<p>Es lamentable, en eso concordamos todos. El saldo de <strong>50 muertos y 53 heridos<\/strong> en el ataque al bar <strong>Pulse<\/strong> en <strong>Orlando<\/strong> la madrugada del domingo es apabullante por lo doloroso, por lo injustificable y absurdo de los argumentos. Las <strong>muestras de solidaridad<\/strong> en el mundo no se hicieron esperar, el arco\u00edris apareci\u00f3 en todo su esplendor en edificios emblem\u00e1ticos, hubo tributos en la televisi\u00f3n y las calles, y eso es de festejarse. Sin embargo, no podemos ignorar otras reacciones que son tan alarmantes como el ataque mismo. Estas reacciones son sumamente peligrosas por lo normalizadas que est\u00e1n, porque casi son socialmente aceptables, y porque mientras no las visibilicemos estaremos en constante riesgo de que tragedias como la de Orlando se repitan una y otra vez.<br \/>\nAc\u00e1 les dejamos 8 lecciones dolorosas que aprendimos despu\u00e9s del tiroteo en Orlando, y que, lamentablemente, nos empe\u00f1amos en aprender s\u00f3lo despu\u00e9s de que sucede una desgracia.<br \/>\n<strong>* \u00bfQui\u00e9n tiene la culpa y qui\u00e9n es el villano?<\/strong><br \/>\nEn cuanto se identific\u00f3 al atacante, empezaron las acusaciones. <strong>Omar Mateen<\/strong> era <strong>musulm\u00e1n<\/strong>, era (o al menos parec\u00eda)<strong> extranjero<\/strong> y era<strong> bipolar<\/strong>. Ninguna de las tres caracter\u00edsticas vuelve a alguien malvado o condenable. De la misma manera que la preferencia sexual de las v\u00edctimas no es justificaci\u00f3n para el ataque. El hecho de que en las noticias equiparen la religi\u00f3n, la enfermedad, el origen \u00e9tnico o la preferencia sexual con males que causan un atentado,\u00a0oculta el verdadero acto de violencia en cuesti\u00f3n que es la\u00a0<strong>Homofobia<\/strong>. Como dice <strong><a href=\"&lt;iframe%20src=&quot;https:\/\/www.facebook.com\/plugins\/post.php?href=https%3A%2F%2Fwww.facebook.com%2Fcatalina.ruiznavarro%2Fposts%2F10157097663065311&amp;width=500&quot; width=&quot;500&quot; height=&quot;256&quot; style=&quot;border:none;overflow:hidden&quot; scrolling=&quot;no&quot; frameborder=&quot;0&quot; allowTransparency=&quot;true&quot;&gt;&lt;\/iframe&gt;\" target=\"_blank\" rel=\"noopener noreferrer\">Catalina Ruiz Navarro<\/a><\/strong>, no ver eso &#8220;<span style=\"color: #1d2129;\">es una manera de desidentificarse del problema, llev\u00e1ndose entre las piernas a unas categor\u00edas que devienen estigmatizadas tener una violencia intr\u00ednseca.&#8221;\u00a0<\/span><br \/>\n<a class=\"no-eff img-link lightbox\" href=\"http:\/\/nofm-radio.com\/wp-content\/uploads\/2016\/06\/Orlando3.jpg\"><img loading=\"lazy\" decoding=\"async\" class=\"alignnone size-full wp-image-18204\" src=\"http:\/\/nofm-radio.com\/wp-content\/uploads\/2016\/06\/Orlando3.jpg\" alt=\"Orlando3\" width=\"1440\" height=\"720\" \/><\/a><br \/>\n<strong>* Homofobia maquillada<\/strong><br \/>\nSin lugar a dudas, el ataque de Orlando fue un <strong>crimen de odio<\/strong>, uno cuya \u00fanica justificaci\u00f3n es atacar a otro por ser como es. Es importante reconocerlo e identificarlo; sin embargo, la cobertura de los medios de comunicaci\u00f3n ha explotado la preferencia sexual de las v\u00edctimas de una manera sensacionalista: se enfatiza que son gays, se enfatiza que estaban en una celebraci\u00f3n del<strong> d\u00eda del orgullo gay<\/strong>. En esa insistencia hay una cosificaci\u00f3n de las v\u00edctimas: no eran personas cualquiera con derecho a la vida, eran <strong>homosexuales<\/strong>. Una vez m\u00e1s lo repetimos, el peso de la tragedia est\u00e1 en la muerte y en la violencia sist\u00e9mica de la causa de la muerte. La nota no es la preferencia sexual de las v\u00edctimas, es el c\u00famulo de discriminaciones y violencias materializadas en el arma de Mateen.<br \/>\n&nbsp;<br \/>\n<strong>* El homenaje al futuro promisorio<\/strong><br \/>\nBien\u00a0sabemos que lo m\u00e1s triste es pensar en un futuro que ya no ser\u00e1. Es m\u00e1s que necesario celebrar las vidas de las v\u00edctimas, es importante conocer y reconocer qui\u00e9nes eran, qu\u00e9 perdimos, sobre todo para sus seres queridos. No obstante de nuevo hay que evitar caer en la cosificaci\u00f3n. En <a href=\"http:\/\/www.chicagotribune.com\/news\/nationworld\/ct-victims-orlando-gay-nightclub-shooting-20160613-storygallery.html\" target=\"_blank\" rel=\"noopener noreferrer\">diversos tributos <\/a>a las personas asesinadas se hablan de lo buenas personas que eran, de los futuros promisorios, de la calidad moral de muchos de ellos. Todo muy digno de reconocimiento, pero, una vez m\u00e1s, no es el motivo de peso por el que el ataque no debi\u00f3 suceder. Las muertes de esas 50 personas eran innecesarias, sin importar si ayudaban a su comunidad o eran universitarios, eso no hace a una vida m\u00e1s valiosa y la p\u00e9rdida menos\u00a0sensible. El <strong>derecho a la vida<\/strong> es lo que debe defenderse, sin importar qu\u00e9 es lo que se haga con esa vida.<br \/>\n<a class=\"no-eff img-link lightbox\" href=\"http:\/\/nofm-radio.com\/wp-content\/uploads\/2016\/06\/Orlando4.jpg\"><img loading=\"lazy\" decoding=\"async\" class=\"alignnone size-full wp-image-18205\" src=\"http:\/\/nofm-radio.com\/wp-content\/uploads\/2016\/06\/Orlando4.jpg\" alt=\"Orlando4\" width=\"960\" height=\"676\" \/><\/a><br \/>\n<strong>* Detente, respira y al\u00e9jate de las redes<\/strong><br \/>\nTodos sabemos la extra\u00f1a relaci\u00f3n que tenemos actualmente con las redes sociales. Lo \u00fatiles que son&#8230; y tambi\u00e9n lo peligrosas. M\u00e1s de uno cay\u00f3 en la tentaci\u00f3n de hacer comentarios inapropiados, crueles, absurdos y pendejos sobre el ataque al Pulse. M\u00e1s all\u00e1 de manifestaciones de odio contra la comunidad homosexual, a las que sin duda debemos atender en todos los frentes, se generaron discusiones que nada ten\u00edan que ver con la denuncia y las muestras de solidaridad. Ejemplo: <strong>Laura Zapata<\/strong>, quien se dedic\u00f3 a pelear hasta la madrugada con los usuarios del <strong><a href=\"https:\/\/twitter.com\/search?src=typd&amp;q=%23LauraZapataLiderDeISIS\" target=\"_blank\" rel=\"noopener noreferrer\">#LauraZapataL\u00edderdeISIS<\/a><\/strong>. Si bien el humor siempre ayuda a aliviar la tensi\u00f3n, este tipo de pleitos s\u00f3lo evidencian, por un lado, que la<strong> homofobia<\/strong> est\u00e1 en todos lados (saludos a <a href=\"http:\/\/www.eluniversal.com.mx\/articulo\/estados\/2016\/06\/12\/cesan-funcionario-de-jalisco-por-dicho-homofobico\" target=\"_blank\" rel=\"noopener noreferrer\">Jes\u00fas Manzo<\/a>), y por otro, la absoluta incapacidad que tenemos para discutir sobre las acciones propias que pueden ser signos de discriminaci\u00f3n y violencia.<br \/>\n<strong>* Farol de la calle&#8230;<\/strong><br \/>\nLas muestras de solidaridad son vitales, pero estar atentos a lo que sucede en nuestro entorno tambi\u00e9n. Desde el d\u00eda de ayer se hizo mucho \u00e9nfasis en la poca atenci\u00f3n medi\u00e1tica que hab\u00eda merecido <a href=\"http:\/\/www.publimetro.com.mx\/noticias\/el-ataque-al-bar-gay-en-veracruz-del-que-casi-nadie-hablo\/mpfl!fmDjoDacg0JGI\/\" target=\"_blank\" rel=\"noopener noreferrer\">el ataque a un bar gay en <strong>Xalapa<\/strong><\/a> hace un par de semanas. Y no, como ya dijimos, no es que unas vidas valgan m\u00e1s que otras. Tampoco es que nos tengan que doler m\u00e1s los muertos porque son mexicanos, se trata de distinguir en que espectros podemos tener mayor acci\u00f3n real. S\u00ed, podemos tuitear <strong>#PrayForOrlando<\/strong>, pero tambi\u00e9n podemos presionar a nuestros legisladores para que aprueben el <strong>matrimonio igualitario,<\/strong> podemos ser m\u00e1s conscientes de nuestras pr\u00e1cticas discriminatorias diarias. La solidaridad est\u00e1 en el mundo tridimensional, y podemos hacer m\u00e1s atendiendo nuestro espacio m\u00e1s cercano.<br \/>\n<img loading=\"lazy\" decoding=\"async\" class=\"alignnone size-full wp-image-18206\" src=\"http:\/\/nofm-radio.com\/wp-content\/uploads\/2016\/06\/Orlando5.jpg\" alt=\"Orlando5\" width=\"1000\" height=\"600\" \/><br \/>\n<strong>* Vigilancia inservible<\/strong><br \/>\nUna de las cosas m\u00e1s relevantes que destap\u00f3 el ataque en Orlando es la profunda inutilidad de la vigilancia estadounidense. El <strong>FBI<\/strong> ya hab\u00eda investigado en dos ocasiones a <strong>Omar Mateen<\/strong> por sospechas de <strong>terrorismo<\/strong>. En ambas ocasiones, nada hab\u00eda sido conclusivo. Lo interrogaron, lo vigilaron por sus viajes a <strong>Arabia Saudita<\/strong>, porque sus padres son inmigrantes afganos, y las ramas les taparon los \u00e1rboles&#8230;<br \/>\n<strong>* El elefante en la habitaci\u00f3n<\/strong><br \/>\nLo que evidentemente no vieron los agentes de FBI, lo que se niegan a ver los pol\u00edticos norteamericanos es que el ataque se realiz\u00f3 porque Omar Mateen pudo conseguir y usar un arma de la manera m\u00e1s f\u00e1cil y legal: ten\u00eda permiso para portar ambas armas y las dos fueron compradas legalmente, aun con sus antecedentes de <strong>violencia dom\u00e9stica<\/strong>. El problema de las<strong> armas<\/strong> es la gran piedra en el zapato que el gobierno estadounidense no quiere sacudirse. Tanto as\u00ed que ni el presidente ni los candidatos han hecho alguna referencia al respecto. La respuesta ser\u00e1, no lo dudemos, un en\u00e9rgico ataque contra las fuerzas de <strong>ISIS<\/strong>, aunque el atacante no tenga v\u00ednculos claros, antes que una revisi\u00f3n de la pol\u00edtica de armas en Estados Unidos.<br \/>\n<iframe loading=\"lazy\" src=\"https:\/\/www.youtube.com\/embed\/t88X1pYQu-I\" width=\"560\" height=\"315\" frameborder=\"0\" allowfullscreen=\"allowfullscreen\"><\/iframe><br \/>\n<strong>* Donald Trump, nunca<\/strong><br \/>\nYa sabemos que saben, pero nunca sobra recordarlo. Algo que una vez m\u00e1s nos queda claro es que <strong>Donald Trump<\/strong> es un pendejazo. M\u00e1s all\u00e1 de que los pol\u00edticos no quieran atender la cuesti\u00f3n de las armas, el empresario ha aprovechado la masacre de Orlando para incrementar su campa\u00f1a discriminatoria contra los <strong>migrantes<\/strong>. \u00bfEl resultado? En dos d\u00edas la venta de armas, en especial del usado por Mateen, se ha incrementado notablemente.<br \/>\n&nbsp;<br \/>\nAs\u00ed es, muchachos y muchachas, que sigan las muestras de solidaridad, pero ante todo que predomine la consciencia de los actos discriminaci\u00f3n que ejercemos cotidianamente, y sobre todo que la reprobaci\u00f3n de hechos tan sangrientos como los del domingo\u00a0no nos haga caer en esa violencia que nos sigue consumiendo de a poco.<br \/>\n&nbsp;<br \/>\n<a class=\"no-eff img-link lightbox\" href=\"http:\/\/nofm-radio.com\/wp-content\/uploads\/2016\/06\/pu\u00f1ito.jpg\"><img loading=\"lazy\" decoding=\"async\" class=\"alignnone size-full wp-image-18216\" src=\"http:\/\/nofm-radio.com\/wp-content\/uploads\/2016\/06\/pu\u00f1ito.jpg\" alt=\"pu\u00f1ito\" width=\"980\" height=\"490\" \/><\/a><\/p>\n","protected":false},"template":"","meta":{"_id_youtube":"","_id_vimeo":"","_podcasts_duration":"","_podcasts_url":"","_podcasts_show":"","_prog_horario_dias":"","_prog_hora":"","_prog_duration":""},"class_list":["post-18195","archivo","type-archivo","status-publish","hentry"],"_links":{"self":[{"href":"https:\/\/nofm-radio.com\/index.php?rest_route=\/wp\/v2\/archivo\/18195","targetHints":{"allow":["GET"]}}],"collection":[{"href":"https:\/\/nofm-radio.com\/index.php?rest_route=\/wp\/v2\/archivo"}],"about":[{"href":"https:\/\/nofm-radio.com\/index.php?rest_route=\/wp\/v2\/types\/archivo"}],"wp:attachment":[{"href":"https:\/\/nofm-radio.com\/index.php?rest_route=%2Fwp%2Fv2%2Fmedia&parent=18195"}],"curies":[{"name":"wp","href":"https:\/\/api.w.org\/{rel}","templated":true}]}}

8 lecciones dolorosas que nos dejó el ataque en Orlando

<p>Es lamentable, en eso concordamos todos. El saldo de <strong>50 muertos y 53 heridos</strong> en el ataque al bar <strong>Pulse</strong> en <strong>Orlando</strong> la madrugada del domingo es apabullante por lo doloroso, por lo injustificable y absurdo de los argumentos. Las <strong>muestras de solidaridad</strong> en el mundo no se hicieron esperar, el arcoíris apareció en todo su esplendor en edificios emblemáticos, hubo tributos en la televisión y las calles, y eso es de festejarse. Sin embargo, no podemos ignorar otras reacciones que son tan alarmantes como el ataque mismo. Estas reacciones son sumamente peligrosas por lo normalizadas que están, porque casi son socialmente aceptables, y porque mientras no las visibilicemos estaremos en constante riesgo de que tragedias como la de Orlando se repitan una y otra vez.<br />
Acá les dejamos 8 lecciones dolorosas que aprendimos después del tiroteo en Orlando, y que, lamentablemente, nos empeñamos en aprender sólo después de que sucede una desgracia.<br />
<strong>* ¿Quién tiene la culpa y quién es el villano?</strong><br />
En cuanto se identificó al atacante, empezaron las acusaciones. <strong>Omar Mateen</strong> era <strong>musulmán</strong>, era (o al menos parecía)<strong> extranjero</strong> y era<strong> bipolar</strong>. Ninguna de las tres características vuelve a alguien malvado o condenable. De la misma manera que la preferencia sexual de las víctimas no es justificación para el ataque. El hecho de que en las noticias equiparen la religión, la enfermedad, el origen étnico o la preferencia sexual con males que causan un atentado, oculta el verdadero acto de violencia en cuestión que es la <strong>Homofobia</strong>. Como dice <strong><a href="&lt;iframe%20src=&quot;https://www.facebook.com/plugins/post.php?href=https%3A%2F%2Fwww.facebook.com%2Fcatalina.ruiznavarro%2Fposts%2F10157097663065311&amp;width=500&quot; width=&quot;500&quot; height=&quot;256&quot; style=&quot;border:none;overflow:hidden&quot; scrolling=&quot;no&quot; frameborder=&quot;0&quot; allowTransparency=&quot;true&quot;&gt;&lt;/iframe&gt;" target="_blank" rel="noopener noreferrer">Catalina Ruiz Navarro</a></strong>, no ver eso &#8220;<span style="color: #1d2129;">es una manera de desidentificarse del problema, llevándose entre las piernas a unas categorías que devienen estigmatizadas tener una violencia intrínseca.&#8221; </span><br />
<a class="no-eff img-link lightbox" href="http://nofm-radio.com/wp-content/uploads/2016/06/Orlando3.jpg"><img loading="lazy" decoding="async" class="alignnone size-full wp-image-18204" src="http://nofm-radio.com/wp-content/uploads/2016/06/Orlando3.jpg" alt="Orlando3" width="1440" height="720" /></a><br />
<strong>* Homofobia maquillada</strong><br />
Sin lugar a dudas, el ataque de Orlando fue un <strong>crimen de odio</strong>, uno cuya única justificación es atacar a otro por ser como es. Es importante reconocerlo e identificarlo; sin embargo, la cobertura de los medios de comunicación ha explotado la preferencia sexual de las víctimas de una manera sensacionalista: se enfatiza que son gays, se enfatiza que estaban en una celebración del<strong> día del orgullo gay</strong>. En esa insistencia hay una cosificación de las víctimas: no eran personas cualquiera con derecho a la vida, eran <strong>homosexuales</strong>. Una vez más lo repetimos, el peso de la tragedia está en la muerte y en la violencia sistémica de la causa de la muerte. La nota no es la preferencia sexual de las víctimas, es el cúmulo de discriminaciones y violencias materializadas en el arma de Mateen.<br />
&nbsp;<br />
<strong>* El homenaje al futuro promisorio</strong><br />
Bien sabemos que lo más triste es pensar en un futuro que ya no será. Es más que necesario celebrar las vidas de las víctimas, es importante conocer y reconocer quiénes eran, qué perdimos, sobre todo para sus seres queridos. No obstante de nuevo hay que evitar caer en la cosificación. En <a href="http://www.chicagotribune.com/news/nationworld/ct-victims-orlando-gay-nightclub-shooting-20160613-storygallery.html" target="_blank" rel="noopener noreferrer">diversos tributos </a>a las personas asesinadas se hablan de lo buenas personas que eran, de los futuros promisorios, de la calidad moral de muchos de ellos. Todo muy digno de reconocimiento, pero, una vez más, no es el motivo de peso por el que el ataque no debió suceder. Las muertes de esas 50 personas eran innecesarias, sin importar si ayudaban a su comunidad o eran universitarios, eso no hace a una vida más valiosa y la pérdida menos sensible. El <strong>derecho a la vida</strong> es lo que debe defenderse, sin importar qué es lo que se haga con esa vida.<br />
<a class="no-eff img-link lightbox" href="http://nofm-radio.com/wp-content/uploads/2016/06/Orlando4.jpg"><img loading="lazy" decoding="async" class="alignnone size-full wp-image-18205" src="http://nofm-radio.com/wp-content/uploads/2016/06/Orlando4.jpg" alt="Orlando4" width="960" height="676" /></a><br />
<strong>* Detente, respira y aléjate de las redes</strong><br />
Todos sabemos la extraña relación que tenemos actualmente con las redes sociales. Lo útiles que son&#8230; y también lo peligrosas. Más de uno cayó en la tentación de hacer comentarios inapropiados, crueles, absurdos y pendejos sobre el ataque al Pulse. Más allá de manifestaciones de odio contra la comunidad homosexual, a las que sin duda debemos atender en todos los frentes, se generaron discusiones que nada tenían que ver con la denuncia y las muestras de solidaridad. Ejemplo: <strong>Laura Zapata</strong>, quien se dedicó a pelear hasta la madrugada con los usuarios del <strong><a href="https://twitter.com/search?src=typd&amp;q=%23LauraZapataLiderDeISIS" target="_blank" rel="noopener noreferrer">#LauraZapataLíderdeISIS</a></strong>. Si bien el humor siempre ayuda a aliviar la tensión, este tipo de pleitos sólo evidencian, por un lado, que la<strong> homofobia</strong> está en todos lados (saludos a <a href="http://www.eluniversal.com.mx/articulo/estados/2016/06/12/cesan-funcionario-de-jalisco-por-dicho-homofobico" target="_blank" rel="noopener noreferrer">Jesús Manzo</a>), y por otro, la absoluta incapacidad que tenemos para discutir sobre las acciones propias que pueden ser signos de discriminación y violencia.<br />
<strong>* Farol de la calle&#8230;</strong><br />
Las muestras de solidaridad son vitales, pero estar atentos a lo que sucede en nuestro entorno también. Desde el día de ayer se hizo mucho énfasis en la poca atención mediática que había merecido <a href="http://www.publimetro.com.mx/noticias/el-ataque-al-bar-gay-en-veracruz-del-que-casi-nadie-hablo/mpfl!fmDjoDacg0JGI/" target="_blank" rel="noopener noreferrer">el ataque a un bar gay en <strong>Xalapa</strong></a> hace un par de semanas. Y no, como ya dijimos, no es que unas vidas valgan más que otras. Tampoco es que nos tengan que doler más los muertos porque son mexicanos, se trata de distinguir en que espectros podemos tener mayor acción real. Sí, podemos tuitear <strong>#PrayForOrlando</strong>, pero también podemos presionar a nuestros legisladores para que aprueben el <strong>matrimonio igualitario,</strong> podemos ser más conscientes de nuestras prácticas discriminatorias diarias. La solidaridad está en el mundo tridimensional, y podemos hacer más atendiendo nuestro espacio más cercano.<br />
<img loading="lazy" decoding="async" class="alignnone size-full wp-image-18206" src="http://nofm-radio.com/wp-content/uploads/2016/06/Orlando5.jpg" alt="Orlando5" width="1000" height="600" /><br />
<strong>* Vigilancia inservible</strong><br />
Una de las cosas más relevantes que destapó el ataque en Orlando es la profunda inutilidad de la vigilancia estadounidense. El <strong>FBI</strong> ya había investigado en dos ocasiones a <strong>Omar Mateen</strong> por sospechas de <strong>terrorismo</strong>. En ambas ocasiones, nada había sido conclusivo. Lo interrogaron, lo vigilaron por sus viajes a <strong>Arabia Saudita</strong>, porque sus padres son inmigrantes afganos, y las ramas les taparon los árboles&#8230;<br />
<strong>* El elefante en la habitación</strong><br />
Lo que evidentemente no vieron los agentes de FBI, lo que se niegan a ver los políticos norteamericanos es que el ataque se realizó porque Omar Mateen pudo conseguir y usar un arma de la manera más fácil y legal: tenía permiso para portar ambas armas y las dos fueron compradas legalmente, aun con sus antecedentes de <strong>violencia doméstica</strong>. El problema de las<strong> armas</strong> es la gran piedra en el zapato que el gobierno estadounidense no quiere sacudirse. Tanto así que ni el presidente ni los candidatos han hecho alguna referencia al respecto. La respuesta será, no lo dudemos, un enérgico ataque contra las fuerzas de <strong>ISIS</strong>, aunque el atacante no tenga vínculos claros, antes que una revisión de la política de armas en Estados Unidos.<br />
<iframe loading="lazy" src="https://www.youtube.com/embed/t88X1pYQu-I" width="560" height="315" frameborder="0" allowfullscreen="allowfullscreen"></iframe><br />
<strong>* Donald Trump, nunca</strong><br />
Ya sabemos que saben, pero nunca sobra recordarlo. Algo que una vez más nos queda claro es que <strong>Donald Trump</strong> es un pendejazo. Más allá de que los políticos no quieran atender la cuestión de las armas, el empresario ha aprovechado la masacre de Orlando para incrementar su campaña discriminatoria contra los <strong>migrantes</strong>. ¿El resultado? En dos días la venta de armas, en especial del usado por Mateen, se ha incrementado notablemente.<br />
&nbsp;<br />
Así es, muchachos y muchachas, que sigan las muestras de solidaridad, pero ante todo que predomine la consciencia de los actos discriminación que ejercemos cotidianamente, y sobre todo que la reprobación de hechos tan sangrientos como los del domingo no nos haga caer en esa violencia que nos sigue consumiendo de a poco.<br />
&nbsp;<br />
<a class="no-eff img-link lightbox" href="http://nofm-radio.com/wp-content/uploads/2016/06/puñito.jpg"><img loading="lazy" decoding="async" class="alignnone size-full wp-image-18216" src="http://nofm-radio.com/wp-content/uploads/2016/06/puñito.jpg" alt="puñito" width="980" height="490" /></a></p>
