{"id":18274,"date":"2016-06-17T14:54:43","date_gmt":"2016-06-17T19:54:43","guid":{"rendered":"http:\/\/nofm-radio.com\/?p=18274"},"modified":"2016-06-17T14:54:43","modified_gmt":"2016-06-17T19:54:43","slug":"roger-waters-millennial","status":"publish","type":"archivo","link":"https:\/\/nofm-radio.com\/?archivo=roger-waters-millennial","title":{"rendered":"Roger Waters, millennial"},"content":{"rendered":"<p>Por <strong>Jos\u00e9 Pulido<\/strong> <a href=\"https:\/\/twitter.com\/RigoMortiz\" target=\"_blank\" rel=\"noopener noreferrer\">@RigoMortiz<\/a> Y usted se preguntar\u00e1, \u00bfqui\u00e9n se cree este cabr\u00f3n hijo de puta que poco o nada sabe de m\u00fasica para venirme a decir esta barbaridad? Pues bien, En unos cuantos p\u00e1rrafos tratar\u00e9 de explicar por qu\u00e9 el bajista y vocalista de <strong>Pink Floyd<\/strong> es un <strong>millennial<\/strong> y en qu\u00e9 se parecen. Adem\u00e1s har\u00e9 algunas notas sobre poes\u00eda, poetas que se quitan la vida a no temprana edad y de c\u00f3mo hay banda que se aprovecha de eso para empoderarse. Y todo en este art\u00edculo. As\u00ed que siga leyendo. Aunque para fines econ\u00f3micos los <strong>millennials<\/strong> somos todas aquellas personas que nacimos a partir de los 80 considero que a m\u00ed y a los m\u00edos nos separan un par de cosas de las generaciones m\u00e1s tempranas. Empezando porque nosotros vivimos un rato considerable sin internet e incluso cuando \u00e9ste hizo su aparici\u00f3n en nuestra vida lo hizo a trav\u00e9s de un cable telef\u00f3nico y no pod\u00edamos estar conectados todo el tiempo porque nuestros padres ten\u00edan que hacer alguna llamada y, aunque no lo crean, no estar como bobitos trepados a la red todo el tiempo viviendo a trav\u00e9s de las pantallas, nos ense\u00f1o a pensar distinto. Otro punto que viene del anterior es que nosotros somos una especie de generaci\u00f3n bisagra, el tiempo se mov\u00eda diferente, antes todo era un poco m\u00e1s lento \u2013y creo que eso es bueno para pensar\u2013. Me explico mejor. Todo el mundo dice que los contenidos son el presente, que todo se trata de eso, pero para nosotros el <strong>Contenido<\/strong> existe en el atributo sintagm\u00e1tico y paradigm\u00e1tico del lenguaje. Un contenido es para mi generaci\u00f3n, al menos para unos cuantos millones, aquello que persiste dentro de una forma determinada que requiere de cierta profundidad. Ahora la gente de publicidad y marketing le llaman contenido a hacer una descripci\u00f3n de setenta caracteres de alg\u00fan producto en l\u00ednea, por ejemplo un chup\u00f3n. Lo m\u00e1s importante, nuestra forma de relacionarnos con los dem\u00e1s era distinta, se aleja un poco del <strong>narcisismo exacerbado<\/strong> y el otro se nos presenta como complementariedad, no como m\u00e1quina productora de sensaciones (buenas y malas) con la finalidad de banalizar todo a trav\u00e9s de la entrega total a uno mismo. Uno se abandonaba en el otro muchas veces. A eso me refiero, exist\u00eda la consideraci\u00f3n, la satisfacci\u00f3n personal \u2013parad\u00f3jicamente\u2013radicaba en compartirla. <a class=\"no-eff img-link lightbox\" href=\"http:\/\/nofm-radio.com\/wp-content\/uploads\/2016\/06\/gerardo-arana.png\"><img loading=\"lazy\" decoding=\"async\" class=\"alignnone size-full wp-image-18283\" src=\"http:\/\/nofm-radio.com\/wp-content\/uploads\/2016\/06\/gerardo-arana.png\" alt=\"gerardo arana\" width=\"1399\" height=\"1227\" \/><\/a> No dejo de pensar en esa estrategia mercadol\u00f3gica que represent\u00f3 para <strong>Gerardo Arana<\/strong> haberse quitado la vida (a la manera de <strong>Foster Wallace<\/strong> pero sin una obra tan voluminosa ni por asomo tan buena). Aqu\u00ed el asunto es que tenemos a un <strong>mal poeta<\/strong>, un <strong>narrador mediano<\/strong>, con una novela francamente est\u00fapida que pretende lo experimental, tratando de legitimar su presencia \u2013seamos honestos\u2013 de la manera m\u00e1s sencilla: mat\u00e1ndose y no escribiendo. No digo que no tenga sus implicaciones tomar una decisi\u00f3n de ese tipo, pero vamos, si te matas para trascender est\u00e1s atrapado en el <strong>siglo XIX<\/strong> y\/o eres un <strong>millenial<\/strong>. Pero no se trata de una decisi\u00f3n que, sea lo que sea, en el fondo me parece de lo m\u00e1s valiente. No. Se trata de c\u00f3mo sus amigos a trav\u00e9s de \u00e9l lo legitimaron para legitimarse ellos. Me parece francamente repulsivo. A veces creo que la <strong>poes\u00eda<\/strong>, incluso la que existe en algunos versos de <strong>Gerardo<\/strong> nos ofrece salvarnos del <strong>surfing cibern\u00e9tico<\/strong>, de los mares de informaci\u00f3n que nuestro cerebro no procesa y que se confunde todo el tiempo con el conocimiento. Pero vamos, no quiero parecer pos apocal\u00edptico. Y bueno, pues nada, el hecho de que <strong>Roger Waters<\/strong> venga a <strong>M\u00e9xico<\/strong> una vez m\u00e1s s\u00f3lo demuestra que somos una cultura enamorada de un pasado que muchas veces ni siquiera nos perteneci\u00f3, pero bueno esa es la cosa con la m\u00fasica, para eso es tambi\u00e9n. Pero igual me parece un acto de narcisismo puro, una acci\u00f3n para buscar su lugar \u2013que en s\u00ed ya tiene pero parece que no lo ve\u2013 dentro de la historia del <strong>Rock<\/strong>. Es un acto miope y ego\u00edsta, como <strong>Garc\u00eda M\u00e1rquez<\/strong> pidiendo que le llamen <strong>Gabo<\/strong> para regocijarse en s\u00ed mismo, su \u201c<strong>Gabinidad<\/strong>\u201d y seguir escribiendo decenas de libros malos. (El <strong>narcisismo millennial<\/strong> hace su aparici\u00f3n de nuevo). Tocar las canciones famosas de la banda que incluyen esa perpetua nostalgia por <strong>Syd Barrett<\/strong>, otra leyenda \u2013esta s\u00ed real\u2013 del mundo de la m\u00fasica, es regodearse en un \u2013digamos\u2013 <strong>one hit wonder<\/strong> discogr\u00e1fico. Esto no significa que <strong>Roger Waters<\/strong> no me guste, pero las cosas como son, aunque nos duelan. Es un bobito, un <strong>millennial<\/strong> que sigue surfeando sobre la misma tabla. Sus canciones pueden haber envejecido, pero no lo queremos aceptar. La muerte es escandalosa siempre, y m\u00e1s cuando se trata de demostrar algo a trav\u00e9s de ella. Pero tal vez exagero y, a lo mejor los amigos de <strong>Gerardo<\/strong> s\u00f3lo tratan de decirle, como Waters a Barret \u2013o como lo har\u00eda cualquiera con su mejor amigo perdido\u2013\u201cEy, viejo, mira, estoy tratando de hacer las cosas lo mejor que puedo\u201d. <a class=\"no-eff img-link lightbox\" href=\"http:\/\/nofm-radio.com\/wp-content\/uploads\/2016\/06\/roger-fallen-1.jpg\"><img loading=\"lazy\" decoding=\"async\" class=\"alignnone size-full wp-image-18284\" src=\"http:\/\/nofm-radio.com\/wp-content\/uploads\/2016\/06\/roger-fallen-1.jpg\" alt=\"roger fallen 1\" width=\"1920\" height=\"1080\" \/><\/a><\/p>\n","protected":false},"template":"","meta":{"_id_youtube":"","_id_vimeo":"","_podcasts_duration":"","_podcasts_url":"","_podcasts_show":"","_prog_horario_dias":"","_prog_hora":"","_prog_duration":""},"class_list":["post-18274","archivo","type-archivo","status-publish","hentry"],"_links":{"self":[{"href":"https:\/\/nofm-radio.com\/index.php?rest_route=\/wp\/v2\/archivo\/18274","targetHints":{"allow":["GET"]}}],"collection":[{"href":"https:\/\/nofm-radio.com\/index.php?rest_route=\/wp\/v2\/archivo"}],"about":[{"href":"https:\/\/nofm-radio.com\/index.php?rest_route=\/wp\/v2\/types\/archivo"}],"wp:attachment":[{"href":"https:\/\/nofm-radio.com\/index.php?rest_route=%2Fwp%2Fv2%2Fmedia&parent=18274"}],"curies":[{"name":"wp","href":"https:\/\/api.w.org\/{rel}","templated":true}]}}

<p>Por <strong>José Pulido</strong> <a href="https://twitter.com/RigoMortiz" target="_blank" rel="noopener noreferrer">@RigoMortiz</a> Y usted se preguntará, ¿quién se cree este cabrón hijo de puta que poco o nada sabe de música para venirme a decir esta barbaridad? Pues bien, En unos cuantos párrafos trataré de explicar por qué el bajista y vocalista de <strong>Pink Floyd</strong> es un <strong>millennial</strong> y en qué se parecen. Además haré algunas notas sobre poesía, poetas que se quitan la vida a no temprana edad y de cómo hay banda que se aprovecha de eso para empoderarse. Y todo en este artículo. Así que siga leyendo. Aunque para fines económicos los <strong>millennials</strong> somos todas aquellas personas que nacimos a partir de los 80 considero que a mí y a los míos nos separan un par de cosas de las generaciones más tempranas. Empezando porque nosotros vivimos un rato considerable sin internet e incluso cuando éste hizo su aparición en nuestra vida lo hizo a través de un cable telefónico y no podíamos estar conectados todo el tiempo porque nuestros padres tenían que hacer alguna llamada y, aunque no lo crean, no estar como bobitos trepados a la red todo el tiempo viviendo a través de las pantallas, nos enseño a pensar distinto. Otro punto que viene del anterior es que nosotros somos una especie de generación bisagra, el tiempo se movía diferente, antes todo era un poco más lento –y creo que eso es bueno para pensar–. Me explico mejor. Todo el mundo dice que los contenidos son el presente, que todo se trata de eso, pero para nosotros el <strong>Contenido</strong> existe en el atributo sintagmático y paradigmático del lenguaje. Un contenido es para mi generación, al menos para unos cuantos millones, aquello que persiste dentro de una forma determinada que requiere de cierta profundidad. Ahora la gente de publicidad y marketing le llaman contenido a hacer una descripción de setenta caracteres de algún producto en línea, por ejemplo un chupón. Lo más importante, nuestra forma de relacionarnos con los demás era distinta, se aleja un poco del <strong>narcisismo exacerbado</strong> y el otro se nos presenta como complementariedad, no como máquina productora de sensaciones (buenas y malas) con la finalidad de banalizar todo a través de la entrega total a uno mismo. Uno se abandonaba en el otro muchas veces. A eso me refiero, existía la consideración, la satisfacción personal –paradójicamente–radicaba en compartirla. <a class="no-eff img-link lightbox" href="http://nofm-radio.com/wp-content/uploads/2016/06/gerardo-arana.png"><img loading="lazy" decoding="async" class="alignnone size-full wp-image-18283" src="http://nofm-radio.com/wp-content/uploads/2016/06/gerardo-arana.png" alt="gerardo arana" width="1399" height="1227" /></a> No dejo de pensar en esa estrategia mercadológica que representó para <strong>Gerardo Arana</strong> haberse quitado la vida (a la manera de <strong>Foster Wallace</strong> pero sin una obra tan voluminosa ni por asomo tan buena). Aquí el asunto es que tenemos a un <strong>mal poeta</strong>, un <strong>narrador mediano</strong>, con una novela francamente estúpida que pretende lo experimental, tratando de legitimar su presencia –seamos honestos– de la manera más sencilla: matándose y no escribiendo. No digo que no tenga sus implicaciones tomar una decisión de ese tipo, pero vamos, si te matas para trascender estás atrapado en el <strong>siglo XIX</strong> y/o eres un <strong>millenial</strong>. Pero no se trata de una decisión que, sea lo que sea, en el fondo me parece de lo más valiente. No. Se trata de cómo sus amigos a través de él lo legitimaron para legitimarse ellos. Me parece francamente repulsivo. A veces creo que la <strong>poesía</strong>, incluso la que existe en algunos versos de <strong>Gerardo</strong> nos ofrece salvarnos del <strong>surfing cibernético</strong>, de los mares de información que nuestro cerebro no procesa y que se confunde todo el tiempo con el conocimiento. Pero vamos, no quiero parecer pos apocalíptico. Y bueno, pues nada, el hecho de que <strong>Roger Waters</strong> venga a <strong>México</strong> una vez más sólo demuestra que somos una cultura enamorada de un pasado que muchas veces ni siquiera nos perteneció, pero bueno esa es la cosa con la música, para eso es también. Pero igual me parece un acto de narcisismo puro, una acción para buscar su lugar –que en sí ya tiene pero parece que no lo ve– dentro de la historia del <strong>Rock</strong>. Es un acto miope y egoísta, como <strong>García Márquez</strong> pidiendo que le llamen <strong>Gabo</strong> para regocijarse en sí mismo, su “<strong>Gabinidad</strong>” y seguir escribiendo decenas de libros malos. (El <strong>narcisismo millennial</strong> hace su aparición de nuevo). Tocar las canciones famosas de la banda que incluyen esa perpetua nostalgia por <strong>Syd Barrett</strong>, otra leyenda –esta sí real– del mundo de la música, es regodearse en un –digamos– <strong>one hit wonder</strong> discográfico. Esto no significa que <strong>Roger Waters</strong> no me guste, pero las cosas como son, aunque nos duelan. Es un bobito, un <strong>millennial</strong> que sigue surfeando sobre la misma tabla. Sus canciones pueden haber envejecido, pero no lo queremos aceptar. La muerte es escandalosa siempre, y más cuando se trata de demostrar algo a través de ella. Pero tal vez exagero y, a lo mejor los amigos de <strong>Gerardo</strong> sólo tratan de decirle, como Waters a Barret –o como lo haría cualquiera con su mejor amigo perdido–“Ey, viejo, mira, estoy tratando de hacer las cosas lo mejor que puedo”. <a class="no-eff img-link lightbox" href="http://nofm-radio.com/wp-content/uploads/2016/06/roger-fallen-1.jpg"><img loading="lazy" decoding="async" class="alignnone size-full wp-image-18284" src="http://nofm-radio.com/wp-content/uploads/2016/06/roger-fallen-1.jpg" alt="roger fallen 1" width="1920" height="1080" /></a></p>
