{"id":18297,"date":"2016-06-20T15:26:08","date_gmt":"2016-06-20T20:26:08","guid":{"rendered":"http:\/\/nofm-radio.com\/?p=18297"},"modified":"2016-06-20T15:26:08","modified_gmt":"2016-06-20T20:26:08","slug":"8-reacciones-al-enfrentamiento-en-nochixtlan","status":"publish","type":"archivo","link":"https:\/\/nofm-radio.com\/?archivo=8-reacciones-al-enfrentamiento-en-nochixtlan","title":{"rendered":"8 reacciones al enfrentamiento en #Nochixtl\u00e1n"},"content":{"rendered":"<p>Un fin de semana rojo en nuestro pa\u00eds. No hay otra manera de decirlo. Los hechos sucedidos en<strong> Oaxaca<\/strong> el fin de semana, tanto el enfrentamiento en Nochixtl\u00e1n como el desalojo de la refiner\u00eda en<strong> Salina Cruz<\/strong>, y el sitio de la capital oaxaque\u00f1a son muestras ya no s\u00f3lo del <strong>conflicto magisterial<\/strong>, sino de la poca capacidad del <strong>Estado mexicano<\/strong> para lidiar con cualquier crisis social. Las contradictorias declaraciones de los pocos funcionario que han salido a hablar sobre el tema, y la importante ausencia de un pronunciamiento de la<strong> presidencia<\/strong> o de la <strong>secretar\u00eda de gobernaci\u00f3n<\/strong>, son reacciones que a todos debieran alarmarnos. No se trata de estar de un lado o de otro en el conflicto que gener\u00f3 el ba\u00f1o de sangre del domingo, se trata de ver la indolencia de un estado que no es capaz, ya no de argumentar el <strong>uso excesivo de la fuerza<\/strong>, sino de siquiera mostrar que se percataron de las seis personas asesinadas, las m\u00e1s de cien lesionadas, la veintena de detenidos (que bien podr\u00edan ser desaparecidos, puesto que se desconoce su situaci\u00f3n jur\u00eddica, ni a d\u00f3nde fueron trasladados).<br \/>\nTodos sabemos qu\u00e9 pas\u00f3 el domingo en <strong>Nochixtl\u00e1n<\/strong>, pero las reacciones a estos hechos nos dejan en una grave incertidumbre, y con la plena seguridad de que hay que hacer algo.<br \/>\n<strong>* &#8220;Sin\u00a0incidentes&#8221;<\/strong><br \/>\nUna de las principales denuncias el d\u00eda de ayer fue el ataque de las fuerzas policiales con <strong>armas de asalto<\/strong>. Alrededor de las 2 de la tarde, la polic\u00eda federal, a trav\u00e9s de su cuenta de twitter, afirm\u00f3 que los polic\u00edas no iban armados. Despu\u00e9s de ser desmentidos por los medios de comunicaci\u00f3n y las redes sociales, aceptaron, ya en la noche, que casi al final del operativo llegaron oficiales armados. Hoy por la ma\u00f1ana, <strong>Enrique Galindo<\/strong>, comisionado de seguridad,\u00a0declara que los <strong>desalojos<\/strong> se hicieron sin incidentes, y que, aunque lamentables los hechos del domingo, se viven de manera distinta dependiendo de los frentes en que se ve.<br \/>\n<iframe loading=\"lazy\" src=\"https:\/\/w.soundcloud.com\/player\/?url=https%3A\/\/api.soundcloud.com\/tracks\/270007408&amp;auto_play=false&amp;hide_related=false&amp;show_comments=true&amp;show_user=true&amp;show_reposts=false&amp;visual=true\" width=\"100%\" height=\"450\" frameborder=\"no\" scrolling=\"no\"><\/iframe><br \/>\n<strong>* &#8220;Del lado de los manifestantes no hab\u00eda armas&#8221;<\/strong><br \/>\nLa teor\u00eda de la emboscada a la polic\u00eda se sostiene en el dicho de que infiltrados encapuchados (s\u00ed, otra vez los encapuchados) dispararon tanto a los maestros de la CNTE como a los polic\u00edas. Por su parte,<a href=\"http:\/\/www.eluniversal.com.mx\/entrada-de-opinion\/columna\/hector-de-mauleon\/nacion\/2016\/06\/20\/asesinos-en-la-cnte\" target=\"_blank\" rel=\"noopener noreferrer\"><strong> H\u00e9ctor de Maule\u00f3n<\/strong> se\u00f1ala directamente a los simpatizantes de la <strong>CNTE<\/strong> de haber asesinado al fotorreportero <strong>Elidio Ramos Z\u00e1rate<\/strong><\/a>. Sin embargo, no hay hasta el momento ninguna documentaci\u00f3n, como s\u00ed la hay de los ataques de la fuerza p\u00fablica, que compruebe que los manifestantes portaran armas de fuego, como lo reporta <strong>Jorge Arturo P\u00e9rez\u00a0<\/strong>de\u00a0<strong>Cuartoscuro.<\/strong><br \/>\n<iframe loading=\"lazy\" src=\"https:\/\/w.soundcloud.com\/player\/?url=https%3A\/\/api.soundcloud.com\/tracks\/270012878&amp;auto_play=false&amp;hide_related=false&amp;show_comments=true&amp;show_user=true&amp;show_reposts=false&amp;visual=true\" width=\"100%\" height=\"450\" frameborder=\"no\" scrolling=\"no\"><\/iframe><br \/>\n<strong>* &#8220;Ning\u00fan profesor entre los muertos&#8221;<\/strong><br \/>\nEl gobernador de Oaxaca, <strong>Gabino Cu\u00e9<\/strong>, sali\u00f3 ayer mismo por la noche a respaldar la versi\u00f3n de los infiltrados. Seg\u00fan dijo, los <strong>maestros<\/strong> son minor\u00eda, y el uso de la fuerza su ejecut\u00f3 para evitar actos de violencia y de saqueos que personas ajenas a los maestros realizan al amparo de las protestas. Hoy por la ma\u00f1ana, <a href=\"http:\/\/noticieros.televisa.com\/programas-primero-noticias\/1308\/cue-oaxaca-no-es-rehen-cnte\/\" target=\"_blank\" rel=\"noopener noreferrer\">en entrevista con <strong>Carlos Loret de Mola<\/strong><\/a>, afirm\u00f3 tambi\u00e9n que ninguno de los muertos es maestro, sino personas que se dedican a otra cosa o estaban en el tianguis de la zona.<br \/>\n<iframe loading=\"lazy\" src=\"https:\/\/www.youtube.com\/embed\/8_xBamGNEds\" width=\"560\" height=\"315\" frameborder=\"0\" allowfullscreen=\"allowfullscreen\"><\/iframe><br \/>\n<strong>* &#8220;Fueron 8 muertos&#8221;<\/strong><br \/>\nEn conferencia de prensa, los representantes de la <strong>CNTE<\/strong> elevaron la cifra de muertos a 8, aunque no dieron mayores datos de identificaci\u00f3n. Por otro lado, desconocieron la gobernatura de Gabino Cu\u00e9, de la que afirmaron <span style=\"color: #000000;\">&#8220;Tuvieron la oportunidad de resolver de manera pac\u00edfica y ordenada, a trav\u00e9s del debate, pero demostraron no tener la capacidad pol\u00edtica.&#8221; Escucha la entrevista de <strong>Edith Santiba\u00f1ez<\/strong> con <strong>Denise Maerker<\/strong> <a href=\"http:\/\/www.radioformula.com.mx\/reproductor.asp\" target=\"_blank\" rel=\"noopener noreferrer\">aqu\u00ed<\/a>.<\/span><br \/>\n<strong>* &#8220;No deseamos, de ninguna manera buscamos, ni queremos que haya un enfrentamiento en la capital&#8221;<\/strong><br \/>\n<strong>Miguel \u00c1ngel Mancera<\/strong> descart\u00f3 el uso de la fuerza contra la CNTE, pues en la capital no se desea un enfrentamiento. Adem\u00e1s asegur\u00f3 que las fuerzas de la Ciudad de M\u00e9xico no cuentan con armamento. Sin embargo, hoy 20 de junio se ha reportado que manifestantes que estaban, o se dirig\u00edan, a la <strong>representaci\u00f3n del estado de Oaxaca<\/strong> en la capital, fueron encapsulados y detenidos. Las mujeres manifestantes han reportado violencia sexual mientras eran trasladadas para ser presentadas ante un juez c\u00edvico. La lista de detenidos puede ser consultada <a href=\"http:\/\/www.comitecerezo.org\/spip.php?article2527\" target=\"_blank\" rel=\"noopener noreferrer\">aqu\u00ed<\/a>.<br \/>\n<iframe loading=\"lazy\" style=\"border: none; overflow: hidden;\" src=\"https:\/\/www.facebook.com\/plugins\/video.php?href=https%3A%2F%2Fwww.facebook.com%2F814884115225867%2Fvideos%2F1042025319178411%2F&amp;show_text=0&amp;width=560\" width=\"560\" height=\"315\" frameborder=\"0\" scrolling=\"no\" allowfullscreen=\"allowfullscreen\"><\/iframe><br \/>\n<strong>* Acciones a nivel nacional<\/strong><br \/>\nAdem\u00e1s de las muestras de solidaridad por miembros del magisterio de Chiapas, Guerrero y Michoac\u00e1n, la <strong>Asamblea de la CNTE<\/strong> anunci\u00f3, despu\u00e9s de una sesi\u00f3n que se extendi\u00f3 hasta la madrugada, los siguientes puntos de acuerdo:<a class=\"no-eff img-link lightbox\" href=\"http:\/\/nofm-radio.com\/wp-content\/uploads\/2016\/06\/Cnte.png\"><img loading=\"lazy\" decoding=\"async\" class=\"alignnone size-full wp-image-18301\" src=\"http:\/\/nofm-radio.com\/wp-content\/uploads\/2016\/06\/Cnte.png\" alt=\"Cnte\" width=\"749\" height=\"551\" \/><\/a><br \/>\n<strong>* &#8220;Se abre una vieja herida&#8221;<\/strong><br \/>\nEl secretario de asuntos ind\u00edgenas de Oaxaca, <strong>Adelfo Regino Montes<\/strong>, renunci\u00f3 a su cargo ante los incidentes del domingo. Pueden leer la carta de renuncia <a href=\"https:\/\/twitter.com\/search?q=%40DEELAYUUK&amp;src=typd\" target=\"_blank\" rel=\"noopener noreferrer\">aqu\u00ed<\/a>.<\/p>\n<blockquote class=\"twitter-tweet\" data-lang=\"es\">\n<p dir=\"ltr\" lang=\"es\">Hoy he presentado mi renuncia a la Titularidad de la SAI, y exijo un Di\u00e1logo urgente entre el Gobierno y la CNTE. <a href=\"https:\/\/t.co\/NfPxB0WT7j\">pic.twitter.com\/NfPxB0WT7j<\/a><\/p>\n<p>\u2014 Adelfo Regino Montes (@DEELAYUUK) <a href=\"https:\/\/twitter.com\/DEELAYUUK\/status\/744947675741618176\">20 de junio de 2016<\/a><\/p><\/blockquote>\n<p><script src=\"\/\/platform.twitter.com\/widgets.js\" async=\"\" charset=\"utf-8\"><\/script><strong>* &#8220;Ante los lamentables hechos de violencia&#8221;<\/strong><br \/>\nCinco tuits es la reacci\u00f3n del Ejecutivo de un pa\u00eds en llamas.<\/p>\n<blockquote class=\"twitter-tweet\" data-lang=\"es\"><p>\nHe girado instrucciones para que, en el marco de la ley, se tomen las acciones necesarias para solucionar el conflicto.<br \/>\n\u2014 Enrique Pe\u00f1a Nieto (@EPN) <a href=\"https:\/\/twitter.com\/EPN\/status\/744956447654453249\">20 de junio de 2016<\/a>\n<\/p><\/blockquote>\n<p><script src=\"\/\/platform.twitter.com\/widgets.js\" async=\"\" charset=\"utf-8\"><\/script><br \/>\nAs\u00ed es, muchachos y muchachas, mucho falta por decir y por aclarar, mucho falta por explicar. Y quiz\u00e1 la reacci\u00f3n que m\u00e1s hace falta es la nuestra. La pregunta es m\u00e1s v\u00e1lida que nunca: \u00bfqu\u00e9 hacer? \u00bfMarchar, condenar, exigir, informarse? \u00bfQu\u00e9 hacer con un pa\u00eds que se desmorona a los ojos de todos, pero que no todos quieren ver?<\/p>\n","protected":false},"template":"","meta":{"_id_youtube":"","_id_vimeo":"","_podcasts_duration":"","_podcasts_url":"","_podcasts_show":"","_prog_horario_dias":"","_prog_hora":"","_prog_duration":""},"class_list":["post-18297","archivo","type-archivo","status-publish","hentry"],"_links":{"self":[{"href":"https:\/\/nofm-radio.com\/index.php?rest_route=\/wp\/v2\/archivo\/18297","targetHints":{"allow":["GET"]}}],"collection":[{"href":"https:\/\/nofm-radio.com\/index.php?rest_route=\/wp\/v2\/archivo"}],"about":[{"href":"https:\/\/nofm-radio.com\/index.php?rest_route=\/wp\/v2\/types\/archivo"}],"wp:attachment":[{"href":"https:\/\/nofm-radio.com\/index.php?rest_route=%2Fwp%2Fv2%2Fmedia&parent=18297"}],"curies":[{"name":"wp","href":"https:\/\/api.w.org\/{rel}","templated":true}]}}

8 reacciones al enfrentamiento en #Nochixtlán

<p>Un fin de semana rojo en nuestro país. No hay otra manera de decirlo. Los hechos sucedidos en<strong> Oaxaca</strong> el fin de semana, tanto el enfrentamiento en Nochixtlán como el desalojo de la refinería en<strong> Salina Cruz</strong>, y el sitio de la capital oaxaqueña son muestras ya no sólo del <strong>conflicto magisterial</strong>, sino de la poca capacidad del <strong>Estado mexicano</strong> para lidiar con cualquier crisis social. Las contradictorias declaraciones de los pocos funcionario que han salido a hablar sobre el tema, y la importante ausencia de un pronunciamiento de la<strong> presidencia</strong> o de la <strong>secretaría de gobernación</strong>, son reacciones que a todos debieran alarmarnos. No se trata de estar de un lado o de otro en el conflicto que generó el baño de sangre del domingo, se trata de ver la indolencia de un estado que no es capaz, ya no de argumentar el <strong>uso excesivo de la fuerza</strong>, sino de siquiera mostrar que se percataron de las seis personas asesinadas, las más de cien lesionadas, la veintena de detenidos (que bien podrían ser desaparecidos, puesto que se desconoce su situación jurídica, ni a dónde fueron trasladados).<br />
Todos sabemos qué pasó el domingo en <strong>Nochixtlán</strong>, pero las reacciones a estos hechos nos dejan en una grave incertidumbre, y con la plena seguridad de que hay que hacer algo.<br />
<strong>* &#8220;Sin incidentes&#8221;</strong><br />
Una de las principales denuncias el día de ayer fue el ataque de las fuerzas policiales con <strong>armas de asalto</strong>. Alrededor de las 2 de la tarde, la policía federal, a través de su cuenta de twitter, afirmó que los policías no iban armados. Después de ser desmentidos por los medios de comunicación y las redes sociales, aceptaron, ya en la noche, que casi al final del operativo llegaron oficiales armados. Hoy por la mañana, <strong>Enrique Galindo</strong>, comisionado de seguridad, declara que los <strong>desalojos</strong> se hicieron sin incidentes, y que, aunque lamentables los hechos del domingo, se viven de manera distinta dependiendo de los frentes en que se ve.<br />
<iframe loading="lazy" src="https://w.soundcloud.com/player/?url=https%3A//api.soundcloud.com/tracks/270007408&amp;auto_play=false&amp;hide_related=false&amp;show_comments=true&amp;show_user=true&amp;show_reposts=false&amp;visual=true" width="100%" height="450" frameborder="no" scrolling="no"></iframe><br />
<strong>* &#8220;Del lado de los manifestantes no había armas&#8221;</strong><br />
La teoría de la emboscada a la policía se sostiene en el dicho de que infiltrados encapuchados (sí, otra vez los encapuchados) dispararon tanto a los maestros de la CNTE como a los policías. Por su parte,<a href="http://www.eluniversal.com.mx/entrada-de-opinion/columna/hector-de-mauleon/nacion/2016/06/20/asesinos-en-la-cnte" target="_blank" rel="noopener noreferrer"><strong> Héctor de Mauleón</strong> señala directamente a los simpatizantes de la <strong>CNTE</strong> de haber asesinado al fotorreportero <strong>Elidio Ramos Zárate</strong></a>. Sin embargo, no hay hasta el momento ninguna documentación, como sí la hay de los ataques de la fuerza pública, que compruebe que los manifestantes portaran armas de fuego, como lo reporta <strong>Jorge Arturo Pérez </strong>de <strong>Cuartoscuro.</strong><br />
<iframe loading="lazy" src="https://w.soundcloud.com/player/?url=https%3A//api.soundcloud.com/tracks/270012878&amp;auto_play=false&amp;hide_related=false&amp;show_comments=true&amp;show_user=true&amp;show_reposts=false&amp;visual=true" width="100%" height="450" frameborder="no" scrolling="no"></iframe><br />
<strong>* &#8220;Ningún profesor entre los muertos&#8221;</strong><br />
El gobernador de Oaxaca, <strong>Gabino Cué</strong>, salió ayer mismo por la noche a respaldar la versión de los infiltrados. Según dijo, los <strong>maestros</strong> son minoría, y el uso de la fuerza su ejecutó para evitar actos de violencia y de saqueos que personas ajenas a los maestros realizan al amparo de las protestas. Hoy por la mañana, <a href="http://noticieros.televisa.com/programas-primero-noticias/1308/cue-oaxaca-no-es-rehen-cnte/" target="_blank" rel="noopener noreferrer">en entrevista con <strong>Carlos Loret de Mola</strong></a>, afirmó también que ninguno de los muertos es maestro, sino personas que se dedican a otra cosa o estaban en el tianguis de la zona.<br />
<iframe loading="lazy" src="https://www.youtube.com/embed/8_xBamGNEds" width="560" height="315" frameborder="0" allowfullscreen="allowfullscreen"></iframe><br />
<strong>* &#8220;Fueron 8 muertos&#8221;</strong><br />
En conferencia de prensa, los representantes de la <strong>CNTE</strong> elevaron la cifra de muertos a 8, aunque no dieron mayores datos de identificación. Por otro lado, desconocieron la gobernatura de Gabino Cué, de la que afirmaron <span style="color: #000000;">&#8220;Tuvieron la oportunidad de resolver de manera pacífica y ordenada, a través del debate, pero demostraron no tener la capacidad política.&#8221; Escucha la entrevista de <strong>Edith Santibañez</strong> con <strong>Denise Maerker</strong> <a href="http://www.radioformula.com.mx/reproductor.asp" target="_blank" rel="noopener noreferrer">aquí</a>.</span><br />
<strong>* &#8220;No deseamos, de ninguna manera buscamos, ni queremos que haya un enfrentamiento en la capital&#8221;</strong><br />
<strong>Miguel Ángel Mancera</strong> descartó el uso de la fuerza contra la CNTE, pues en la capital no se desea un enfrentamiento. Además aseguró que las fuerzas de la Ciudad de México no cuentan con armamento. Sin embargo, hoy 20 de junio se ha reportado que manifestantes que estaban, o se dirigían, a la <strong>representación del estado de Oaxaca</strong> en la capital, fueron encapsulados y detenidos. Las mujeres manifestantes han reportado violencia sexual mientras eran trasladadas para ser presentadas ante un juez cívico. La lista de detenidos puede ser consultada <a href="http://www.comitecerezo.org/spip.php?article2527" target="_blank" rel="noopener noreferrer">aquí</a>.<br />
<iframe loading="lazy" style="border: none; overflow: hidden;" src="https://www.facebook.com/plugins/video.php?href=https%3A%2F%2Fwww.facebook.com%2F814884115225867%2Fvideos%2F1042025319178411%2F&amp;show_text=0&amp;width=560" width="560" height="315" frameborder="0" scrolling="no" allowfullscreen="allowfullscreen"></iframe><br />
<strong>* Acciones a nivel nacional</strong><br />
Además de las muestras de solidaridad por miembros del magisterio de Chiapas, Guerrero y Michoacán, la <strong>Asamblea de la CNTE</strong> anunció, después de una sesión que se extendió hasta la madrugada, los siguientes puntos de acuerdo:<a class="no-eff img-link lightbox" href="http://nofm-radio.com/wp-content/uploads/2016/06/Cnte.png"><img loading="lazy" decoding="async" class="alignnone size-full wp-image-18301" src="http://nofm-radio.com/wp-content/uploads/2016/06/Cnte.png" alt="Cnte" width="749" height="551" /></a><br />
<strong>* &#8220;Se abre una vieja herida&#8221;</strong><br />
El secretario de asuntos indígenas de Oaxaca, <strong>Adelfo Regino Montes</strong>, renunció a su cargo ante los incidentes del domingo. Pueden leer la carta de renuncia <a href="https://twitter.com/search?q=%40DEELAYUUK&amp;src=typd" target="_blank" rel="noopener noreferrer">aquí</a>.</p>
<blockquote class="twitter-tweet" data-lang="es">
<p dir="ltr" lang="es">Hoy he presentado mi renuncia a la Titularidad de la SAI, y exijo un Diálogo urgente entre el Gobierno y la CNTE. <a href="https://t.co/NfPxB0WT7j">pic.twitter.com/NfPxB0WT7j</a></p>
<p>— Adelfo Regino Montes (@DEELAYUUK) <a href="https://twitter.com/DEELAYUUK/status/744947675741618176">20 de junio de 2016</a></p></blockquote>
<p><script src="//platform.twitter.com/widgets.js" async="" charset="utf-8"></script><strong>* &#8220;Ante los lamentables hechos de violencia&#8221;</strong><br />
Cinco tuits es la reacción del Ejecutivo de un país en llamas.</p>
<blockquote class="twitter-tweet" data-lang="es"><p>
He girado instrucciones para que, en el marco de la ley, se tomen las acciones necesarias para solucionar el conflicto.<br />
— Enrique Peña Nieto (@EPN) <a href="https://twitter.com/EPN/status/744956447654453249">20 de junio de 2016</a>
</p></blockquote>
<p><script src="//platform.twitter.com/widgets.js" async="" charset="utf-8"></script><br />
Así es, muchachos y muchachas, mucho falta por decir y por aclarar, mucho falta por explicar. Y quizá la reacción que más hace falta es la nuestra. La pregunta es más válida que nunca: ¿qué hacer? ¿Marchar, condenar, exigir, informarse? ¿Qué hacer con un país que se desmorona a los ojos de todos, pero que no todos quieren ver?</p>
