{"id":18337,"date":"2016-06-21T17:13:40","date_gmt":"2016-06-21T22:13:40","guid":{"rendered":"http:\/\/nofm-radio.com\/?p=18337"},"modified":"2016-06-21T17:13:40","modified_gmt":"2016-06-21T22:13:40","slug":"el-coraje-no-solo-tiene-que-ver-con-el-magisterio","status":"publish","type":"archivo","link":"https:\/\/nofm-radio.com\/?archivo=el-coraje-no-solo-tiene-que-ver-con-el-magisterio","title":{"rendered":"El coraje no s\u00f3lo tiene que ver con el magisterio"},"content":{"rendered":"<p>Por <strong>Diego Mej\u00eda<\/strong><br \/>\n<a href=\"https:\/\/twitter.com\/diegmej\" target=\"_blank\" rel=\"noopener noreferrer\">@diegmej<\/a><br \/>\nCuando el verano, la <strong>Ciudad de M\u00e9xico<\/strong> muestra sus car\u00e1cter m\u00e1s vers\u00e1til, ma\u00f1anas soleadas, nubes rechonchas y un calor que asciende, antes de la once de la ma\u00f1ana, cerca de los 25 grados; por la tardes troca el sol por nubes grises, vientos que entran por el norte del Valle, y chubascos que refrescan un suelo ardiente por tres meses de calor primaveral.<br \/>\nTambi\u00e9n hay d\u00edas, en el verano de la <strong>capital<\/strong>, que amanecen con el cielo encapotado, con millones de litros de agua vaporizados a cientos de kil\u00f3metros que viajan en nubes oscuras; signos de tormentas que vienen de m\u00e1s all\u00e1 de las monta\u00f1as, depresiones, tormentas y ciclones tropicales que se toman cuerpo, en el centralista imaginario del <strong>chilango<\/strong>, porque inundan las calles y paralizan el libre tr\u00e1nsito de los veh\u00edculos. Todo existe hasta llegar a mi colonia, hasta que me impide llegar a la funci\u00f3n de las ocho en Plaza Universidad.<br \/>\nEl <strong>domingo<\/strong> por la ma\u00f1ana la capital amaneci\u00f3 nublada.<br \/>\nLa noche anterior, en <strong>Salina Cruz, Oaxaca<\/strong>, sucedi\u00f3 el inicio de la tormenta. Polic\u00edas federales, armados con inexperiencia, y bajo \u00f3rdenes empa\u00f1adas por la soberbia, la indiferencia y la ignorancia, comenzaron el <strong>desalojo<\/strong> de la carretera y la refiner\u00eda del puerto, que estaban en manos de miembros y simpatizantes de la <strong>Secci\u00f3n 22 de la CNTE<\/strong>. Llovieron golpes y balas, la violencia se condens\u00f3 en el humo de las bengalas.<br \/>\nEn Salina Cruz, las cumbres de la<strong> Sierra Madre Occidental<\/strong> descansa en un canal por el que se cuelan los poderosos vientos del Golfo que chocan en una danza tropical con las corrientes a\u00e9reas y marinas del Pac\u00edfico. As\u00ed nacen los ciclones tropicales. El s\u00e1bado por la noche fracas\u00f3 la pol\u00edtica, ese arte de conjugar las diferencias, frente al unilateral discurso del orden y el \u201crestablecimiento\u201d de la <strong>paz social<\/strong>.<br \/>\n<iframe loading=\"lazy\" src=\"https:\/\/www.youtube.com\/embed\/DNlAcuF1kpQ\" width=\"560\" height=\"315\" frameborder=\"0\" allowfullscreen=\"allowfullscreen\"><\/iframe><br \/>\nLa noticia, como <strong>alerta meteorol\u00f3gica<\/strong>, poco a poco fue llegando al centro del pa\u00eds, de a tuits se fue colocando en medio de la verg\u00fcenza y burlas que tomaron las <strong>redes sociales<\/strong> por la miserable respuesta que tuvieron los jugadores de la <strong>selecci\u00f3n nacional<\/strong> en los cuartos de final de la <strong>Copa Am\u00e9rica del Centenario<\/strong>, ante la aceitada selecci\u00f3n chilena. Un siete a cero, sin penas. A los seleccionados mexicanos no los toca el aire ni el viento convulso del pa\u00eds. A diferencia de otros equipos, Alemania en el 54, Argentina en el 86, los jugadores nacionales viven en un burbuja de protecci\u00f3n en la que no hay tormentas ni sequ\u00edas, no hay fuegos ni inundaciones. No representa a un pueblo aunque dicen hacerlo; igual que los funcionarios de los tres poderes de la Uni\u00f3n.<br \/>\nEl domingo, la nubes que nacieron en Salina Cruz llegaron a los <strong>Valles Centrales<\/strong> oaxaque\u00f1os y a la <strong>Mixteca<\/strong>. En <strong>Nochixtl\u00e1n<\/strong>, la entrada natural a la ciudad de Oaxaca, se enfrentaron, eufemismo utilizado por los <strong>medios de comunicaci\u00f3n<\/strong> que mucho dicen y que nada informan, polic\u00edas federales (respaldados, seg\u00fan la v\u00e1lida sospecha, por miembros vestidos de civiles, armados y disueltos entre los manifestantes) y maestros de la coordinadora. Hab\u00eda que recuperar el camino secuestrado por los manifestantes y garantizar la movilidad de productos y el libre tr\u00e1nsito de los ciudadanos.<br \/>\nLas contradicciones de lo sucedido, en voz de<strong> Enrique Galindo<\/strong>, comisionado de la Polic\u00eda Federal, desbordan las aguas de la duda y la leg\u00edtima queja. No hay una narrativa clara de lo sucedido, lo \u00fanico que se puede inferir es la <strong>falta de inteligencia<\/strong> y de manuales de operaci\u00f3n con los que desempe\u00f1a su labor la instituci\u00f3n federal, en la que descansa el uso leg\u00edtimo y legal de la fuerza p\u00fablica. Cuando la inteligencia falta, las bestialidad se asoma: 10 personas murieron el domingo en Nochixtl\u00e1n, a causa de los golpes, las balas o la negligencia que impidi\u00f3 la oportuna atenci\u00f3n m\u00e9dica; tres maneras de la brutalidad, tres matices en el violento paisaje de los <strong>Derechos Humanos<\/strong> en el pa\u00eds.<br \/>\n<iframe loading=\"lazy\" src=\"https:\/\/www.youtube.com\/embed\/L6mr2zF49gE\" width=\"560\" height=\"315\" frameborder=\"0\" allowfullscreen=\"allowfullscreen\"><\/iframe><br \/>\nUn cicl\u00f3n es m\u00e1s fuerte en medida de la diferencia entre las temperaturas de los vientos que se enfrentan. Oaxaca, desde hace mucho tiempo, arde con una furia que alimentan la <strong>desigualdad<\/strong>, la corrupci\u00f3n y la burla gubernamental. La queja no reside s\u00f3lo en la CNTE, el coraje no s\u00f3lo tiene que ver con la manifestaci\u00f3n de un sector del magisterio.<br \/>\nAnte las ardientes corrientes que salen del sureste, el centro del pa\u00eds sopla con g\u00e9lida<strong> indiferencia<\/strong>.<br \/>\nM\u00e1s all\u00e1 de la <strong>reforma educativa<\/strong>, que ten\u00eda un piso leg\u00edtimo pero que su ejecuci\u00f3n fue terrible y disfraz\u00f3 la necesidad con la imposici\u00f3n pol\u00edtica (no se modificaron planes ni m\u00e9todos de estudio), el gobierno federal desoye a los manifestantes y reduce los gritos al mal humor. Esa frase que desacredita cualquier malestar todo lo ves mal, ya chole con tus quejas.<br \/>\nNo se trata de simpatizar, o no s\u00f3lo de eso, con los maestros de la coordinadora, hijos tambi\u00e9n del corporativismo con el que el <strong>PRI<\/strong> manipulo y ciment\u00f3 su poder en el Estado. Se trata de defender el <strong>estado de derecho<\/strong>, de poner en la mesa de la discusi\u00f3n lo que realmente lacera a este pa\u00eds, seg\u00fan n\u00fameros del Informe Presidencial, de las 109 mil escuelas de educaci\u00f3n b\u00e1sica en el pa\u00eds, <strong>64% tienen deficiencia de infraestructura<\/strong>; en miles de ellas no hay ba\u00f1os, pizarrones, paredes; muchas de ellas no son escuelas a final de cuentas, sino parajes, huecos, salones, que son habitados por maestros que cargan con pizarrones, gises y su vocaci\u00f3n para llevar las letras y los n\u00fameros a los ni\u00f1os m\u00e1s necesitados, m\u00e1s <strong>violentados<\/strong> de todo el territorio nacional. Ni\u00f1os, en su mayor\u00eda ind\u00edgenas, que est\u00e1n destinados a la mala instrucci\u00f3n, a la <strong>violencia laboral<\/strong>, a la superviviencia, a cargar sobre sus hombros el alto precio del progreso de unos cuantos.<br \/>\n<iframe loading=\"lazy\" class=\"giphy-embed\" src=\"\/\/giphy.com\/embed\/xT0GqJcflrIn6XBP2M\" width=\"480\" height=\"480\" frameborder=\"0\" allowfullscreen=\"allowfullscreen\"><\/iframe><br \/>\nPodemos, muchos lo estamos, estar en contra de los vicios en los que deriv\u00f3 la <strong>estructura sindical<\/strong> en la educaci\u00f3n nacional: moches, transas, herencia de plazas, m\u00e9ritos con la c\u00fapula. Fuera de eso, que constituye la m\u00ednima parte de la queja magisterial de la coordinadora, los maestros tienen la obligaci\u00f3n de defender sus <strong>derechos laborales<\/strong> como lo tiene cualquier otro trabajador. Es importante porque la seguridad laboral se diluye cada d\u00eda m\u00e1s, porque los trabajadores son las sustancia del desarrollo.<br \/>\nUtilizando la met\u00e1fora de <strong>Manuel Gil Ant\u00f3n<\/strong>, el sistema educativo es un cami\u00f3n viejo, destartalado y sin mantenimiento, al que se le quiso modernizar poni\u00e9ndole corbata al chofer. Adem\u00e1s, el camino, como las serpientes de asfalto que cruzan las violentas cumbres oaxaque\u00f1as, se enloda y cierra cada que las lluvias caen sobre la tierra.<br \/>\nAl igual que los polic\u00edas, los<strong> legisladores<\/strong> hicieron una reforma sin informaci\u00f3n, sin tomar en cuenta las muchas realidades que habitan en el pa\u00eds, hicieron sus estrategia con datos truncos, desde sus premisas personales, desde imponer una <strong>mano dura<\/strong> que tiene un brazo escu\u00e1lido y no responde a \u00f3rdenes pensadas y estrat\u00e9gicas. Lo m\u00e1s grave es el ensimismamiento, la burla y la estulticia con la operan y dirigen los responsable de la administraci\u00f3n p\u00fablica, quieren ver la tormenta desde los supuestos del canal meteorol\u00f3gico y nunca miran cielo.<br \/>\nArriba hay nubes, hay una tormenta tropical en el Golfo<\/p>\n","protected":false},"template":"","meta":{"_id_youtube":"","_id_vimeo":"","_podcasts_duration":"","_podcasts_url":"","_podcasts_show":"","_prog_horario_dias":"","_prog_hora":"","_prog_duration":""},"class_list":["post-18337","archivo","type-archivo","status-publish","hentry"],"_links":{"self":[{"href":"https:\/\/nofm-radio.com\/index.php?rest_route=\/wp\/v2\/archivo\/18337","targetHints":{"allow":["GET"]}}],"collection":[{"href":"https:\/\/nofm-radio.com\/index.php?rest_route=\/wp\/v2\/archivo"}],"about":[{"href":"https:\/\/nofm-radio.com\/index.php?rest_route=\/wp\/v2\/types\/archivo"}],"wp:attachment":[{"href":"https:\/\/nofm-radio.com\/index.php?rest_route=%2Fwp%2Fv2%2Fmedia&parent=18337"}],"curies":[{"name":"wp","href":"https:\/\/api.w.org\/{rel}","templated":true}]}}

El coraje no sólo tiene que ver con el magisterio

<p>Por <strong>Diego Mejía</strong><br />
<a href="https://twitter.com/diegmej" target="_blank" rel="noopener noreferrer">@diegmej</a><br />
Cuando el verano, la <strong>Ciudad de México</strong> muestra sus carácter más versátil, mañanas soleadas, nubes rechonchas y un calor que asciende, antes de la once de la mañana, cerca de los 25 grados; por la tardes troca el sol por nubes grises, vientos que entran por el norte del Valle, y chubascos que refrescan un suelo ardiente por tres meses de calor primaveral.<br />
También hay días, en el verano de la <strong>capital</strong>, que amanecen con el cielo encapotado, con millones de litros de agua vaporizados a cientos de kilómetros que viajan en nubes oscuras; signos de tormentas que vienen de más allá de las montañas, depresiones, tormentas y ciclones tropicales que se toman cuerpo, en el centralista imaginario del <strong>chilango</strong>, porque inundan las calles y paralizan el libre tránsito de los vehículos. Todo existe hasta llegar a mi colonia, hasta que me impide llegar a la función de las ocho en Plaza Universidad.<br />
El <strong>domingo</strong> por la mañana la capital amaneció nublada.<br />
La noche anterior, en <strong>Salina Cruz, Oaxaca</strong>, sucedió el inicio de la tormenta. Policías federales, armados con inexperiencia, y bajo órdenes empañadas por la soberbia, la indiferencia y la ignorancia, comenzaron el <strong>desalojo</strong> de la carretera y la refinería del puerto, que estaban en manos de miembros y simpatizantes de la <strong>Sección 22 de la CNTE</strong>. Llovieron golpes y balas, la violencia se condensó en el humo de las bengalas.<br />
En Salina Cruz, las cumbres de la<strong> Sierra Madre Occidental</strong> descansa en un canal por el que se cuelan los poderosos vientos del Golfo que chocan en una danza tropical con las corrientes aéreas y marinas del Pacífico. Así nacen los ciclones tropicales. El sábado por la noche fracasó la política, ese arte de conjugar las diferencias, frente al unilateral discurso del orden y el “restablecimiento” de la <strong>paz social</strong>.<br />
<iframe loading="lazy" src="https://www.youtube.com/embed/DNlAcuF1kpQ" width="560" height="315" frameborder="0" allowfullscreen="allowfullscreen"></iframe><br />
La noticia, como <strong>alerta meteorológica</strong>, poco a poco fue llegando al centro del país, de a tuits se fue colocando en medio de la vergüenza y burlas que tomaron las <strong>redes sociales</strong> por la miserable respuesta que tuvieron los jugadores de la <strong>selección nacional</strong> en los cuartos de final de la <strong>Copa América del Centenario</strong>, ante la aceitada selección chilena. Un siete a cero, sin penas. A los seleccionados mexicanos no los toca el aire ni el viento convulso del país. A diferencia de otros equipos, Alemania en el 54, Argentina en el 86, los jugadores nacionales viven en un burbuja de protección en la que no hay tormentas ni sequías, no hay fuegos ni inundaciones. No representa a un pueblo aunque dicen hacerlo; igual que los funcionarios de los tres poderes de la Unión.<br />
El domingo, la nubes que nacieron en Salina Cruz llegaron a los <strong>Valles Centrales</strong> oaxaqueños y a la <strong>Mixteca</strong>. En <strong>Nochixtlán</strong>, la entrada natural a la ciudad de Oaxaca, se enfrentaron, eufemismo utilizado por los <strong>medios de comunicación</strong> que mucho dicen y que nada informan, policías federales (respaldados, según la válida sospecha, por miembros vestidos de civiles, armados y disueltos entre los manifestantes) y maestros de la coordinadora. Había que recuperar el camino secuestrado por los manifestantes y garantizar la movilidad de productos y el libre tránsito de los ciudadanos.<br />
Las contradicciones de lo sucedido, en voz de<strong> Enrique Galindo</strong>, comisionado de la Policía Federal, desbordan las aguas de la duda y la legítima queja. No hay una narrativa clara de lo sucedido, lo único que se puede inferir es la <strong>falta de inteligencia</strong> y de manuales de operación con los que desempeña su labor la institución federal, en la que descansa el uso legítimo y legal de la fuerza pública. Cuando la inteligencia falta, las bestialidad se asoma: 10 personas murieron el domingo en Nochixtlán, a causa de los golpes, las balas o la negligencia que impidió la oportuna atención médica; tres maneras de la brutalidad, tres matices en el violento paisaje de los <strong>Derechos Humanos</strong> en el país.<br />
<iframe loading="lazy" src="https://www.youtube.com/embed/L6mr2zF49gE" width="560" height="315" frameborder="0" allowfullscreen="allowfullscreen"></iframe><br />
Un ciclón es más fuerte en medida de la diferencia entre las temperaturas de los vientos que se enfrentan. Oaxaca, desde hace mucho tiempo, arde con una furia que alimentan la <strong>desigualdad</strong>, la corrupción y la burla gubernamental. La queja no reside sólo en la CNTE, el coraje no sólo tiene que ver con la manifestación de un sector del magisterio.<br />
Ante las ardientes corrientes que salen del sureste, el centro del país sopla con gélida<strong> indiferencia</strong>.<br />
Más allá de la <strong>reforma educativa</strong>, que tenía un piso legítimo pero que su ejecución fue terrible y disfrazó la necesidad con la imposición política (no se modificaron planes ni métodos de estudio), el gobierno federal desoye a los manifestantes y reduce los gritos al mal humor. Esa frase que desacredita cualquier malestar todo lo ves mal, ya chole con tus quejas.<br />
No se trata de simpatizar, o no sólo de eso, con los maestros de la coordinadora, hijos también del corporativismo con el que el <strong>PRI</strong> manipulo y cimentó su poder en el Estado. Se trata de defender el <strong>estado de derecho</strong>, de poner en la mesa de la discusión lo que realmente lacera a este país, según números del Informe Presidencial, de las 109 mil escuelas de educación básica en el país, <strong>64% tienen deficiencia de infraestructura</strong>; en miles de ellas no hay baños, pizarrones, paredes; muchas de ellas no son escuelas a final de cuentas, sino parajes, huecos, salones, que son habitados por maestros que cargan con pizarrones, gises y su vocación para llevar las letras y los números a los niños más necesitados, más <strong>violentados</strong> de todo el territorio nacional. Niños, en su mayoría indígenas, que están destinados a la mala instrucción, a la <strong>violencia laboral</strong>, a la superviviencia, a cargar sobre sus hombros el alto precio del progreso de unos cuantos.<br />
<iframe loading="lazy" class="giphy-embed" src="//giphy.com/embed/xT0GqJcflrIn6XBP2M" width="480" height="480" frameborder="0" allowfullscreen="allowfullscreen"></iframe><br />
Podemos, muchos lo estamos, estar en contra de los vicios en los que derivó la <strong>estructura sindical</strong> en la educación nacional: moches, transas, herencia de plazas, méritos con la cúpula. Fuera de eso, que constituye la mínima parte de la queja magisterial de la coordinadora, los maestros tienen la obligación de defender sus <strong>derechos laborales</strong> como lo tiene cualquier otro trabajador. Es importante porque la seguridad laboral se diluye cada día más, porque los trabajadores son las sustancia del desarrollo.<br />
Utilizando la metáfora de <strong>Manuel Gil Antón</strong>, el sistema educativo es un camión viejo, destartalado y sin mantenimiento, al que se le quiso modernizar poniéndole corbata al chofer. Además, el camino, como las serpientes de asfalto que cruzan las violentas cumbres oaxaqueñas, se enloda y cierra cada que las lluvias caen sobre la tierra.<br />
Al igual que los policías, los<strong> legisladores</strong> hicieron una reforma sin información, sin tomar en cuenta las muchas realidades que habitan en el país, hicieron sus estrategia con datos truncos, desde sus premisas personales, desde imponer una <strong>mano dura</strong> que tiene un brazo escuálido y no responde a órdenes pensadas y estratégicas. Lo más grave es el ensimismamiento, la burla y la estulticia con la operan y dirigen los responsable de la administración pública, quieren ver la tormenta desde los supuestos del canal meteorológico y nunca miran cielo.<br />
Arriba hay nubes, hay una tormenta tropical en el Golfo</p>
