{"id":18340,"date":"2016-06-21T17:48:47","date_gmt":"2016-06-21T22:48:47","guid":{"rendered":"http:\/\/nofm-radio.com\/?p=18340"},"modified":"2016-06-21T17:48:47","modified_gmt":"2016-06-21T22:48:47","slug":"quieres-ayudar-a-los-maestros-aca-te-decimos-donde","status":"publish","type":"archivo","link":"https:\/\/nofm-radio.com\/?archivo=quieres-ayudar-a-los-maestros-aca-te-decimos-donde","title":{"rendered":"\u00bfQuieres ayudar a los maestros? Ac\u00e1 te decimos d\u00f3nde"},"content":{"rendered":"<p>Los <strong>maestros<\/strong> se encuentran en estado de emergencia. Despu\u00e9s de la refriega del fin de semana y tras el continuo acoso que han recibido por parte de las autoridades desde hace d\u00edas, los maestros de la CNTE, los padres de familia, e incluso los ni\u00f1os que est\u00e1n protestando por una revisi\u00f3n de la <strong>reforma educativa<\/strong>, est\u00e1n necesitando ayuda. A partir del <strong>mi\u00e9rcoles 22 de junio<\/strong> estar\u00e1n activos distintos puntos de acopio para apoyar a los maestros de la CNTE, a los que est\u00e1n en el campamento en la<strong> Ciudadela<\/strong>, en la Ciudad de M\u00e9xico, quienes tambi\u00e9n se encargar\u00e1n de trasladar medicamentos y art\u00edculos de primera necesidad a los maestros\u00a0de <strong>Oaxaca<\/strong>.<br \/>\nLes dejamos los datos de <strong>tres centros de acopio<\/strong> en distintos puntos de la <strong>Ciudad de M\u00e9xico<\/strong>. Recuerden, muchachos y muchachas, m\u00e1s all\u00e1 de que estemos de acuerdo o no con su manera de manifestarse, no podemos cuestionar los motivos que tienen para hacerlo. Adem\u00e1s, ya no se trata s\u00f3lo de la lucha magisterial, sino de solidarizarse con gente a la que est\u00e1n matando en las calles por pelear por sus derechos, por no estar de acuerdo. Solidaric\u00e9monos.<br \/>\n&nbsp;<br \/>\n<strong>* Ciudad Universitaria<\/strong><br \/>\n<strong>\u00bfCu\u00e1ndo?\u00a0<\/strong>22 de junio de 10 am a 1 pm<br \/>\n<strong>\u00bfD\u00f3nde?<\/strong> A un costado de la Biblioteca Central, del lado de las Islas (tambi\u00e9n hay otros puntos que puedes acordar con los organizadores)<br \/>\n<strong>Se necesita:<\/strong>\u00a0alimentos no perecederos, vendas, medicamentos y cobijas<br \/>\nM\u00e1s informaci\u00f3n <strong><a href=\"https:\/\/www.facebook.com\/events\/560487717466164\/?active_tab=highlights\" target=\"_blank\" rel=\"noopener noreferrer\">aqu\u00ed<\/a>.<\/strong><br \/>\n&nbsp;<br \/>\n<strong>* El Alicia<\/strong><br \/>\n<strong>\u00bfCu\u00e1ndo?\u00a0<\/strong>22 al 25 de junio de 5 a 8 pm<br \/>\n<strong>\u00bfD\u00f3nde?<\/strong> Multiforo cultural Alicia (Cuauht\u00e9moc 91 A, Colonia Roma)<br \/>\n<strong>Se necesita:<\/strong> materiales de primeros auxilios, de curaci\u00f3n y medicamentos.<br \/>\nM\u00e1s informaci\u00f3n <strong><a href=\"https:\/\/www.facebook.com\/events\/844768118962432\/\" target=\"_blank\" rel=\"noopener noreferrer\">aqu\u00ed.<\/a><\/strong><br \/>\n&nbsp;<br \/>\n<strong>* Mercado Medell\u00edn<\/strong><br \/>\n<strong>\u00bfCu\u00e1ndo? <\/strong>25 y 26 de junio de 4:30 a 7 pm<br \/>\n<strong>\u00bfD\u00f3nde?<\/strong> Medell\u00edn 201, Colonia Roma Sur<br \/>\n<strong>Se necesita:<\/strong> ayuda para recolectar alimentos en el mercado, para cocinar y para trasladar los alimentos al campamento. Tambi\u00e9n se aceptan donaciones de aceite, granos (arroz, avena , frijol, lenteja), jitomate, cebolla, ajo, az\u00facar.<br \/>\nM\u00e1s informaci\u00f3n <strong><a href=\"https:\/\/www.facebook.com\/events\/983926661728314\/\" target=\"_blank\" rel=\"noopener noreferrer\">aqu\u00ed<\/a>.<\/strong><\/p>\n","protected":false},"template":"","meta":{"_id_youtube":"","_id_vimeo":"","_podcasts_duration":"","_podcasts_url":"","_podcasts_show":"","_prog_horario_dias":"","_prog_hora":"","_prog_duration":""},"class_list":["post-18340","archivo","type-archivo","status-publish","hentry"],"_links":{"self":[{"href":"https:\/\/nofm-radio.com\/index.php?rest_route=\/wp\/v2\/archivo\/18340","targetHints":{"allow":["GET"]}}],"collection":[{"href":"https:\/\/nofm-radio.com\/index.php?rest_route=\/wp\/v2\/archivo"}],"about":[{"href":"https:\/\/nofm-radio.com\/index.php?rest_route=\/wp\/v2\/types\/archivo"}],"wp:attachment":[{"href":"https:\/\/nofm-radio.com\/index.php?rest_route=%2Fwp%2Fv2%2Fmedia&parent=18340"}],"curies":[{"name":"wp","href":"https:\/\/api.w.org\/{rel}","templated":true}]}}

¿Quieres ayudar a los maestros? Acá te decimos dónde

<p>Los <strong>maestros</strong> se encuentran en estado de emergencia. Después de la refriega del fin de semana y tras el continuo acoso que han recibido por parte de las autoridades desde hace días, los maestros de la CNTE, los padres de familia, e incluso los niños que están protestando por una revisión de la <strong>reforma educativa</strong>, están necesitando ayuda. A partir del <strong>miércoles 22 de junio</strong> estarán activos distintos puntos de acopio para apoyar a los maestros de la CNTE, a los que están en el campamento en la<strong> Ciudadela</strong>, en la Ciudad de México, quienes también se encargarán de trasladar medicamentos y artículos de primera necesidad a los maestros de <strong>Oaxaca</strong>.<br />
Les dejamos los datos de <strong>tres centros de acopio</strong> en distintos puntos de la <strong>Ciudad de México</strong>. Recuerden, muchachos y muchachas, más allá de que estemos de acuerdo o no con su manera de manifestarse, no podemos cuestionar los motivos que tienen para hacerlo. Además, ya no se trata sólo de la lucha magisterial, sino de solidarizarse con gente a la que están matando en las calles por pelear por sus derechos, por no estar de acuerdo. Solidaricémonos.<br />
&nbsp;<br />
<strong>* Ciudad Universitaria</strong><br />
<strong>¿Cuándo? </strong>22 de junio de 10 am a 1 pm<br />
<strong>¿Dónde?</strong> A un costado de la Biblioteca Central, del lado de las Islas (también hay otros puntos que puedes acordar con los organizadores)<br />
<strong>Se necesita:</strong> alimentos no perecederos, vendas, medicamentos y cobijas<br />
Más información <strong><a href="https://www.facebook.com/events/560487717466164/?active_tab=highlights" target="_blank" rel="noopener noreferrer">aquí</a>.</strong><br />
&nbsp;<br />
<strong>* El Alicia</strong><br />
<strong>¿Cuándo? </strong>22 al 25 de junio de 5 a 8 pm<br />
<strong>¿Dónde?</strong> Multiforo cultural Alicia (Cuauhtémoc 91 A, Colonia Roma)<br />
<strong>Se necesita:</strong> materiales de primeros auxilios, de curación y medicamentos.<br />
Más información <strong><a href="https://www.facebook.com/events/844768118962432/" target="_blank" rel="noopener noreferrer">aquí.</a></strong><br />
&nbsp;<br />
<strong>* Mercado Medellín</strong><br />
<strong>¿Cuándo? </strong>25 y 26 de junio de 4:30 a 7 pm<br />
<strong>¿Dónde?</strong> Medellín 201, Colonia Roma Sur<br />
<strong>Se necesita:</strong> ayuda para recolectar alimentos en el mercado, para cocinar y para trasladar los alimentos al campamento. También se aceptan donaciones de aceite, granos (arroz, avena , frijol, lenteja), jitomate, cebolla, ajo, azúcar.<br />
Más información <strong><a href="https://www.facebook.com/events/983926661728314/" target="_blank" rel="noopener noreferrer">aquí</a>.</strong></p>
