{"id":18635,"date":"2016-06-27T14:54:17","date_gmt":"2016-06-27T19:54:17","guid":{"rendered":"http:\/\/nofm-radio.com\/?p=18635"},"modified":"2016-06-27T14:54:17","modified_gmt":"2016-06-27T19:54:17","slug":"enelajo-carta-sobre-el-derecho-a-la-palabra","status":"publish","type":"archivo","link":"https:\/\/nofm-radio.com\/?archivo=enelajo-carta-sobre-el-derecho-a-la-palabra","title":{"rendered":"#EnElAjo: carta sobre el derecho a la palabra"},"content":{"rendered":"<p>Por:<strong> Manuel de J. Jim\u00e9nez<\/strong><br \/>\n&nbsp;<br \/>\n<strong>Ciudadano y ciudadana Mx:<\/strong><br \/>\nS\u00e9 que a veces no sabes c\u00f3mo actuar frente a los acontecimientos hist\u00f3ricos que est\u00e1s presenciado, de los que eres part\u00edcipe y de los que puedes dar un testimonio entra\u00f1able, m\u00e1s vivo y fiel que el m\u00edo. Lo s\u00e9, porque yo a veces no s\u00e9 qu\u00e9 puedo hacer para que en este pa\u00eds germine un volc\u00e1n purificador. No s\u00e9 qu\u00e9 decir ni qu\u00e9 emoci\u00f3n seguir. A veces me contagio de una revoluci\u00f3n que va m\u00e1s all\u00e1 de cualquier fil\u00f3sofo o <strong>ideolog\u00eda<\/strong>, un movimiento que llame sencillamente a la <strong>fraternidad<\/strong> y aliente los pensamientos m\u00e1s hondos en el esp\u00edritu para transformar la realidad. Estar\u00e1s pensando que ese sentimiento es el de la <strong>justicia<\/strong>. Te confieso que en otras ocasiones me he desencantado y he extraviado la perspectiva de las dimensiones sociales. Soy ciego incluso en mi entorno inmediato. Otras veces, como t\u00fa, tengo miedo de revelar las injusticias, de confrontar a la autoridad y act\u00fao en relaci\u00f3n a lo que pienso que la sociedad espera de m\u00ed. No s\u00e9 qu\u00e9 creer (porque la mayor\u00eda de las relaciones humanas florecen por la confianza y no por la certeza), desconf\u00edo o pierdo cualquier esperanza de <strong>cambio<\/strong> y <strong>lucha<\/strong>. Como ver\u00e1s, no tengo ninguna autoridad moral sobre ti.<br \/>\nPor eso, no te escribo para exponer teor\u00edas de lo bueno o de lo correcto ni busco apelar a los <strong>deberes ciudadanos<\/strong> frente al <strong>mal gobierno<\/strong>, pues ya tu c\u00f3digo gen\u00e9tico sabe que desde la antig\u00fcedad <strong>el pueblo pod\u00eda oponerse al tirano<\/strong>, que se cubrieron de sangre las ciudades cuando se abanderaron nuevas prerrogativas frente al rey y que en alguna oraci\u00f3n de nuestra <strong>Constituci\u00f3n<\/strong> se reconoce tu poder y el de nuestros pares. Todo esto y otras tantas \u201cverdades evidentes\u201d se encuentran en tu inconsciente colectivo, en tu familia y hasta en tu cuerpo. Mira tu cara frente al espejo; observa las l\u00edneas en las palmas de tus manos. \u00bfHacia d\u00f3nde van? Te escribo con un \u00fanico prop\u00f3sito. Deseo que tengas presente hoy, ante las <strong>manipulaciones medi\u00e1ticas<\/strong>, la desinformaci\u00f3n y las ideolog\u00edas (porque \u00e9stas al final son una fijaci\u00f3n pol\u00edtica de las subjetividades), que <strong>posees un derecho a la palabra<\/strong>. Este derecho, me corregir\u00e1n los especialistas, no se localiza a\u00fan en las Constituciones de nuestros entristecidos pa\u00edses: el <strong>Estado<\/strong> no lo reconoce y no hay garant\u00eda para hacerlo efectivo. Otros esc\u00e9pticos dir\u00e1n que ya existe el <strong>derecho a la libertad de expresi\u00f3n<\/strong>, por lo que este supuesto \u201c<strong>derecho a la palabra<\/strong>\u201d es redundante y se reduce a una figura ret\u00f3rica m\u00e1s en el discurso ambicioso de los <strong>derechos humanos<\/strong>. Pero este derecho, te conf\u00edo, no se encuentra en los documentos de la historia constitucional y las declaraciones de los derechos del hombre y las mujeres (figura a lo sumo entrel\u00edneas). Sin embargo, s\u00ed aparece en la tradici\u00f3n oral de los pueblos y en los acuerdos que forjaron naciones, inclusive en las sociedades m\u00e1s simples: tribus, clanes y familias. Un derecho similar al de <strong>Ant\u00edgona<\/strong>: no escrito, inquebrantable, perenne. Este derecho lo resguardaban los dioses y por eso en algunas mitolog\u00edas la humanidad lo obtuvo con dolores y esfuerzos. <strong>Es quiz\u00e1s el bien m\u00e1s preciado en una colectividad<\/strong>. T\u00fa lo articulas con tu voz. En tu testimonio, en tu dignidad, se encuentra el poder primigenio para armar cualquier pol\u00edtica y, por ello, puede replantear siempre las fuerzas que nos atan y unen: <strong>las reglas que sujetan a M\u00e9xico<\/strong>. El texto dice: \u201c<strong>el pueblo tiene en todo tiempo el inalienable derecho de alterar y modificar la forma de su gobierno<\/strong>\u201d. Con tu palabra, ten la seguridad, se puede sanar cualquier naci\u00f3n. Una lengua cham\u00e1nica, ancestral y volc\u00e1nica.<br \/>\nArticular las voces en un coro que aunque no levante la nota al un\u00edsono sea armonioso: una melod\u00eda de libertad, si se quiere, con temperamento rom\u00e1ntico y trayectorias plenarias. <strong>La libertad<\/strong>, observan aquellos que han tocado las fibras del <strong>ser pol\u00edtico<\/strong>, se tensiona en el fondo con la igualdad. Sin embargo, en el primer plano, no hay nada que se le oponga m\u00e1s que la <strong>servidumbre<\/strong> y el <strong>clientelismo<\/strong>. El bozal que silencia al ser humano no se lo pone un amo, sino \u00e9l mismo. Saber que lo que pasa hoy en nuestro pa\u00eds rebasa cualquier razonabilidad y se ensancha en territorios s\u00fabitos. Los hechos son motivos indelebles. Ya no se trata de una <strong>reforma educativa<\/strong> ni de una <strong>reforma laboral<\/strong> dirigida al <strong>magisterio nacional<\/strong>; se trata de la defensa de <strong>derechos inalienables<\/strong> como los poros de la piel, reconocimientos por los que lucharon padres, madres y abuelos. No se trata de un asunto de <strong>seguridad nacional<\/strong>, sino de <strong>cr\u00edmenes de Estado<\/strong> y desapariciones forzadas. No se trata de verificar si las v\u00edctimas son maestros o no lo son, sino de las <strong>muertes en Oaxaca<\/strong> que se suman a cifras enormes y macabras. No son enfrentamientos armados ni guerras, son heridas y cicatrices topon\u00edmicas: <strong>Nochixtlan<\/strong>, <strong>Ayotzinapa<\/strong>, <strong>Tlatlaya<\/strong>, <strong>Chilpancingo<\/strong>, <strong>Acteal<\/strong>,<strong> Wirikuta<\/strong>, entre otras. En suma, no se trata exclusivamente de si existe o no el <strong>Estado de derecho<\/strong>; se trata del buen vivir y la felicidad.<br \/>\nEjerce este <strong>derecho a la palabra<\/strong>. Siempre los has tenido en tu cabeza: es inalienable e intransferible. No soporta representaci\u00f3n como sucede con otros derechos. En tu testimonio, m\u00e1s que la verdad, se encuentra la fuerza de una verdad que nos es com\u00fan.<br \/>\nNo habr\u00e1 ma\u00f1ana entonces.<br \/>\n&nbsp;<\/p>\n<p style=\"text-align: right;\"><strong>Ciudad de M\u00e9xico, 23 de junio de 2016.<\/strong><\/p>\n<p style=\"text-align: left;\"><a class=\"no-eff img-link lightbox\" href=\"http:\/\/nofm-radio.com\/wp-content\/uploads\/2016\/06\/en-el-ajo-marcha1.jpg\"><img loading=\"lazy\" decoding=\"async\" class=\"alignnone size-full wp-image-18642\" src=\"http:\/\/nofm-radio.com\/wp-content\/uploads\/2016\/06\/en-el-ajo-marcha1.jpg\" alt=\"en el ajo marcha1\" width=\"933\" height=\"534\" \/><\/a><\/p>\n","protected":false},"template":"","meta":{"_id_youtube":"","_id_vimeo":"","_podcasts_duration":"","_podcasts_url":"","_podcasts_show":"","_prog_horario_dias":"","_prog_hora":"","_prog_duration":""},"class_list":["post-18635","archivo","type-archivo","status-publish","hentry"],"_links":{"self":[{"href":"https:\/\/nofm-radio.com\/index.php?rest_route=\/wp\/v2\/archivo\/18635","targetHints":{"allow":["GET"]}}],"collection":[{"href":"https:\/\/nofm-radio.com\/index.php?rest_route=\/wp\/v2\/archivo"}],"about":[{"href":"https:\/\/nofm-radio.com\/index.php?rest_route=\/wp\/v2\/types\/archivo"}],"wp:attachment":[{"href":"https:\/\/nofm-radio.com\/index.php?rest_route=%2Fwp%2Fv2%2Fmedia&parent=18635"}],"curies":[{"name":"wp","href":"https:\/\/api.w.org\/{rel}","templated":true}]}}

<p>Por:<strong> Manuel de J. Jiménez</strong><br />
&nbsp;<br />
<strong>Ciudadano y ciudadana Mx:</strong><br />
Sé que a veces no sabes cómo actuar frente a los acontecimientos históricos que estás presenciado, de los que eres partícipe y de los que puedes dar un testimonio entrañable, más vivo y fiel que el mío. Lo sé, porque yo a veces no sé qué puedo hacer para que en este país germine un volcán purificador. No sé qué decir ni qué emoción seguir. A veces me contagio de una revolución que va más allá de cualquier filósofo o <strong>ideología</strong>, un movimiento que llame sencillamente a la <strong>fraternidad</strong> y aliente los pensamientos más hondos en el espíritu para transformar la realidad. Estarás pensando que ese sentimiento es el de la <strong>justicia</strong>. Te confieso que en otras ocasiones me he desencantado y he extraviado la perspectiva de las dimensiones sociales. Soy ciego incluso en mi entorno inmediato. Otras veces, como tú, tengo miedo de revelar las injusticias, de confrontar a la autoridad y actúo en relación a lo que pienso que la sociedad espera de mí. No sé qué creer (porque la mayoría de las relaciones humanas florecen por la confianza y no por la certeza), desconfío o pierdo cualquier esperanza de <strong>cambio</strong> y <strong>lucha</strong>. Como verás, no tengo ninguna autoridad moral sobre ti.<br />
Por eso, no te escribo para exponer teorías de lo bueno o de lo correcto ni busco apelar a los <strong>deberes ciudadanos</strong> frente al <strong>mal gobierno</strong>, pues ya tu código genético sabe que desde la antigüedad <strong>el pueblo podía oponerse al tirano</strong>, que se cubrieron de sangre las ciudades cuando se abanderaron nuevas prerrogativas frente al rey y que en alguna oración de nuestra <strong>Constitución</strong> se reconoce tu poder y el de nuestros pares. Todo esto y otras tantas “verdades evidentes” se encuentran en tu inconsciente colectivo, en tu familia y hasta en tu cuerpo. Mira tu cara frente al espejo; observa las líneas en las palmas de tus manos. ¿Hacia dónde van? Te escribo con un único propósito. Deseo que tengas presente hoy, ante las <strong>manipulaciones mediáticas</strong>, la desinformación y las ideologías (porque éstas al final son una fijación política de las subjetividades), que <strong>posees un derecho a la palabra</strong>. Este derecho, me corregirán los especialistas, no se localiza aún en las Constituciones de nuestros entristecidos países: el <strong>Estado</strong> no lo reconoce y no hay garantía para hacerlo efectivo. Otros escépticos dirán que ya existe el <strong>derecho a la libertad de expresión</strong>, por lo que este supuesto “<strong>derecho a la palabra</strong>” es redundante y se reduce a una figura retórica más en el discurso ambicioso de los <strong>derechos humanos</strong>. Pero este derecho, te confío, no se encuentra en los documentos de la historia constitucional y las declaraciones de los derechos del hombre y las mujeres (figura a lo sumo entrelíneas). Sin embargo, sí aparece en la tradición oral de los pueblos y en los acuerdos que forjaron naciones, inclusive en las sociedades más simples: tribus, clanes y familias. Un derecho similar al de <strong>Antígona</strong>: no escrito, inquebrantable, perenne. Este derecho lo resguardaban los dioses y por eso en algunas mitologías la humanidad lo obtuvo con dolores y esfuerzos. <strong>Es quizás el bien más preciado en una colectividad</strong>. Tú lo articulas con tu voz. En tu testimonio, en tu dignidad, se encuentra el poder primigenio para armar cualquier política y, por ello, puede replantear siempre las fuerzas que nos atan y unen: <strong>las reglas que sujetan a México</strong>. El texto dice: “<strong>el pueblo tiene en todo tiempo el inalienable derecho de alterar y modificar la forma de su gobierno</strong>”. Con tu palabra, ten la seguridad, se puede sanar cualquier nación. Una lengua chamánica, ancestral y volcánica.<br />
Articular las voces en un coro que aunque no levante la nota al unísono sea armonioso: una melodía de libertad, si se quiere, con temperamento romántico y trayectorias plenarias. <strong>La libertad</strong>, observan aquellos que han tocado las fibras del <strong>ser político</strong>, se tensiona en el fondo con la igualdad. Sin embargo, en el primer plano, no hay nada que se le oponga más que la <strong>servidumbre</strong> y el <strong>clientelismo</strong>. El bozal que silencia al ser humano no se lo pone un amo, sino él mismo. Saber que lo que pasa hoy en nuestro país rebasa cualquier razonabilidad y se ensancha en territorios súbitos. Los hechos son motivos indelebles. Ya no se trata de una <strong>reforma educativa</strong> ni de una <strong>reforma laboral</strong> dirigida al <strong>magisterio nacional</strong>; se trata de la defensa de <strong>derechos inalienables</strong> como los poros de la piel, reconocimientos por los que lucharon padres, madres y abuelos. No se trata de un asunto de <strong>seguridad nacional</strong>, sino de <strong>crímenes de Estado</strong> y desapariciones forzadas. No se trata de verificar si las víctimas son maestros o no lo son, sino de las <strong>muertes en Oaxaca</strong> que se suman a cifras enormes y macabras. No son enfrentamientos armados ni guerras, son heridas y cicatrices toponímicas: <strong>Nochixtlan</strong>, <strong>Ayotzinapa</strong>, <strong>Tlatlaya</strong>, <strong>Chilpancingo</strong>, <strong>Acteal</strong>,<strong> Wirikuta</strong>, entre otras. En suma, no se trata exclusivamente de si existe o no el <strong>Estado de derecho</strong>; se trata del buen vivir y la felicidad.<br />
Ejerce este <strong>derecho a la palabra</strong>. Siempre los has tenido en tu cabeza: es inalienable e intransferible. No soporta representación como sucede con otros derechos. En tu testimonio, más que la verdad, se encuentra la fuerza de una verdad que nos es común.<br />
No habrá mañana entonces.<br />
&nbsp;</p>
<p style="text-align: right;"><strong>Ciudad de México, 23 de junio de 2016.</strong></p>
<p style="text-align: left;"><a class="no-eff img-link lightbox" href="http://nofm-radio.com/wp-content/uploads/2016/06/en-el-ajo-marcha1.jpg"><img loading="lazy" decoding="async" class="alignnone size-full wp-image-18642" src="http://nofm-radio.com/wp-content/uploads/2016/06/en-el-ajo-marcha1.jpg" alt="en el ajo marcha1" width="933" height="534" /></a></p>
