{"id":18648,"date":"2016-06-28T10:00:26","date_gmt":"2016-06-28T15:00:26","guid":{"rendered":"http:\/\/nofm-radio.com\/?p=18648"},"modified":"2016-06-28T10:00:26","modified_gmt":"2016-06-28T15:00:26","slug":"postal-69-inserte-su-nube-aqui","status":"publish","type":"archivo","link":"https:\/\/nofm-radio.com\/?archivo=postal-69-inserte-su-nube-aqui","title":{"rendered":"Postal 69. Inserte su nube aqu\u00ed"},"content":{"rendered":"<p>Por <strong>Erika Arroyo<\/strong><br \/>\n<a href=\"https:\/\/twitter.com\/WooWooRancher\" target=\"_blank\" rel=\"noopener noreferrer\">@WooWooRancher<\/a><br \/>\nEl primer recuerdo consciente que tengo de una<strong> nube<\/strong> fue hace unos 25 o 26 a\u00f1os. Junto a mi hermano rodaba por una pendiente de pasto que desembocaba en un bado verduzco donde nos deten\u00edamos a husmear en el cielo. Esculp\u00edamos animales, personajes de caricaturas, barcos y toda clase de objetos que por entonces formaban parte del gabinete de curiosidades de nuestra escasa experiencia en el mundo.<br \/>\nTambi\u00e9n traz\u00e1bamos trayectos de aviones recorriendo el rastro de vapor que dejaban a su paso entre el <strong>azul del cielo<\/strong>, en ocasiones esa esponjosa estela me recordaba la huella de un dedo que a escondidas tom\u00f3 un poco de la crema de un pastel, otras veces me daba la impresi\u00f3n de estar viendo en negativo la madriguera de un topo.<br \/>\nEsta postal habla de nubes, de esos mont\u00edculos vaporosos que con la voracidad de <strong>Pacman<\/strong> perseguimos en la primera oportunidad que tenemos de voltear hacia arriba, donde miran los que no tienen tort\u00edcolis y los so\u00f1adores, y por supuesto, los so\u00f1adores sin tort\u00edcolis.<br \/>\nInserte su nube aqu\u00ed y qu\u00e9dese hasta que el viento se la lleve.<br \/>\nBievenidos a <strong>Postales<\/strong>.<br \/>\n<iframe loading=\"lazy\" src=\"https:\/\/www.youtube.com\/embed\/pVhNi5cU8mo\" width=\"420\" height=\"315\" frameborder=\"0\" allowfullscreen=\"allowfullscreen\"><\/iframe><br \/>\nDe las nubes aprend\u00ed en la<strong> peluquer\u00eda<\/strong>. Enmarcado y detr\u00e1s de un vidrio, yac\u00eda un cat\u00e1logo de cortes de cabello para ni\u00f1os. Los modelos caricaturizados eran pubertos representados con una barata imitaci\u00f3n de luz suave, similar a la que se utilizaba en los estudios en la \u00e9poca de oro o las de las estampitas de santos, resaltaba m\u00e1s sus facciones que el mentado peinado a la <em>brush<\/em> y otros estereotipos capilares para amanecer bailando siempre con la realidad m\u00e1s fea. Hab\u00eda uno en especial, el corte \u201cso\u00f1ador\u201d, lo llevaba un ni\u00f1o de ojos enormes como luceros y dientes de mazorca.<br \/>\nEn ese men\u00fa monogr\u00e1fico de podado variado, estoy segura, el peinado de nubecita de <strong>Schopenhauer<\/strong> habr\u00eda sido un hitazo.<br \/>\n<iframe loading=\"lazy\" src=\"https:\/\/www.youtube.com\/embed\/RoGxTNrD1HY\" width=\"420\" height=\"315\" frameborder=\"0\" allowfullscreen=\"allowfullscreen\"><\/iframe><br \/>\n<iframe loading=\"lazy\" src=\"https:\/\/www.youtube.com\/embed\/lcPXx58MMy8\" width=\"560\" height=\"315\" frameborder=\"0\" allowfullscreen=\"allowfullscreen\"><\/iframe><br \/>\nEl cielo aborregado, dice mi madre, indica que va a hacer fr\u00edo. Y a veces s\u00ed, a veces no hace tanto, pero me gusta confiar en su sexto sentido meteorol\u00f3gico qu\u00e9 bonito se ve extendido ese tapete afelpado con espacios entre nubes que al romperse parecen un colador de lluvia.<br \/>\n<iframe loading=\"lazy\" src=\"https:\/\/www.youtube.com\/embed\/FqEeFTcxTBA\" width=\"420\" height=\"315\" frameborder=\"0\" allowfullscreen=\"allowfullscreen\"><\/iframe><br \/>\n<iframe loading=\"lazy\" src=\"https:\/\/www.youtube.com\/embed\/TzFnYcIqj6I\" width=\"420\" height=\"315\" frameborder=\"0\" allowfullscreen=\"allowfullscreen\"><\/iframe><br \/>\nLas <strong>nubes onduladas<\/strong> se conocen como cirros, las que se expanden a sus anchas son estratos. Por su parte, los nimbos, homog\u00e9neos y con cierto parecido a las nubes de los cielos de <strong>Turner<\/strong>, auguran m\u00e1s lluvia. Las que parecen chicles masticados esparcidos por el cielo y que anuncian el verano fueron bautizadas como nimbos.<br \/>\nNo todos tenemos los mismos veranos, ni vemos de la misma forma los paisajes de Turner pero ah, c\u00f3mo nos gustan las nubes, nuestra nubes. Le mandamos un beso a<strong> Luke Howard<\/strong>, experto en nubes, hasta el coraz\u00f3n del siglo XIX.<br \/>\n<iframe loading=\"lazy\" src=\"https:\/\/www.youtube.com\/embed\/JMW_2qqhNHM\" width=\"420\" height=\"315\" frameborder=\"0\" allowfullscreen=\"allowfullscreen\"><\/iframe><br \/>\nNubes de di\u00e1logo se abren y se cierran cobijando conversaciones dulces que mutan en discusiones recalcitrantes.<br \/>\n\u201cPink cloud has now turned to gray\u201d, como dir\u00eda la canci\u00f3n.<br \/>\n<iframe loading=\"lazy\" src=\"https:\/\/www.youtube.com\/embed\/4iAAa4jgM_4\" width=\"560\" height=\"315\" frameborder=\"0\" allowfullscreen=\"allowfullscreen\"><\/iframe><br \/>\nMe encontr\u00e9 con la historia de un se\u00f1or al que se le meti\u00f3 una nube en el ojo, esperaba pacientemente la llegada del metro en el and\u00e9n de <strong>Balderas<\/strong>. No ped\u00eda ayuda para abordar, solo preguntaba la hora, conversaba con la gente de su alrededor y tarareaba canciones en voz muy baja. No usaba lentes oscuros. Pienso que en el fondo se deb\u00eda que le gustaba mostrarnos su pedacito de cielo en los ojos.<br \/>\nEclipse- Colleen<br \/>\n[audio:http:\/\/nofm-radio.com\/podcast\/08-Eclipse_by_Colleen.mp3]<br \/>\n<iframe loading=\"lazy\" src=\"https:\/\/www.youtube.com\/embed\/VIUOQszQ-BU\" width=\"560\" height=\"315\" frameborder=\"0\" allowfullscreen=\"allowfullscreen\"><\/iframe><br \/>\nCreo que comenc\u00e9 a coleccionar nubes desde hace tiempo y no s\u00e9 d\u00f3nde las dej\u00e9. De algunas conservo fotos, de otras solo la imagen capturada por mi <strong>obturador mental<\/strong>. \u00bfAlguien sabe de club de coleccionistas de nubes con quienes sea posible intercambiar las que tengo repetidas?<br \/>\n<iframe loading=\"lazy\" src=\"https:\/\/www.youtube.com\/embed\/H6EH5QsYM10\" width=\"420\" height=\"315\" frameborder=\"0\" allowfullscreen=\"allowfullscreen\"><\/iframe><br \/>\nEspero que este viaje en nube a la <strong>Gok\u00fa<\/strong> haya sido de su agrado. Gracias por insertar su nube aqu\u00ed. Y desde la cabina de NoFM le soplamos a la colecci\u00f3n de nubes para disolverlas como recuerdos escapando, deshaci\u00e9ndose en nuestra memoria.<br \/>\n<iframe loading=\"lazy\" src=\"https:\/\/www.youtube.com\/embed\/gOfWKzMgeac\" width=\"420\" height=\"315\" frameborder=\"0\" allowfullscreen=\"allowfullscreen\"><\/iframe><\/p>\n","protected":false},"template":"","meta":{"_id_youtube":"","_id_vimeo":"","_podcasts_duration":"","_podcasts_url":"","_podcasts_show":"","_prog_horario_dias":"","_prog_hora":"","_prog_duration":""},"class_list":["post-18648","archivo","type-archivo","status-publish","hentry"],"_links":{"self":[{"href":"https:\/\/nofm-radio.com\/index.php?rest_route=\/wp\/v2\/archivo\/18648","targetHints":{"allow":["GET"]}}],"collection":[{"href":"https:\/\/nofm-radio.com\/index.php?rest_route=\/wp\/v2\/archivo"}],"about":[{"href":"https:\/\/nofm-radio.com\/index.php?rest_route=\/wp\/v2\/types\/archivo"}],"wp:attachment":[{"href":"https:\/\/nofm-radio.com\/index.php?rest_route=%2Fwp%2Fv2%2Fmedia&parent=18648"}],"curies":[{"name":"wp","href":"https:\/\/api.w.org\/{rel}","templated":true}]}}

Postal 69. Inserte su nube aquí

<p>Por <strong>Erika Arroyo</strong><br />
<a href="https://twitter.com/WooWooRancher" target="_blank" rel="noopener noreferrer">@WooWooRancher</a><br />
El primer recuerdo consciente que tengo de una<strong> nube</strong> fue hace unos 25 o 26 años. Junto a mi hermano rodaba por una pendiente de pasto que desembocaba en un bado verduzco donde nos deteníamos a husmear en el cielo. Esculpíamos animales, personajes de caricaturas, barcos y toda clase de objetos que por entonces formaban parte del gabinete de curiosidades de nuestra escasa experiencia en el mundo.<br />
También trazábamos trayectos de aviones recorriendo el rastro de vapor que dejaban a su paso entre el <strong>azul del cielo</strong>, en ocasiones esa esponjosa estela me recordaba la huella de un dedo que a escondidas tomó un poco de la crema de un pastel, otras veces me daba la impresión de estar viendo en negativo la madriguera de un topo.<br />
Esta postal habla de nubes, de esos montículos vaporosos que con la voracidad de <strong>Pacman</strong> perseguimos en la primera oportunidad que tenemos de voltear hacia arriba, donde miran los que no tienen tortícolis y los soñadores, y por supuesto, los soñadores sin tortícolis.<br />
Inserte su nube aquí y quédese hasta que el viento se la lleve.<br />
Bievenidos a <strong>Postales</strong>.<br />
<iframe loading="lazy" src="https://www.youtube.com/embed/pVhNi5cU8mo" width="420" height="315" frameborder="0" allowfullscreen="allowfullscreen"></iframe><br />
De las nubes aprendí en la<strong> peluquería</strong>. Enmarcado y detrás de un vidrio, yacía un catálogo de cortes de cabello para niños. Los modelos caricaturizados eran pubertos representados con una barata imitación de luz suave, similar a la que se utilizaba en los estudios en la época de oro o las de las estampitas de santos, resaltaba más sus facciones que el mentado peinado a la <em>brush</em> y otros estereotipos capilares para amanecer bailando siempre con la realidad más fea. Había uno en especial, el corte “soñador”, lo llevaba un niño de ojos enormes como luceros y dientes de mazorca.<br />
En ese menú monográfico de podado variado, estoy segura, el peinado de nubecita de <strong>Schopenhauer</strong> habría sido un hitazo.<br />
<iframe loading="lazy" src="https://www.youtube.com/embed/RoGxTNrD1HY" width="420" height="315" frameborder="0" allowfullscreen="allowfullscreen"></iframe><br />
<iframe loading="lazy" src="https://www.youtube.com/embed/lcPXx58MMy8" width="560" height="315" frameborder="0" allowfullscreen="allowfullscreen"></iframe><br />
El cielo aborregado, dice mi madre, indica que va a hacer frío. Y a veces sí, a veces no hace tanto, pero me gusta confiar en su sexto sentido meteorológico qué bonito se ve extendido ese tapete afelpado con espacios entre nubes que al romperse parecen un colador de lluvia.<br />
<iframe loading="lazy" src="https://www.youtube.com/embed/FqEeFTcxTBA" width="420" height="315" frameborder="0" allowfullscreen="allowfullscreen"></iframe><br />
<iframe loading="lazy" src="https://www.youtube.com/embed/TzFnYcIqj6I" width="420" height="315" frameborder="0" allowfullscreen="allowfullscreen"></iframe><br />
Las <strong>nubes onduladas</strong> se conocen como cirros, las que se expanden a sus anchas son estratos. Por su parte, los nimbos, homogéneos y con cierto parecido a las nubes de los cielos de <strong>Turner</strong>, auguran más lluvia. Las que parecen chicles masticados esparcidos por el cielo y que anuncian el verano fueron bautizadas como nimbos.<br />
No todos tenemos los mismos veranos, ni vemos de la misma forma los paisajes de Turner pero ah, cómo nos gustan las nubes, nuestra nubes. Le mandamos un beso a<strong> Luke Howard</strong>, experto en nubes, hasta el corazón del siglo XIX.<br />
<iframe loading="lazy" src="https://www.youtube.com/embed/JMW_2qqhNHM" width="420" height="315" frameborder="0" allowfullscreen="allowfullscreen"></iframe><br />
Nubes de diálogo se abren y se cierran cobijando conversaciones dulces que mutan en discusiones recalcitrantes.<br />
“Pink cloud has now turned to gray”, como diría la canción.<br />
<iframe loading="lazy" src="https://www.youtube.com/embed/4iAAa4jgM_4" width="560" height="315" frameborder="0" allowfullscreen="allowfullscreen"></iframe><br />
Me encontré con la historia de un señor al que se le metió una nube en el ojo, esperaba pacientemente la llegada del metro en el andén de <strong>Balderas</strong>. No pedía ayuda para abordar, solo preguntaba la hora, conversaba con la gente de su alrededor y tarareaba canciones en voz muy baja. No usaba lentes oscuros. Pienso que en el fondo se debía que le gustaba mostrarnos su pedacito de cielo en los ojos.<br />
Eclipse- Colleen<br />
[audio:http://nofm-radio.com/podcast/08-Eclipse_by_Colleen.mp3]<br />
<iframe loading="lazy" src="https://www.youtube.com/embed/VIUOQszQ-BU" width="560" height="315" frameborder="0" allowfullscreen="allowfullscreen"></iframe><br />
Creo que comencé a coleccionar nubes desde hace tiempo y no sé dónde las dejé. De algunas conservo fotos, de otras solo la imagen capturada por mi <strong>obturador mental</strong>. ¿Alguien sabe de club de coleccionistas de nubes con quienes sea posible intercambiar las que tengo repetidas?<br />
<iframe loading="lazy" src="https://www.youtube.com/embed/H6EH5QsYM10" width="420" height="315" frameborder="0" allowfullscreen="allowfullscreen"></iframe><br />
Espero que este viaje en nube a la <strong>Gokú</strong> haya sido de su agrado. Gracias por insertar su nube aquí. Y desde la cabina de NoFM le soplamos a la colección de nubes para disolverlas como recuerdos escapando, deshaciéndose en nuestra memoria.<br />
<iframe loading="lazy" src="https://www.youtube.com/embed/gOfWKzMgeac" width="420" height="315" frameborder="0" allowfullscreen="allowfullscreen"></iframe></p>
