{"id":18693,"date":"2016-06-30T18:53:50","date_gmt":"2016-06-30T23:53:50","guid":{"rendered":"http:\/\/nofm-radio.com\/?p=18693"},"modified":"2016-06-30T18:53:50","modified_gmt":"2016-06-30T23:53:50","slug":"vamosalstandup-hugo-blanquet-y-luiki-wiki-la-transferencia-y-el-carnaval","status":"publish","type":"archivo","link":"https:\/\/nofm-radio.com\/?archivo=vamosalstandup-hugo-blanquet-y-luiki-wiki-la-transferencia-y-el-carnaval","title":{"rendered":"#VamosAlStandUp. Hugo Blanquet y Luiki Wiki: la transferencia y el carnaval"},"content":{"rendered":"<p>Por <strong>\u00d3scar Muci\u00f1o<\/strong><br \/>\n<a href=\"https:\/\/twitter.com\/opmucino\" target=\"_blank\" rel=\"noopener noreferrer\">@opmucino<\/a><br \/>\nIlustraciones de <strong>Juli\u00e1n Cicero<\/strong><br \/>\n<a href=\"https:\/\/twitter.com\/pizzafrianofm\" target=\"_blank\" rel=\"noopener noreferrer\">@pizzafrianofm<\/a><br \/>\nLa experiencia del p\u00fablico en un <strong>show<\/strong> de <strong>mon\u00f3logos c\u00f3micos<\/strong> est\u00e1 mediada por un clima particular. A diferencia de un <strong>concierto de rock<\/strong>, el p\u00fablico no est\u00e1 de pie ni conglomerados uno junto al otro. Por ejemplo, en \u201c<strong>La boveda<\/strong>\u201d, donde acudimos a otra sesi\u00f3n de la <strong>temporada de stand-up<\/strong>, hab\u00eda mesas ocupadas por m\u00e1s de cinco personas, ninguna con menos de dos personas. Aun as\u00ed, se crea una atm\u00f3sfera com\u00fan a todos los asistentes que nos hemos reunido no para re\u00edr, sino para que \u201c<strong>nos hagan re\u00edr<\/strong>\u201d, tejiendo una relaci\u00f3n con el <strong>comediante<\/strong> que sube al escenario.<br \/>\nDel intercambio entre <strong>humorista y p\u00fablico<\/strong> depende que se concrete la risa. Se dice en psicolog\u00eda que cuando ocurre la <strong>transferencia<\/strong> entre paciente y terapeuta, este \u00faltimo se enferma un poco para coincidir con el paciente e interiorizar su padecimiento. Aqu\u00ed el humorista se muestra como el enfermo para que la audiencia r\u00eda de \u00e9l, de su exposici\u00f3n.<br \/>\n<strong>Jung<\/strong> ve\u00eda que el fen\u00f3meno de transferencia proced\u00eda desde la <em>conjuctio<\/em> de los alquimistas y en las ideas de <strong>Nietzche<\/strong> encontramos similitudes con su descripci\u00f3n de las fiestas dionisiacas, pues en la <strong>experiencia carnavelesca<\/strong> es fundamental la empat\u00eda popular, el conjunto se vuelve un \u201cs\u00f3lo individuo\u201d. Por ello, en un <strong>show c\u00f3mico<\/strong> la <strong>transferencia<\/strong> se hace imprescindible para que pueda llegar a buen puerto la <strong>actuaci\u00f3n<\/strong>.<br \/>\nHay que tomar en cuenta que el <strong>humorista<\/strong> es un <strong>moralista<\/strong>, que no un <strong>moralino<\/strong>. Existe una <strong>moral<\/strong> muy amplia y a partir de ella cada qui\u00e9n va elaborando su <strong>\u00e9tica<\/strong>.<br \/>\nSi el humorista es un <strong>moralista<\/strong> es porque en su acto recrea <strong>composiciones morales<\/strong>, o <strong>humor\u00edsticas<\/strong>. Toma peculiaridades morales para mostrarnos su absurdo y convocarnos a re\u00edr. Se enferma. Va realizando sanciones en este elegir rasgos a resaltar, tanto durante su discurso como en el personaje que crea cuando se sube al escenario.<br \/>\n<a href=\"http:\/\/nofm-radio.com\/wp-content\/uploads\/2016\/06\/Ra\u00fal-Meneses.jpg\" class=\"no-eff img-link lightbox\" ><img loading=\"lazy\" decoding=\"async\" src=\"http:\/\/nofm-radio.com\/wp-content\/uploads\/2016\/06\/Ra\u00fal-Meneses.jpg\" alt=\"Ra\u00fal Meneses\" width=\"680\" height=\"794\" class=\"alignnone size-full wp-image-18696\" \/><\/a><br \/>\nEl anfitri\u00f3n de la noche fue <strong>Ra\u00fal Meneses<\/strong> quien realiz\u00f3 la apertura del micr\u00f3fono. \u00c9l en su rutina decide hablar de su estatura y de su preferencia sexual. Aderez\u00e1ndolo con chistes sobre fiestas familiares de personas de escasos recursos.<br \/>\nAntes de los actos estelares hubo un par de rutinas c\u00f3micas. Una de <strong>Pablo L\u00f3pez Mor\u00e1n<\/strong> quien toc\u00f3 temas peliagudos, algunos bien resueltos otros en los que la risa no aparec\u00eda, inclu\u00eda chiste sobre la <strong>guarder\u00eda ABC<\/strong> o de abierto tono incorrecto.<br \/>\n<a href=\"http:\/\/nofm-radio.com\/wp-content\/uploads\/2016\/06\/Pablo-L\u00f3pez-Mor\u00e1n.jpg\" class=\"no-eff img-link lightbox\" ><img loading=\"lazy\" decoding=\"async\" src=\"http:\/\/nofm-radio.com\/wp-content\/uploads\/2016\/06\/Pablo-L\u00f3pez-Mor\u00e1n.jpg\" alt=\"Pablo L\u00f3pez Mor\u00e1n\" width=\"680\" height=\"794\" class=\"alignnone size-full wp-image-18697\" \/><\/a><br \/>\nOtra de <strong>Pachis<\/strong> quien representa a una chica sola, actriz que relata sus sufrimientos en castings. Acertada decisi\u00f3n dar oportunidad a comediantes que comienzan a enfrentarse al p\u00fablico, pues ambos actos sirven para ir afianzando el clima c\u00f3mico del lugar, que las risas comiencen a surgir y luego dar paso a los actos principales.<br \/>\n<a href=\"http:\/\/nofm-radio.com\/wp-content\/uploads\/2016\/06\/Pachis.jpg\" class=\"no-eff img-link lightbox\" ><img loading=\"lazy\" decoding=\"async\" src=\"http:\/\/nofm-radio.com\/wp-content\/uploads\/2016\/06\/Pachis.jpg\" alt=\"Pachis\" width=\"680\" height=\"794\" class=\"alignnone size-full wp-image-18698\" \/><\/a><br \/>\nYa instalados en los actos estelares, el primero en presentar su rutina fue <strong>Luiki Wiki<\/strong>, un comediante norte\u00f1o afincado en el DF que inicia con bromas enfocadas a diseccionar los distintos tonos del hablar chilango que ha distinguido en los a\u00f1os que lleva viviendo en la ciudad; pero la mayor parte se centra en ir describiendo a los miembros de su familia. Entre los recursos de <strong>Wiki<\/strong> est\u00e1 el absurdo en mucho de los remates de sus chistes. Tras la descripci\u00f3n de su familia termina incorpor\u00e1ndolos todos al final, dejando la sensaci\u00f3n que presenciamos un acto redondo en su composici\u00f3n.<br \/>\n<a href=\"http:\/\/nofm-radio.com\/wp-content\/uploads\/2016\/06\/Luiki-Wiki.jpg\" class=\"no-eff img-link lightbox\" ><img loading=\"lazy\" decoding=\"async\" src=\"http:\/\/nofm-radio.com\/wp-content\/uploads\/2016\/06\/Luiki-Wiki.jpg\" alt=\"Luiki Wiki\" width=\"680\" height=\"794\" class=\"alignnone size-full wp-image-18699\" \/><\/a><br \/>\nTras el acto de <strong>Luiki<\/strong> apareci\u00f3 en el escenario <strong>Hugo Blanquett<\/strong>, comediante que tambi\u00e9n resalta en su rutina su preferencia sexual, pero afortunadamente no cae en el estereotipo manido, y si cae busca permanentemente darle la vuelta.<br \/>\nA lo largo de su discurso va desmenuzando su <strong>cotidiano sexual<\/strong>, hace chistes sobre exnovios, sobre caricaturas. Las claves de su acto son una excelente compenetraci\u00f3n con el p\u00fablico (todos decimos junto con \u00e9l: S\u00ed mana s\u00ed, todos \u201c<strong>joteamos<\/strong>\u201d como \u00e9l nos lo pide), adem\u00e1s de la creaci\u00f3n de escenas grotescas para describir sus andares por la vida, mismas escenas que son bien recibidas por la audiencia y celebradas, en momentos siento que la gente reprime el aplauso para dar reconocimiento a chistes de eficaz humor negro. Adem\u00e1s, cierra cantando, tras proponernos la idea de ver la vida como un musical, \u201c<strong>su musical<\/strong>\u201d.<br \/>\n<a href=\"http:\/\/nofm-radio.com\/wp-content\/uploads\/2016\/06\/Hugo-Blanquet.jpg\" class=\"no-eff img-link lightbox\" ><img loading=\"lazy\" decoding=\"async\" src=\"http:\/\/nofm-radio.com\/wp-content\/uploads\/2016\/06\/Hugo-Blanquet.jpg\" alt=\"Hugo Blanquet\" width=\"680\" height=\"794\" class=\"alignnone size-full wp-image-18700\" \/><\/a><br \/>\nTanto <strong>Hugo<\/strong> como <strong>Luiki<\/strong> desbordan el chiste y el <strong>estereotipo<\/strong>. No ocupan las bromas conocidas y sus remates utilizan recursos no tan recurrentes como son el absurdo o el grotesco. Fue una noche donde muchos de los chistes rayaron o estuvieron instalados de lleno en lo <strong>pol\u00edticamente incorrecto<\/strong>. Y qu\u00e9 bueno porque para ese humor, en mi opini\u00f3n, se requiere mucha pericia y dominio de los recursos.<br \/>\nAlgunos salieron, otros no, pero cabe resaltar que se nota que para que los temas pasaran positivamente por el filtro de la risa, el p\u00fablico deb\u00eda estar en conexi\u00f3n con el comediante. Por ejemplo, <strong>Pablo<\/strong> fue de los m\u00e1s arriesgados de la noche con el tono de su personaje y sus chistes, sin embargo, muchos de sus gags no tuvieron la recepci\u00f3n adecuada por falta de buen clima, al contrario de <strong>Hugo<\/strong> y <strong>Luiki<\/strong> quienes ya con el p\u00fablico echado en la bolsa lograron hacernos re\u00edr con mayor facilidad, sin importar que sus bromas fueran sobre temas controversiales.<br \/>\nMa\u00f1ana 1 de julio se presentar\u00e1n en <strong>Four Points<\/strong> los comediantes: <strong>T\u00edo Rober<\/strong>, <strong>Coco Celis<\/strong> y <strong>Cojo Feliz<\/strong>. Ah\u00ed estaremos para seguir presenciando a representantes del <strong>stand up mexicano<\/strong>.<br \/>\n<strong>PD. Al parecer la letra puede obtener diminutas victorias. Lo digo porque en esta ocasi\u00f3n sonaron varias canciones rock en los intervalos entre acto y acto.<\/strong><br \/>\n<a href=\"http:\/\/nofm-radio.com\/wp-content\/uploads\/2016\/06\/StandUpMostaza-5.jpg\" class=\"no-eff img-link lightbox\" ><img loading=\"lazy\" decoding=\"async\" src=\"http:\/\/nofm-radio.com\/wp-content\/uploads\/2016\/06\/StandUpMostaza-5.jpg\" alt=\"StandUpMostaza 5\" width=\"742\" height=\"960\" class=\"alignnone size-full wp-image-18701\" \/><\/a><\/p>\n","protected":false},"template":"","meta":{"_id_youtube":"","_id_vimeo":"","_podcasts_duration":"","_podcasts_url":"","_podcasts_show":"","_prog_horario_dias":"","_prog_hora":"","_prog_duration":""},"class_list":["post-18693","archivo","type-archivo","status-publish","hentry"],"_links":{"self":[{"href":"https:\/\/nofm-radio.com\/index.php?rest_route=\/wp\/v2\/archivo\/18693","targetHints":{"allow":["GET"]}}],"collection":[{"href":"https:\/\/nofm-radio.com\/index.php?rest_route=\/wp\/v2\/archivo"}],"about":[{"href":"https:\/\/nofm-radio.com\/index.php?rest_route=\/wp\/v2\/types\/archivo"}],"wp:attachment":[{"href":"https:\/\/nofm-radio.com\/index.php?rest_route=%2Fwp%2Fv2%2Fmedia&parent=18693"}],"curies":[{"name":"wp","href":"https:\/\/api.w.org\/{rel}","templated":true}]}}

<p>Por <strong>Óscar Muciño</strong><br />
<a href="https://twitter.com/opmucino" target="_blank" rel="noopener noreferrer">@opmucino</a><br />
Ilustraciones de <strong>Julián Cicero</strong><br />
<a href="https://twitter.com/pizzafrianofm" target="_blank" rel="noopener noreferrer">@pizzafrianofm</a><br />
La experiencia del público en un <strong>show</strong> de <strong>monólogos cómicos</strong> está mediada por un clima particular. A diferencia de un <strong>concierto de rock</strong>, el público no está de pie ni conglomerados uno junto al otro. Por ejemplo, en “<strong>La boveda</strong>”, donde acudimos a otra sesión de la <strong>temporada de stand-up</strong>, había mesas ocupadas por más de cinco personas, ninguna con menos de dos personas. Aun así, se crea una atmósfera común a todos los asistentes que nos hemos reunido no para reír, sino para que “<strong>nos hagan reír</strong>”, tejiendo una relación con el <strong>comediante</strong> que sube al escenario.<br />
Del intercambio entre <strong>humorista y público</strong> depende que se concrete la risa. Se dice en psicología que cuando ocurre la <strong>transferencia</strong> entre paciente y terapeuta, este último se enferma un poco para coincidir con el paciente e interiorizar su padecimiento. Aquí el humorista se muestra como el enfermo para que la audiencia ría de él, de su exposición.<br />
<strong>Jung</strong> veía que el fenómeno de transferencia procedía desde la <em>conjuctio</em> de los alquimistas y en las ideas de <strong>Nietzche</strong> encontramos similitudes con su descripción de las fiestas dionisiacas, pues en la <strong>experiencia carnavelesca</strong> es fundamental la empatía popular, el conjunto se vuelve un “sólo individuo”. Por ello, en un <strong>show cómico</strong> la <strong>transferencia</strong> se hace imprescindible para que pueda llegar a buen puerto la <strong>actuación</strong>.<br />
Hay que tomar en cuenta que el <strong>humorista</strong> es un <strong>moralista</strong>, que no un <strong>moralino</strong>. Existe una <strong>moral</strong> muy amplia y a partir de ella cada quién va elaborando su <strong>ética</strong>.<br />
Si el humorista es un <strong>moralista</strong> es porque en su acto recrea <strong>composiciones morales</strong>, o <strong>humorísticas</strong>. Toma peculiaridades morales para mostrarnos su absurdo y convocarnos a reír. Se enferma. Va realizando sanciones en este elegir rasgos a resaltar, tanto durante su discurso como en el personaje que crea cuando se sube al escenario.<br />
<a href="http://nofm-radio.com/wp-content/uploads/2016/06/Raúl-Meneses.jpg" class="no-eff img-link lightbox" ><img loading="lazy" decoding="async" src="http://nofm-radio.com/wp-content/uploads/2016/06/Raúl-Meneses.jpg" alt="Raúl Meneses" width="680" height="794" class="alignnone size-full wp-image-18696" /></a><br />
El anfitrión de la noche fue <strong>Raúl Meneses</strong> quien realizó la apertura del micrófono. Él en su rutina decide hablar de su estatura y de su preferencia sexual. Aderezándolo con chistes sobre fiestas familiares de personas de escasos recursos.<br />
Antes de los actos estelares hubo un par de rutinas cómicas. Una de <strong>Pablo López Morán</strong> quien tocó temas peliagudos, algunos bien resueltos otros en los que la risa no aparecía, incluía chiste sobre la <strong>guardería ABC</strong> o de abierto tono incorrecto.<br />
<a href="http://nofm-radio.com/wp-content/uploads/2016/06/Pablo-López-Morán.jpg" class="no-eff img-link lightbox" ><img loading="lazy" decoding="async" src="http://nofm-radio.com/wp-content/uploads/2016/06/Pablo-López-Morán.jpg" alt="Pablo López Morán" width="680" height="794" class="alignnone size-full wp-image-18697" /></a><br />
Otra de <strong>Pachis</strong> quien representa a una chica sola, actriz que relata sus sufrimientos en castings. Acertada decisión dar oportunidad a comediantes que comienzan a enfrentarse al público, pues ambos actos sirven para ir afianzando el clima cómico del lugar, que las risas comiencen a surgir y luego dar paso a los actos principales.<br />
<a href="http://nofm-radio.com/wp-content/uploads/2016/06/Pachis.jpg" class="no-eff img-link lightbox" ><img loading="lazy" decoding="async" src="http://nofm-radio.com/wp-content/uploads/2016/06/Pachis.jpg" alt="Pachis" width="680" height="794" class="alignnone size-full wp-image-18698" /></a><br />
Ya instalados en los actos estelares, el primero en presentar su rutina fue <strong>Luiki Wiki</strong>, un comediante norteño afincado en el DF que inicia con bromas enfocadas a diseccionar los distintos tonos del hablar chilango que ha distinguido en los años que lleva viviendo en la ciudad; pero la mayor parte se centra en ir describiendo a los miembros de su familia. Entre los recursos de <strong>Wiki</strong> está el absurdo en mucho de los remates de sus chistes. Tras la descripción de su familia termina incorporándolos todos al final, dejando la sensación que presenciamos un acto redondo en su composición.<br />
<a href="http://nofm-radio.com/wp-content/uploads/2016/06/Luiki-Wiki.jpg" class="no-eff img-link lightbox" ><img loading="lazy" decoding="async" src="http://nofm-radio.com/wp-content/uploads/2016/06/Luiki-Wiki.jpg" alt="Luiki Wiki" width="680" height="794" class="alignnone size-full wp-image-18699" /></a><br />
Tras el acto de <strong>Luiki</strong> apareció en el escenario <strong>Hugo Blanquett</strong>, comediante que también resalta en su rutina su preferencia sexual, pero afortunadamente no cae en el estereotipo manido, y si cae busca permanentemente darle la vuelta.<br />
A lo largo de su discurso va desmenuzando su <strong>cotidiano sexual</strong>, hace chistes sobre exnovios, sobre caricaturas. Las claves de su acto son una excelente compenetración con el público (todos decimos junto con él: Sí mana sí, todos “<strong>joteamos</strong>” como él nos lo pide), además de la creación de escenas grotescas para describir sus andares por la vida, mismas escenas que son bien recibidas por la audiencia y celebradas, en momentos siento que la gente reprime el aplauso para dar reconocimiento a chistes de eficaz humor negro. Además, cierra cantando, tras proponernos la idea de ver la vida como un musical, “<strong>su musical</strong>”.<br />
<a href="http://nofm-radio.com/wp-content/uploads/2016/06/Hugo-Blanquet.jpg" class="no-eff img-link lightbox" ><img loading="lazy" decoding="async" src="http://nofm-radio.com/wp-content/uploads/2016/06/Hugo-Blanquet.jpg" alt="Hugo Blanquet" width="680" height="794" class="alignnone size-full wp-image-18700" /></a><br />
Tanto <strong>Hugo</strong> como <strong>Luiki</strong> desbordan el chiste y el <strong>estereotipo</strong>. No ocupan las bromas conocidas y sus remates utilizan recursos no tan recurrentes como son el absurdo o el grotesco. Fue una noche donde muchos de los chistes rayaron o estuvieron instalados de lleno en lo <strong>políticamente incorrecto</strong>. Y qué bueno porque para ese humor, en mi opinión, se requiere mucha pericia y dominio de los recursos.<br />
Algunos salieron, otros no, pero cabe resaltar que se nota que para que los temas pasaran positivamente por el filtro de la risa, el público debía estar en conexión con el comediante. Por ejemplo, <strong>Pablo</strong> fue de los más arriesgados de la noche con el tono de su personaje y sus chistes, sin embargo, muchos de sus gags no tuvieron la recepción adecuada por falta de buen clima, al contrario de <strong>Hugo</strong> y <strong>Luiki</strong> quienes ya con el público echado en la bolsa lograron hacernos reír con mayor facilidad, sin importar que sus bromas fueran sobre temas controversiales.<br />
Mañana 1 de julio se presentarán en <strong>Four Points</strong> los comediantes: <strong>Tío Rober</strong>, <strong>Coco Celis</strong> y <strong>Cojo Feliz</strong>. Ahí estaremos para seguir presenciando a representantes del <strong>stand up mexicano</strong>.<br />
<strong>PD. Al parecer la letra puede obtener diminutas victorias. Lo digo porque en esta ocasión sonaron varias canciones rock en los intervalos entre acto y acto.</strong><br />
<a href="http://nofm-radio.com/wp-content/uploads/2016/06/StandUpMostaza-5.jpg" class="no-eff img-link lightbox" ><img loading="lazy" decoding="async" src="http://nofm-radio.com/wp-content/uploads/2016/06/StandUpMostaza-5.jpg" alt="StandUpMostaza 5" width="742" height="960" class="alignnone size-full wp-image-18701" /></a></p>
