{"id":18773,"date":"2016-07-05T14:03:57","date_gmt":"2016-07-05T19:03:57","guid":{"rendered":"http:\/\/nofm-radio.com\/?p=18773"},"modified":"2016-07-05T14:03:57","modified_gmt":"2016-07-05T19:03:57","slug":"aqui-puedes-escuchar-el-especial-mexicosos-la-crisis-de-los-derechos-humanos","status":"publish","type":"archivo","link":"https:\/\/nofm-radio.com\/?archivo=aqui-puedes-escuchar-el-especial-mexicosos-la-crisis-de-los-derechos-humanos","title":{"rendered":"Aqu\u00ed puedes escuchar el Especial #M\u00e9xicoSOS: la crisis de los Derechos Humanos"},"content":{"rendered":"<p>No nos cansamos de escucharlo y ciertamente no nos cansaremos de decirlo: la situaci\u00f3n de los <strong>Derechos Humanos en M\u00e9xico<\/strong> es alarmante. Informes internacionales y nacionales comprueban una y otra vez que violaciones a los derechos humanos son una pr\u00e1ctica constante en nuestro pa\u00eds. La <strong>violencia<\/strong> desatada por la estrategia contra el<strong> crimen organizado<\/strong> y la colusi\u00f3n de las autoridades con \u00e9ste, han hecho evidentes los r\u00edos de sangre a los largo y ancho del pa\u00eds, pero tambi\u00e9n han evidenciado que somos vulnerables en muchos otros aspectos.<br \/>\nEl pasado <strong>viernes 1 de julio<\/strong>, <strong>#EspecialesNoFM y Mel\u00ed Mel\u00f3<\/strong> dedicaron su emisi\u00f3n a la llamada crisis de los Derechos Humanos para discutir y reflexionar qu\u00e9 tanto es una crisis que el Estado mexicano no puede controlar, y qu\u00e9 tanto es una pol\u00edtica del terror impuesta. <strong>M\u00f3nica Moreno, Paloma Oseguera, Juan Pablo San Esteban y Diego Mej\u00eda<\/strong> hicieron un recorrido desde las nociones b\u00e1sicas de los Derechos Humanos, la legislaci\u00f3n existente en nuestro pa\u00eds, y la manera en que el Estado ha respondido a la crisis y el reclamo social por el resto de sus derechos fundamentales.<br \/>\n<strong>#EspecialesNoFM y Mel\u00ed Mel\u00ed presentan M\u00e9xico SOS: la crisis de los Derechos Humanos<\/strong><br \/>\nParte I<br \/>\nEntrevista con <strong>Rossana Reguillo (ITESO)<\/strong> sobre la situaci\u00f3n de los defensores de los derechos humanos.<br \/>\nEntrevista con <strong>Ra\u00fal Zepeda Gil (Horizontal)<\/strong> sobre el papel de las fuerzas castrenses en la crisis de los derechos humanos.<br \/>\n[audio:http:\/\/nofm-radio.com\/podcast\/Mexico_SOS_Parte_I.mp3]<br \/>\nParte II<br \/>\nMesa Redonda: La reacci\u00f3n del estado mexicano ante la crisis de los derechos humanos<br \/>\nParticipan: <strong>Francisco Cerezo (Comit\u00e9 Cerezo), Nancy L\u00f3pez (Comisi\u00f3n Mexicana de Defensa y Promoci\u00f3n de los Derechos Humanos) y Leonardo Bastida (Letra S)<\/strong><br \/>\n[audio:http:\/\/nofm-radio.com\/podcast\/Mexico_SOS_Parte_II.mp3]<\/p>\n","protected":false},"template":"","meta":{"_id_youtube":"","_id_vimeo":"","_podcasts_duration":"","_podcasts_url":"","_podcasts_show":"","_prog_horario_dias":"","_prog_hora":"","_prog_duration":""},"class_list":["post-18773","archivo","type-archivo","status-publish","hentry"],"_links":{"self":[{"href":"https:\/\/nofm-radio.com\/index.php?rest_route=\/wp\/v2\/archivo\/18773","targetHints":{"allow":["GET"]}}],"collection":[{"href":"https:\/\/nofm-radio.com\/index.php?rest_route=\/wp\/v2\/archivo"}],"about":[{"href":"https:\/\/nofm-radio.com\/index.php?rest_route=\/wp\/v2\/types\/archivo"}],"wp:attachment":[{"href":"https:\/\/nofm-radio.com\/index.php?rest_route=%2Fwp%2Fv2%2Fmedia&parent=18773"}],"curies":[{"name":"wp","href":"https:\/\/api.w.org\/{rel}","templated":true}]}}

Aquí puedes escuchar el Especial #MéxicoSOS: la crisis de los Derechos Humanos

<p>No nos cansamos de escucharlo y ciertamente no nos cansaremos de decirlo: la situación de los <strong>Derechos Humanos en México</strong> es alarmante. Informes internacionales y nacionales comprueban una y otra vez que violaciones a los derechos humanos son una práctica constante en nuestro país. La <strong>violencia</strong> desatada por la estrategia contra el<strong> crimen organizado</strong> y la colusión de las autoridades con éste, han hecho evidentes los ríos de sangre a los largo y ancho del país, pero también han evidenciado que somos vulnerables en muchos otros aspectos.<br />
El pasado <strong>viernes 1 de julio</strong>, <strong>#EspecialesNoFM y Melí Meló</strong> dedicaron su emisión a la llamada crisis de los Derechos Humanos para discutir y reflexionar qué tanto es una crisis que el Estado mexicano no puede controlar, y qué tanto es una política del terror impuesta. <strong>Mónica Moreno, Paloma Oseguera, Juan Pablo San Esteban y Diego Mejía</strong> hicieron un recorrido desde las nociones básicas de los Derechos Humanos, la legislación existente en nuestro país, y la manera en que el Estado ha respondido a la crisis y el reclamo social por el resto de sus derechos fundamentales.<br />
<strong>#EspecialesNoFM y Melí Melí presentan México SOS: la crisis de los Derechos Humanos</strong><br />
Parte I<br />
Entrevista con <strong>Rossana Reguillo (ITESO)</strong> sobre la situación de los defensores de los derechos humanos.<br />
Entrevista con <strong>Raúl Zepeda Gil (Horizontal)</strong> sobre el papel de las fuerzas castrenses en la crisis de los derechos humanos.<br />
[audio:http://nofm-radio.com/podcast/Mexico_SOS_Parte_I.mp3]<br />
Parte II<br />
Mesa Redonda: La reacción del estado mexicano ante la crisis de los derechos humanos<br />
Participan: <strong>Francisco Cerezo (Comité Cerezo), Nancy López (Comisión Mexicana de Defensa y Promoción de los Derechos Humanos) y Leonardo Bastida (Letra S)</strong><br />
[audio:http://nofm-radio.com/podcast/Mexico_SOS_Parte_II.mp3]</p>
