{"id":18775,"date":"2016-07-05T14:36:19","date_gmt":"2016-07-05T19:36:19","guid":{"rendered":"http:\/\/nofm-radio.com\/?p=18775"},"modified":"2016-07-05T14:36:19","modified_gmt":"2016-07-05T19:36:19","slug":"izal-y-beta-en-el-foro-indie-rocks-fotogaleria","status":"publish","type":"archivo","link":"https:\/\/nofm-radio.com\/?archivo=izal-y-beta-en-el-foro-indie-rocks-fotogaleria","title":{"rendered":"Izal y Beta en el Foro Indie Rocks. Fotogaler\u00eda"},"content":{"rendered":"<p>Por <strong>SteveS<\/strong><br \/>\n<a href=\"https:\/\/www.instagram.com\/steves.9\/\">@steves.9<\/a><br \/>\nEl pasado 30 de junio, <strong>Izal<\/strong> y <strong>Beta<\/strong> dieron un concierto burtal en el <strong>Foro Indie Rocks<\/strong>. Nuestro camarada y talentos\u00edsimo fotogr\u00e1fo <strong>SteveS<\/strong> fue a darse una vuelta, y logr\u00f3 capturar la energ\u00eda de esa noche. S\u00f3lo chequen.<\/p>\n<blockquote><p><strong>IZAL<\/strong><\/p><\/blockquote>\n<p><br \/>\n<br \/>\n<\/p>\n<blockquote><p><strong>BETA<\/strong><\/p><\/blockquote>\n<p><br \/>\n<\/p>\n","protected":false},"template":"","meta":{"_id_youtube":"","_id_vimeo":"","_podcasts_duration":"","_podcasts_url":"","_podcasts_show":"","_prog_horario_dias":"","_prog_hora":"","_prog_duration":""},"class_list":["post-18775","archivo","type-archivo","status-publish","hentry"],"_links":{"self":[{"href":"https:\/\/nofm-radio.com\/index.php?rest_route=\/wp\/v2\/archivo\/18775","targetHints":{"allow":["GET"]}}],"collection":[{"href":"https:\/\/nofm-radio.com\/index.php?rest_route=\/wp\/v2\/archivo"}],"about":[{"href":"https:\/\/nofm-radio.com\/index.php?rest_route=\/wp\/v2\/types\/archivo"}],"wp:attachment":[{"href":"https:\/\/nofm-radio.com\/index.php?rest_route=%2Fwp%2Fv2%2Fmedia&parent=18775"}],"curies":[{"name":"wp","href":"https:\/\/api.w.org\/{rel}","templated":true}]}}

Izal y Beta en el Foro Indie Rocks. Fotogalería

<p>Por <strong>SteveS</strong><br />
<a href="https://www.instagram.com/steves.9/">@steves.9</a><br />
El pasado 30 de junio, <strong>Izal</strong> y <strong>Beta</strong> dieron un concierto burtal en el <strong>Foro Indie Rocks</strong>. Nuestro camarada y talentosísimo fotográfo <strong>SteveS</strong> fue a darse una vuelta, y logró capturar la energía de esa noche. Sólo chequen.</p>
<blockquote><p><strong>IZAL</strong></p></blockquote>
<p><br />
<br />
</p>
<blockquote><p><strong>BETA</strong></p></blockquote>
<p><br />
</p>
