{"id":18915,"date":"2016-07-11T12:53:04","date_gmt":"2016-07-11T17:53:04","guid":{"rendered":"http:\/\/nofm-radio.com\/?p=18915"},"modified":"2016-07-11T12:53:04","modified_gmt":"2016-07-11T17:53:04","slug":"cuestionarionofm-mariana-villegas","status":"publish","type":"archivo","link":"https:\/\/nofm-radio.com\/?archivo=cuestionarionofm-mariana-villegas","title":{"rendered":"#CuestionarioNoFM. Mariana Villegas"},"content":{"rendered":"<p><em>Para comprender la coreograf\u00eda del momento, es necesario conocer a sus participantes. Por lo mismo presentamos el <strong>#CuestionarioNoFM<\/strong>, un veh\u00edculo para acercarnos de otra manera a los protagonistas que con su trabajo est\u00e1n marcando el ritmo con el cual se est\u00e1 bailando.<\/em><\/p>\n<p style=\"text-align: center;\"><strong>Mariana Villegas<\/strong><br \/>\n<strong> <a href=\"https:\/\/twitter.com\/villegasmariana\" target=\"_blank\" rel=\"noopener noreferrer\">@villegasmariana<\/a><\/strong><\/p>\n<p><strong>Mariana Villegas<\/strong> naci\u00f3 en <strong>Sinaloa<\/strong> en <strong>1986<\/strong>. Egresada de <strong>CasAzul<\/strong>, es <strong>actriz<\/strong>, <strong>dramaturga<\/strong> y directora, aparte de amar el <strong>aguachile<\/strong> y el noroeste del pa\u00eds.<br \/>\nHa participado en muchas producciones teatrales, pero su trabajo con <strong>Lagartijas Tiradas Al Sol<\/strong>, uno de los colectivos m\u00e1s interesantes del pa\u00eds, nos hizo ubicarla dentro de nuestro altarcito de devociones. <strong>Se Rompen Las Olas<\/strong> es un ejemplo claro de los caminos interesantes que toma la escena nacional.<br \/>\nA partir de b\u00fasquedas m\u00e1s que personales, el trabajo de <strong>Villegas<\/strong> reta toda noci\u00f3n de seguridad e indulgencia. Su trabajo apunta a la confrontaci\u00f3n y lo com\u00fan entre todos nosotros. Si de valor y talento se trata, <strong>Mariana<\/strong> tiene para repartir a manos llenas.<br \/>\n<a class=\"no-eff img-link lightbox\" href=\"http:\/\/nofm-radio.com\/wp-content\/uploads\/2016\/07\/mariana-villegas2.jpg\"><img loading=\"lazy\" decoding=\"async\" class=\"size-full wp-image-18923 aligncenter\" src=\"http:\/\/nofm-radio.com\/wp-content\/uploads\/2016\/07\/mariana-villegas2.jpg\" alt=\"mariana villegas2\" width=\"600\" height=\"600\" \/><\/a><br \/>\n<strong>1. \u00bfQu\u00e9 nos puedes decir de tus abuelos?<\/strong><br \/>\nQue se fueron muy pronto. La m\u00e1s amada y cercana, mi abuela materna, nadie me mir\u00f3 ni me mirar\u00e1 con tanta ternura como ella, muchas veces me pongo su <strong>rebozo negro<\/strong> para conectarme con ella o como amuleto. Mi abuela paterna, casi ausente en mi vida, me regal\u00f3 la pulsera de toda una ni\u00f1a sinaloense que a\u00fan conservo (una pulsera de oro con una flor de oro en el centro, dise\u00f1o especial para la colecci\u00f3n de joyas de la mayor\u00eda de las mujeres sinaloenses, o eso me dijeron) creo que ella sab\u00eda que pocas veces nos ver\u00edamos en la vida. Mi abuelo materno, no lo conoc\u00ed pero siempre me han hablado muy bien de \u00e9l, lo mataron en un pueblo cerca de <strong>Quer\u00e9taro<\/strong> y mi mam\u00e1 todav\u00eda lo extra\u00f1a desde hace m\u00e1s de 50 a\u00f1os, supongo que era un tipazo, me hubiera gustado conocerlo. Mi abuelo paterno, dicen que un d\u00eda me carg\u00f3 (as\u00ed, como si fuera un milagro) yo no me acuerdo de \u00e9l, dicen que ten\u00eda el <strong>car\u00e1cter de chiva<\/strong>, voluble, temperamental pero con buen humor, tuvo ocho matrimonios m\u00e1s o menos, tierras y un mont\u00f3n de hijos, algunos hablan bien de \u00e9l otros mal, creo que fue una personaje importante en su lugar de origen, cuando me enojo me acuerdo de lo que me cuentan de \u00e9l, maldito car\u00e1cter de chiva, tengo algo de eso.<br \/>\n<strong>2. \u00bfQu\u00e9 nos puedes decir de tus padres?<\/strong><br \/>\nQue son muy distintos en sus maneras de relacionarse y mirar al mundo, que los dos tienen un car\u00e1cter fuerte, que tambi\u00e9n tienen un <strong>buen sentido del humor<\/strong>, que no se han querido ver desde hace muchos a\u00f1os, los dos cumplen a\u00f1os en diciembre, f\u00edsicamente son muy distintos. Que no los he visto juntos m\u00e1s que en algunas fotos pero me imagino el tiempo en el que coincidieron y entonces me explico muchas cosas de m\u00ed. Estoy segura que juntos rieron mucho.<br \/>\n<strong>3. \u00bfQui\u00e9n tuvo o tiene la voz m\u00e1s importante de tu vida?<\/strong><br \/>\nMi <strong>madre<\/strong>&#8230;y ahora que casi cumplo 30 estoy tratando de ser yo esa voz.<br \/>\n<strong>4. Considerando que no elegimos d\u00f3nde nacer, \u00bfd\u00f3nde s\u00ed elegiste nacer?<\/strong><br \/>\nEn el <strong>noroeste de M\u00e9xico<\/strong>, sin duda. En un lugar donde la familia son amigos y los amigos son familia, en un lugar sin jerarqu\u00edas, en un lugar donde es m\u00e1s importante la contemplaci\u00f3n de la naturaleza que el v\u00e9rtigo de la sobreproducci\u00f3n capitalista. Ja!<br \/>\n<iframe loading=\"lazy\" src=\"https:\/\/player.vimeo.com\/video\/69708732\" width=\"640\" height=\"360\" frameborder=\"0\" allowfullscreen=\"allowfullscreen\"><\/iframe><br \/>\n<strong>5. Para ti \u00bfqui\u00e9nes son ellos y qui\u00e9nes nosotros?<\/strong><br \/>\nEllos, son los que miro desde aqu\u00ed, y nosotros somos ellos y yo mir\u00e1ndonos.<br \/>\n<strong>6. \u00bfQu\u00e9 verbo define lo que haces y por qu\u00e9?<\/strong><br \/>\n<strong>Concretar<\/strong>. Espec\u00edficamente en mi quehacer teatral, me gusta trabajar para que los impulsos creativos pasen de ser una idea a un hecho concreto, encontrar una <strong>traducci\u00f3n esc\u00e9nica<\/strong> de nuestros deseos.<br \/>\n<strong>7. \u00bfCu\u00e1l es tu materia prima?<\/strong><br \/>\nYo y todo lo que me construye y eso es infinito.<br \/>\n<strong>8. Completa la frase<\/strong><br \/>\n<em><strong>Y cuando muera\u2026 ah\u00ed junto a mi cruz tan s\u00f3lo quiero&#8230;<\/strong><\/em> una pac\u00edfico, un aguachile y la banda de viento sonando en la orilla del mar.<br \/>\n<em><strong>Y si vivo cien a\u00f1os&#8230;<\/strong><\/em> usar\u00e9 pa\u00f1al otra vez, pero contar\u00e9 la historia de un siglo.<br \/>\n<em><strong>All we are saying&#8230;<\/strong><\/em> is Yoko broke up The Beatles.<br \/>\n<em><strong>El d\u00eda que me quieras&#8230;<\/strong><\/em>, yo ya no te voy a querer.<br \/>\n<em><strong>Si nos dejan&#8230;<\/strong><\/em> incendiamos todo lo que hemos construido sobre esta tierra y volvemos a empezar, toda la vida.<br \/>\n<em><strong>If I were a boy&#8230;<\/strong><\/em>, I would have cried more often.<br \/>\n<iframe loading=\"lazy\" src=\"https:\/\/player.vimeo.com\/video\/102657511\" width=\"640\" height=\"360\" frameborder=\"0\" allowfullscreen=\"allowfullscreen\"><\/iframe><br \/>\n<strong>9. \u00bfEl escenario es un punto y aparte o puntos suspensivos?<\/strong><br \/>\nSuspensivos, nosotros planteamos algo y lo que sigue es el imaginario, reflexi\u00f3n o v\u00ednculos que el espectador haga, ellxs ponen el punto final.<br \/>\n<strong>10. En el teatro documental \u00bfqui\u00e9n hace catarsis?<\/strong><br \/>\nQuien quiera involucrarse con su historia, desde el terreno personal y\/o colectivamente.<br \/>\n<a class=\"no-eff img-link lightbox\" href=\"http:\/\/nofm-radio.com\/wp-content\/uploads\/2016\/07\/mariana-villegas1.jpg\"><img loading=\"lazy\" decoding=\"async\" class=\"alignnone size-full wp-image-18922\" src=\"http:\/\/nofm-radio.com\/wp-content\/uploads\/2016\/07\/mariana-villegas1.jpg\" alt=\"mariana villegas1\" width=\"730\" height=\"487\" \/><\/a><\/p>\n","protected":false},"template":"","meta":{"_id_youtube":"","_id_vimeo":"","_podcasts_duration":"","_podcasts_url":"","_podcasts_show":"","_prog_horario_dias":"","_prog_hora":"","_prog_duration":""},"class_list":["post-18915","archivo","type-archivo","status-publish","hentry"],"_links":{"self":[{"href":"https:\/\/nofm-radio.com\/index.php?rest_route=\/wp\/v2\/archivo\/18915","targetHints":{"allow":["GET"]}}],"collection":[{"href":"https:\/\/nofm-radio.com\/index.php?rest_route=\/wp\/v2\/archivo"}],"about":[{"href":"https:\/\/nofm-radio.com\/index.php?rest_route=\/wp\/v2\/types\/archivo"}],"wp:attachment":[{"href":"https:\/\/nofm-radio.com\/index.php?rest_route=%2Fwp%2Fv2%2Fmedia&parent=18915"}],"curies":[{"name":"wp","href":"https:\/\/api.w.org\/{rel}","templated":true}]}}

<p><em>Para comprender la coreografía del momento, es necesario conocer a sus participantes. Por lo mismo presentamos el <strong>#CuestionarioNoFM</strong>, un vehículo para acercarnos de otra manera a los protagonistas que con su trabajo están marcando el ritmo con el cual se está bailando.</em></p>
<p style="text-align: center;"><strong>Mariana Villegas</strong><br />
<strong> <a href="https://twitter.com/villegasmariana" target="_blank" rel="noopener noreferrer">@villegasmariana</a></strong></p>
<p><strong>Mariana Villegas</strong> nació en <strong>Sinaloa</strong> en <strong>1986</strong>. Egresada de <strong>CasAzul</strong>, es <strong>actriz</strong>, <strong>dramaturga</strong> y directora, aparte de amar el <strong>aguachile</strong> y el noroeste del país.<br />
Ha participado en muchas producciones teatrales, pero su trabajo con <strong>Lagartijas Tiradas Al Sol</strong>, uno de los colectivos más interesantes del país, nos hizo ubicarla dentro de nuestro altarcito de devociones. <strong>Se Rompen Las Olas</strong> es un ejemplo claro de los caminos interesantes que toma la escena nacional.<br />
A partir de búsquedas más que personales, el trabajo de <strong>Villegas</strong> reta toda noción de seguridad e indulgencia. Su trabajo apunta a la confrontación y lo común entre todos nosotros. Si de valor y talento se trata, <strong>Mariana</strong> tiene para repartir a manos llenas.<br />
<a class="no-eff img-link lightbox" href="http://nofm-radio.com/wp-content/uploads/2016/07/mariana-villegas2.jpg"><img loading="lazy" decoding="async" class="size-full wp-image-18923 aligncenter" src="http://nofm-radio.com/wp-content/uploads/2016/07/mariana-villegas2.jpg" alt="mariana villegas2" width="600" height="600" /></a><br />
<strong>1. ¿Qué nos puedes decir de tus abuelos?</strong><br />
Que se fueron muy pronto. La más amada y cercana, mi abuela materna, nadie me miró ni me mirará con tanta ternura como ella, muchas veces me pongo su <strong>rebozo negro</strong> para conectarme con ella o como amuleto. Mi abuela paterna, casi ausente en mi vida, me regaló la pulsera de toda una niña sinaloense que aún conservo (una pulsera de oro con una flor de oro en el centro, diseño especial para la colección de joyas de la mayoría de las mujeres sinaloenses, o eso me dijeron) creo que ella sabía que pocas veces nos veríamos en la vida. Mi abuelo materno, no lo conocí pero siempre me han hablado muy bien de él, lo mataron en un pueblo cerca de <strong>Querétaro</strong> y mi mamá todavía lo extraña desde hace más de 50 años, supongo que era un tipazo, me hubiera gustado conocerlo. Mi abuelo paterno, dicen que un día me cargó (así, como si fuera un milagro) yo no me acuerdo de él, dicen que tenía el <strong>carácter de chiva</strong>, voluble, temperamental pero con buen humor, tuvo ocho matrimonios más o menos, tierras y un montón de hijos, algunos hablan bien de él otros mal, creo que fue una personaje importante en su lugar de origen, cuando me enojo me acuerdo de lo que me cuentan de él, maldito carácter de chiva, tengo algo de eso.<br />
<strong>2. ¿Qué nos puedes decir de tus padres?</strong><br />
Que son muy distintos en sus maneras de relacionarse y mirar al mundo, que los dos tienen un carácter fuerte, que también tienen un <strong>buen sentido del humor</strong>, que no se han querido ver desde hace muchos años, los dos cumplen años en diciembre, físicamente son muy distintos. Que no los he visto juntos más que en algunas fotos pero me imagino el tiempo en el que coincidieron y entonces me explico muchas cosas de mí. Estoy segura que juntos rieron mucho.<br />
<strong>3. ¿Quién tuvo o tiene la voz más importante de tu vida?</strong><br />
Mi <strong>madre</strong>&#8230;y ahora que casi cumplo 30 estoy tratando de ser yo esa voz.<br />
<strong>4. Considerando que no elegimos dónde nacer, ¿dónde sí elegiste nacer?</strong><br />
En el <strong>noroeste de México</strong>, sin duda. En un lugar donde la familia son amigos y los amigos son familia, en un lugar sin jerarquías, en un lugar donde es más importante la contemplación de la naturaleza que el vértigo de la sobreproducción capitalista. Ja!<br />
<iframe loading="lazy" src="https://player.vimeo.com/video/69708732" width="640" height="360" frameborder="0" allowfullscreen="allowfullscreen"></iframe><br />
<strong>5. Para ti ¿quiénes son ellos y quiénes nosotros?</strong><br />
Ellos, son los que miro desde aquí, y nosotros somos ellos y yo mirándonos.<br />
<strong>6. ¿Qué verbo define lo que haces y por qué?</strong><br />
<strong>Concretar</strong>. Específicamente en mi quehacer teatral, me gusta trabajar para que los impulsos creativos pasen de ser una idea a un hecho concreto, encontrar una <strong>traducción escénica</strong> de nuestros deseos.<br />
<strong>7. ¿Cuál es tu materia prima?</strong><br />
Yo y todo lo que me construye y eso es infinito.<br />
<strong>8. Completa la frase</strong><br />
<em><strong>Y cuando muera… ahí junto a mi cruz tan sólo quiero&#8230;</strong></em> una pacífico, un aguachile y la banda de viento sonando en la orilla del mar.<br />
<em><strong>Y si vivo cien años&#8230;</strong></em> usaré pañal otra vez, pero contaré la historia de un siglo.<br />
<em><strong>All we are saying&#8230;</strong></em> is Yoko broke up The Beatles.<br />
<em><strong>El día que me quieras&#8230;</strong></em>, yo ya no te voy a querer.<br />
<em><strong>Si nos dejan&#8230;</strong></em> incendiamos todo lo que hemos construido sobre esta tierra y volvemos a empezar, toda la vida.<br />
<em><strong>If I were a boy&#8230;</strong></em>, I would have cried more often.<br />
<iframe loading="lazy" src="https://player.vimeo.com/video/102657511" width="640" height="360" frameborder="0" allowfullscreen="allowfullscreen"></iframe><br />
<strong>9. ¿El escenario es un punto y aparte o puntos suspensivos?</strong><br />
Suspensivos, nosotros planteamos algo y lo que sigue es el imaginario, reflexión o vínculos que el espectador haga, ellxs ponen el punto final.<br />
<strong>10. En el teatro documental ¿quién hace catarsis?</strong><br />
Quien quiera involucrarse con su historia, desde el terreno personal y/o colectivamente.<br />
<a class="no-eff img-link lightbox" href="http://nofm-radio.com/wp-content/uploads/2016/07/mariana-villegas1.jpg"><img loading="lazy" decoding="async" class="alignnone size-full wp-image-18922" src="http://nofm-radio.com/wp-content/uploads/2016/07/mariana-villegas1.jpg" alt="mariana villegas1" width="730" height="487" /></a></p>
